CREATE TABLE IF NOT EXISTS `bb_bt_dlstatus` (
  `user_id` mediumint(9) NOT NULL DEFAULT '0',
  `topic_id` mediumint(8) unsigned NOT NULL DEFAULT '0',
  `user_status` tinyint(1) NOT NULL DEFAULT '0',
  `last_modified_dlstatus` timestamp NOT NULL DEFAULT CURRENT_TIMESTAMP ON UPDATE CURRENT_TIMESTAMP,
  PRIMARY KEY (`user_id`,`topic_id`),
  KEY `topic_id` (`topic_id`)
) ENGINE=MyISAM DEFAULT CHARSET=utf8;

-- --------------------------------------------------------

--
-- Структура таблицы `bb_bt_dlstatus_snap`
--

CREATE TABLE IF NOT EXISTS `bb_bt_dlstatus_snap` (
  `topic_id` mediumint(8) unsigned NOT NULL DEFAULT '0',
  `dl_status` tinyint(4) NOT NULL DEFAULT '0',
  `users_count` smallint(5) unsigned NOT NULL DEFAULT '0',
  KEY `topic_id` (`topic_id`)
) ENGINE=MyISAM DEFAULT CHARSET=utf8;

-- --------------------------------------------------------

--
-- Структура таблицы `bb_bt_last_torstat`
--

CREATE TABLE IF NOT EXISTS `bb_bt_last_torstat` (
  `topic_id` mediumint(8) unsigned NOT NULL DEFAULT '0',
  `user_id` mediumint(9) NOT NULL DEFAULT '0',
  `dl_status` tinyint(1) NOT NULL DEFAULT '0',
  `up_add` bigint(20) unsigned NOT NULL DEFAULT '0',
  `down_add` bigint(20) unsigned NOT NULL DEFAULT '0',
  `release_add` bigint(20) unsigned NOT NULL DEFAULT '0',
  `bonus_add` bigint(20) unsigned NOT NULL DEFAULT '0',
  `speed_up` bigint(20) unsigned NOT NULL DEFAULT '0',
  `speed_down` bigint(20) unsigned NOT NULL DEFAULT '0',
  PRIMARY KEY (`topic_id`,`user_id`) USING BTREE
) ENGINE=MyISAM DEFAULT CHARSET=utf8;

-- --------------------------------------------------------

--
-- Структура таблицы `bb_bt_last_userstat`
--

CREATE TABLE IF NOT EXISTS `bb_bt_last_userstat` (
  `user_id` mediumint(9) NOT NULL DEFAULT '0',
  `up_add` bigint(20) unsigned NOT NULL DEFAULT '0',
  `down_add` bigint(20) unsigned NOT NULL DEFAULT '0',
  `release_add` bigint(20) unsigned NOT NULL DEFAULT '0',
  `bonus_add` bigint(20) unsigned NOT NULL DEFAULT '0',
  `speed_up` bigint(20) unsigned NOT NULL DEFAULT '0',
  `speed_down` bigint(20) unsigned NOT NULL DEFAULT '0',
  PRIMARY KEY (`user_id`)
) ENGINE=MyISAM DEFAULT CHARSET=utf8;

-- --------------------------------------------------------

--
-- Структура таблицы `bb_bt_torhelp`
--

CREATE TABLE IF NOT EXISTS `bb_bt_torhelp` (
  `user_id` mediumint(9) NOT NULL DEFAULT '0',
  `topic_id_csv` text NOT NULL,
  PRIMARY KEY (`user_id`)
) ENGINE=MyISAM DEFAULT CHARSET=utf8;

-- --------------------------------------------------------

--
-- Структура таблицы `bb_bt_torrents`
--

CREATE TABLE IF NOT EXISTS `bb_bt_torrents` (
  `info_hash` varbinary(20) NOT NULL DEFAULT '',
  `post_id` mediumint(8) unsigned NOT NULL DEFAULT '0',
  `poster_id` mediumint(9) NOT NULL DEFAULT '0',
  `topic_id` mediumint(8) unsigned NOT NULL DEFAULT '0',
  `forum_id` smallint(5) unsigned NOT NULL DEFAULT '0',
  `attach_id` mediumint(8) unsigned NOT NULL DEFAULT '0',
  `size` bigint(20) unsigned NOT NULL DEFAULT '0',
  `reg_time` int(11) NOT NULL DEFAULT '0',
  `call_seed_time` int(11) NOT NULL DEFAULT '0',
  `complete_count` mediumint(8) unsigned NOT NULL DEFAULT '0',
  `seeder_last_seen` int(11) NOT NULL DEFAULT '0',
  `tor_status` tinyint(4) NOT NULL DEFAULT '0',
  `checked_user_id` mediumint(8) NOT NULL DEFAULT '0',
  `checked_time` int(11) NOT NULL DEFAULT '0',
  `tor_type` tinyint(1) NOT NULL DEFAULT '0',
  `tor_type_time` int(11) NOT NULL DEFAULT '-1',
  `speed_up` int(11) NOT NULL DEFAULT '0',
  `speed_down` int(11) NOT NULL DEFAULT '0',
  `last_update` int(11) NOT NULL DEFAULT '0',
  `ext_seeder` int(11) NOT NULL DEFAULT '0',
  `ext_leecher` int(11) NOT NULL DEFAULT '0',
  `ttube_hash` varchar(255) NOT NULL,
  PRIMARY KEY (`info_hash`),
  UNIQUE KEY `post_id` (`post_id`),
  UNIQUE KEY `topic_id` (`topic_id`),
  UNIQUE KEY `attach_id` (`attach_id`),
  KEY `reg_time` (`reg_time`),
  KEY `forum_id` (`forum_id`),
  KEY `poster_id` (`poster_id`)
) ENGINE=MyISAM DEFAULT CHARSET=utf8;

-- --------------------------------------------------------

--
-- Структура таблицы `bb_bt_torstat`
--

CREATE TABLE IF NOT EXISTS `bb_bt_torstat` (
  `topic_id` mediumint(8) unsigned NOT NULL DEFAULT '0',
  `user_id` mediumint(9) NOT NULL DEFAULT '0',
  `last_modified_torstat` timestamp NOT NULL DEFAULT CURRENT_TIMESTAMP ON UPDATE CURRENT_TIMESTAMP,
  `completed` tinyint(1) NOT NULL DEFAULT '0',
  PRIMARY KEY (`topic_id`,`user_id`)
) ENGINE=MyISAM DEFAULT CHARSET=utf8;

-- --------------------------------------------------------

--
-- Структура таблицы `bb_bt_tor_bonus`
--

CREATE TABLE IF NOT EXISTS `bb_bt_tor_bonus` (
  `id` int(11) NOT NULL AUTO_INCREMENT,
  `attach_id` mediumint(8) unsigned NOT NULL DEFAULT '0',
  `user_id` int(11) NOT NULL DEFAULT '0',
  `time` int(11) NOT NULL DEFAULT '0',
  `tor_bonus_silver` float(16,2) NOT NULL DEFAULT '0.00',
  `tor_bonus_gold` float(16,2) NOT NULL DEFAULT '0.00',
  PRIMARY KEY (`id`)
) ENGINE=MyISAM  DEFAULT CHARSET=utf8 AUTO_INCREMENT=73 ;

--
-- Дамп данных таблицы `bb_bt_tor_bonus`
--

INSERT INTO `bb_bt_tor_bonus` (`id`, `attach_id`, `user_id`, `time`, `tor_bonus_silver`, `tor_bonus_gold`) VALUES
(1, 4611, 5057, 1549710899, 1000.00, 0.00),
(2, 4611, 5057, 1549710899, 0.00, 1000.00),
(3, 4638, 5057, 1550206642, 1000.00, 0.00),
(4, 4638, 5057, 1550206654, 0.00, 2000.00),
(5, 4640, 5057, 1550210024, 1000.00, 0.00),
(6, 4614, 5261, 1552119140, 0.00, 100.00),
(7, 4868, 5056, 1552212961, 1000.00, 0.00),
(8, 4868, 5056, 1552212973, 0.00, 2000.00),
(9, 5002, 5138, 1555432044, 1000.00, 0.00),
(10, 4428, 5056, 1556720549, 1000.00, 0.00),
(11, 4428, 5056, 1556720561, 0.00, 2000.00),
(12, 5147, 5385, 1559365413, 1.00, 0.00),
(13, 5976, 5388, 1570015390, 1000.00, 0.00),
(14, 5976, 5388, 1570015400, 0.00, 2000.00),
(15, 5973, 5388, 1570015435, 1000.00, 0.00),
(16, 5973, 5388, 1570015444, 0.00, 2000.00),
(17, 6076, 5057, 1572266500, 1000.00, 0.00),
(18, 6076, 5057, 1572266514, 0.00, 2000.00),
(19, 6104, 5057, 1572375652, 1000.00, 0.00),
(20, 6187, 5388, 1573572823, 0.00, 1000.00),
(21, 6183, 5388, 1573572855, 1000.00, 0.00),
(22, 6183, 5388, 1573572868, 0.00, 2000.00),
(23, 6177, 5388, 1573572896, 1000.00, 0.00),
(24, 6177, 5388, 1573572904, 0.00, 2000.00),
(25, 6163, 5388, 1573573002, 1000.00, 0.00),
(26, 6163, 5388, 1573573011, 0.00, 2000.00),
(27, 6164, 5388, 1573573026, 1000.00, 0.00),
(28, 6164, 5388, 1573573034, 0.00, 2000.00),
(29, 6203, 5057, 1573758730, 1000.00, 0.00),
(30, 6203, 5057, 1573758740, 0.00, 2000.00),
(31, 6246, 5057, 1574276973, 1000.00, 0.00),
(32, 6246, 5057, 1574276984, 0.00, 2000.00),
(33, 6263, 5057, 1574494758, 1000.00, 0.00),
(34, 6264, 5057, 1574495013, 1000.00, 0.00),
(35, 6265, 5057, 1574495599, 1000.00, 0.00),
(36, 6267, 5057, 1574519443, 1000.00, 0.00),
(37, 6268, 5057, 1574520802, 1000.00, 0.00),
(38, 6269, 5057, 1574520836, 1000.00, 0.00),
(39, 6270, 5057, 1574521662, 1000.00, 0.00),
(40, 6263, 5057, 1574521692, 0.00, 2000.00),
(41, 6264, 5057, 1574521712, 0.00, 2000.00),
(42, 6265, 5057, 1574521728, 0.00, 2000.00),
(43, 6272, 5057, 1574524634, 1000.00, 0.00),
(44, 6272, 5057, 1574524644, 0.00, 1000.00),
(45, 6272, 5057, 1574524654, 0.00, 1000.00),
(46, 6273, 5057, 1574524926, 1000.00, 0.00),
(47, 6273, 5057, 1574524938, 0.00, 2000.00),
(48, 6275, 5057, 1574540185, 1000.00, 0.00),
(49, 6275, 5057, 1574540198, 0.00, 2000.00),
(50, 6276, 5057, 1574541041, 1000.00, 0.00),
(51, 6276, 5057, 1574541048, 0.00, 2000.00),
(52, 6277, 5057, 1574541977, 1000.00, 0.00),
(53, 6277, 5057, 1574541985, 0.00, 2000.00),
(54, 6278, 5057, 1574542584, 1000.00, 0.00),
(55, 6278, 5057, 1574542594, 0.00, 2000.00),
(56, 6279, 5057, 1574570688, 1000.00, 0.00),
(57, 6232, 5057, 1574657757, 1000.00, 0.00),
(58, 6285, 5057, 1574672370, 1000.00, 0.00),
(59, 5980, 5397, 1575203328, 0.00, 1000.00),
(60, 5288, 5397, 1575203410, 123.44, 0.00),
(61, 5597, 5057, 1575402552, 1000.00, 0.00),
(62, 5980, 5397, 1575917919, 0.00, 1000.00),
(63, 6406, 5057, 1575924631, 1000.00, 0.00),
(64, 6406, 5057, 1575924643, 0.00, 2000.00),
(65, 6522, 5057, 1577608590, 1000.00, 0.00),
(66, 6522, 5057, 1577608602, 0.00, 2000.00),
(67, 6533, 5057, 1578133949, 1000.00, 0.00),
(68, 6578, 5057, 1578428763, 1000.00, 0.00),
(69, 6726, 5057, 1585468770, 1000.00, 0.00),
(70, 6726, 5057, 1585468790, 0.00, 2000.00),
(71, 6733, 5057, 1585584865, 1000.00, 0.00),
(72, 6733, 5057, 1585584880, 0.00, 2000.00);

-- --------------------------------------------------------

--
-- Структура таблицы `bb_bt_tor_dl_stat`
--

CREATE TABLE IF NOT EXISTS `bb_bt_tor_dl_stat` (
  `topic_id` mediumint(8) unsigned NOT NULL DEFAULT '0',
  `user_id` mediumint(9) NOT NULL DEFAULT '0',
  `attach_id` mediumint(8) unsigned NOT NULL DEFAULT '0',
  `t_up_total` bigint(20) unsigned NOT NULL DEFAULT '0',
  `t_down_total` bigint(20) unsigned NOT NULL DEFAULT '0',
  `t_bonus_total` bigint(20) unsigned NOT NULL DEFAULT '0',
  PRIMARY KEY (`topic_id`,`user_id`)
) ENGINE=MyISAM DEFAULT CHARSET=utf8;

-- --------------------------------------------------------

--
-- Структура таблицы `bb_bt_tracker`
--

CREATE TABLE IF NOT EXISTS `bb_bt_tracker` (
  `peer_hash` varchar(32) CHARACTER SET utf8 COLLATE utf8_bin NOT NULL DEFAULT '',
  `topic_id` mediumint(8) unsigned NOT NULL DEFAULT '0',
  `peer_id` varchar(20) NOT NULL DEFAULT '0',
  `user_id` mediumint(9) NOT NULL DEFAULT '0',
  `ip` char(8) CHARACTER SET utf8 COLLATE utf8_bin NOT NULL DEFAULT '0',
  `ipv6` varchar(32) DEFAULT NULL,
  `port` smallint(5) unsigned NOT NULL DEFAULT '0',
  `port_open` varchar(1) NOT NULL DEFAULT '0',
  `lp_info` varchar(1) NOT NULL DEFAULT '0',
  `client` varchar(51) NOT NULL DEFAULT 'Unknown',
  `seeder` tinyint(1) NOT NULL DEFAULT '0',
  `releaser` tinyint(1) NOT NULL DEFAULT '0',
  `tor_type` tinyint(1) NOT NULL DEFAULT '0',
  `uploaded` bigint(20) unsigned NOT NULL DEFAULT '0',
  `downloaded` bigint(20) unsigned NOT NULL DEFAULT '0',
  `remain` bigint(20) unsigned NOT NULL DEFAULT '0',
  `speed_up` mediumint(8) unsigned NOT NULL DEFAULT '0',
  `speed_down` mediumint(8) unsigned NOT NULL DEFAULT '0',
  `up_add` bigint(20) unsigned NOT NULL DEFAULT '0',
  `down_add` bigint(20) unsigned NOT NULL DEFAULT '0',
  `update_time` int(11) NOT NULL DEFAULT '0',
  `complete_percent` bigint(20) NOT NULL DEFAULT '0',
  `complete` int(11) NOT NULL DEFAULT '0',
  PRIMARY KEY (`peer_hash`),
  KEY `topic_id` (`topic_id`),
  KEY `user_id` (`user_id`)
) ENGINE=MyISAM DEFAULT CHARSET=utf8;

-- --------------------------------------------------------

--
-- Структура таблицы `bb_bt_tracker_snap`
--

CREATE TABLE IF NOT EXISTS `bb_bt_tracker_snap` (
  `topic_id` mediumint(8) unsigned NOT NULL DEFAULT '0',
  `seeders` mediumint(8) unsigned NOT NULL DEFAULT '0',
  `leechers` mediumint(8) unsigned NOT NULL DEFAULT '0',
  `speed_up` int(10) unsigned NOT NULL DEFAULT '0',
  `speed_down` int(10) unsigned NOT NULL DEFAULT '0',
  PRIMARY KEY (`topic_id`)
) ENGINE=MyISAM DEFAULT CHARSET=utf8;

-- --------------------------------------------------------

--
-- Структура таблицы `bb_bt_users`
--

CREATE TABLE IF NOT EXISTS `bb_bt_users` (
  `user_id` mediumint(9) NOT NULL DEFAULT '0',
  `auth_key` char(10) CHARACTER SET utf8 COLLATE utf8_bin NOT NULL DEFAULT '',
  `u_up_total` bigint(20) unsigned NOT NULL DEFAULT '0',
  `u_down_total` bigint(20) unsigned NOT NULL DEFAULT '0',
  `u_up_release` bigint(20) unsigned NOT NULL DEFAULT '0',
  `u_up_bonus` bigint(20) unsigned NOT NULL DEFAULT '0',
  `up_today` bigint(20) unsigned NOT NULL DEFAULT '0',
  `down_today` bigint(20) unsigned NOT NULL DEFAULT '0',
  `up_release_today` bigint(20) unsigned NOT NULL DEFAULT '0',
  `up_bonus_today` bigint(20) unsigned NOT NULL DEFAULT '0',
  `points_today` float(16,2) unsigned NOT NULL DEFAULT '0.00',
  `up_yesterday` bigint(20) unsigned NOT NULL DEFAULT '0',
  `down_yesterday` bigint(20) unsigned NOT NULL DEFAULT '0',
  `up_release_yesterday` bigint(20) unsigned NOT NULL DEFAULT '0',
  `up_bonus_yesterday` bigint(20) unsigned NOT NULL DEFAULT '0',
  `points_yesterday` float(16,2) unsigned NOT NULL DEFAULT '0.00',
  `ratio_nulled` tinyint(1) NOT NULL DEFAULT '0',
  PRIMARY KEY (`user_id`),
  UNIQUE KEY `auth_key` (`auth_key`)
) ENGINE=MyISAM DEFAULT CHARSET=utf8;

--
-- Дамп данных таблицы `bb_bt_users`
--

INSERT INTO `bb_bt_users` (`user_id`, `auth_key`, `u_up_total`, `u_down_total`, `u_up_release`, `u_up_bonus`, `up_today`, `down_today`, `up_release_today`, `up_bonus_today`, `points_today`, `up_yesterday`, `down_yesterday`, `up_release_yesterday`, `up_bonus_yesterday`, `points_yesterday`, `ratio_nulled`) VALUES
(5056, 'nZXH61xoE5', 1359978113721, 164476396623, 454558579416, 425131694455, 0, 0, 0, 0, 0.00, 0, 0, 0, 0, 0.00, 0),
(2, 'JgYF2puuvj', 333609857242, 0, 2703360, 11211546669, 0, 0, 0, 0, 0.00, 0, 0, 0, 0, 0.00, 0),
(5057, 'g1VlmjBrTD', 149748597701423, 166194034102, 94231868701015, 4908026148631, 0, 0, 0, 0, 0.00, 0, 0, 0, 0, 0.00, 0),
(5055, '721Gm19Svd', 3752217518096, 173228960344, 118705043382, 3241959178, 0, 0, 0, 0, 0.00, 0, 0, 0, 0, 0.00, 0),
(5061, 'LhqhnH34Jq', 1950117823886, 0, 170058928, 0, 0, 0, 0, 0, 0.00, 0, 0, 0, 0, 0.00, 0),
(5065, 'vh01gZnSCx', 131875742397, 29289697499, 58831551483, 3356284904, 0, 0, 0, 0, 0.00, 0, 0, 0, 0, 0.00, 0),
(5064, 'YoQxlenxqJ', 44009373680479, 37427626035, 43863146391296, 33594446361, 0, 0, 0, 0, 0.00, 0, 0, 0, 0, 0.00, 0),
(5063, 'zbfOhey3S0', 1320702443520, 0, 0, 0, 0, 0, 0, 0, 0.00, 0, 0, 0, 0, 0.00, 0),
(5409, 'PAoCxawAdW', 113667285270, 19848092809, 0, 343114880, 0, 0, 0, 0, 0.00, 0, 0, 0, 0, 0.00, 0),
(5138, 'guCAc1paRI', 239317167043, 19063133351, 131419537652, 9788000256, 0, 0, 0, 0, 0.00, 0, 0, 0, 0, 0.00, 0),
(5144, 'PHnrlymva4', 21801664512, 7886897525, 0, 318652416, 0, 0, 0, 0, 0.00, 0, 0, 0, 0, 0.00, 0),
(5189, 'aI88qAj6zh', 217991851288, 9652445125, 18085084934, 3086986770, 0, 0, 0, 0, 0.00, 0, 0, 0, 0, 0.00, 0),
(5104, 'JCU6jFJOLo', 32212254720, 0, 0, 0, 0, 0, 0, 0, 0.00, 0, 0, 0, 0, 0.00, 0),
(5214, 'eL12Vzavgh', 23328120832, 3707764736, 1346592768, 0, 0, 0, 0, 0, 0.00, 0, 0, 0, 0, 0.00, 0),
(5219, '9fQf7TsN6C', 8415541471316, 28136730713, 0, 4097975178163, 0, 0, 0, 0, 0.00, 0, 0, 0, 0, 0.00, 0),
(5223, '2bLcTS68Nb', 1370492929430, 1570027520, 540674359129, 311113344298, 0, 0, 0, 0, 0.00, 0, 0, 0, 0, 0.00, 0),
(5066, 'aI0bsOFVqT', 780122009, 4023707851, 0, 362545152, 0, 0, 0, 0, 0.00, 0, 0, 0, 0, 0.00, 0),
(5252, 'fCbjHw5iYs', 22095069184, 3904173485, 0, 521895936, 0, 0, 0, 0, 0.00, 0, 0, 0, 0, 0.00, 0),
(5256, '0tLubiAsqr', 3705405440, 4411306619, 0, 3632267264, 0, 0, 0, 0, 0.00, 0, 0, 0, 0, 0.00, 0),
(5261, 'W9bbUI0syn', 15849500130457, 38905441385, 4636811112810, 716690536030, 0, 0, 0, 0, 0.00, 0, 0, 0, 0, 0.00, 0),
(5224, 'PAOKl67yev', 44802174548653, 129956536728, 17872240864121, 153185083367, 0, 0, 0, 0, 0.00, 0, 0, 0, 0, 0.00, 0),
(5266, '1e6aCn7xn1', 483294948116, 14795286425, 0, 376210039820, 0, 0, 0, 0, 0.00, 0, 0, 0, 0, 0.00, 0),
(5280, 'eFBmvm27kB', 3269438045, 3704218356, 0, 1868966493, 0, 0, 0, 0, 0.00, 0, 0, 0, 0, 0.00, 0),
(5285, 'zRch2gMdf1', 662028288, 3292528640, 17776640, 293257216, 0, 0, 0, 0, 0.00, 0, 0, 0, 0, 0.00, 0),
(5306, 'n2l1iepEwe', 21474836480, 0, 0, 0, 0, 0, 0, 0, 0.00, 0, 0, 0, 0, 0.00, 0),
(-1, 'C8g25qcztq', 34818752512, 2711757080, 0, 2580037632, 0, 0, 0, 0, 0.00, 0, 0, 0, 0, 0.00, 0),
(5341, '6wobcVyKhO', 0, 0, 0, 0, 0, 0, 0, 0, 0.00, 0, 0, 0, 0, 0.00, 0),
(5388, 'LaCMQsm01W', 2006465350765, 26035240489, 23877369978, 154124288, 0, 0, 0, 0, 0.00, 0, 0, 0, 0, 0.00, 0),
(5391, '1KrMY2b2Q9', 118186762568, 0, 0, 0, 0, 0, 0, 0, 0.00, 0, 0, 0, 0, 0.00, 0),
(5397, 'MHVPPFRcSf', 47350200874, 0, 44634929706, 0, 0, 0, 0, 0, 0.00, 0, 0, 0, 0, 0.00, 0),
(5198, 'vbyvvOU8tg', 29406580038, 4411306619, 28003110214, 0, 0, 0, 0, 0, 0.00, 0, 0, 0, 0, 0.00, 0),
(5415, 'ChPeZGVytp', 50064365556, 0, 0, 46619285492, 0, 0, 0, 0, 0.00, 0, 0, 0, 0, 0.00, 0),
(5440, 'CO0nyjBfIb', 187073845666, 6725124172, 188029346, 28786688, 0, 0, 0, 0, 0.00, 0, 0, 0, 0, 0.00, 0),
(5445, 'mjA18qxALP', 0, 0, 0, 0, 0, 0, 0, 0, 0.00, 0, 0, 0, 0, 0.00, 0),
(5478, 'czzpOm03yp', 107374182400, 0, 0, 0, 0, 0, 0, 0, 0.00, 0, 0, 0, 0, 0.00, 0),
(5477, 'UnCTaIERhH', 123157200896, 0, 0, 0, 0, 0, 0, 0, 0.00, 0, 0, 0, 0, 0.00, 0),
(5248, '3e10XWewiO', 107374182400, 0, 0, 0, 0, 0, 0, 0, 0.00, 0, 0, 0, 0, 0.00, 0),
(5526, 'WEhfteUtKk', 107549868032, 14760721910, 0, 0, 0, 0, 0, 0, 0.00, 0, 0, 0, 0, 0.00, 0),
(5571, '03nOe24kwF', 107374182400, 0, 0, 0, 0, 0, 0, 0, 0.00, 0, 0, 0, 0, 0.00, 0),
(5620, 'vjo568ExoT', 18121857745, 92685197, 0, 10288619694, 0, 0, 0, 0, 0.00, 0, 0, 0, 0, 0.00, 0),
(5575, 'N3OA5ZHu1m', 3669685746202, 82927689708, 3457395262686, 29336034820, 0, 0, 0, 0, 0.00, 0, 0, 0, 0, 0.00, 0),
(5794, 'Z7Pq4Yeqa0', 0, 0, 0, 0, 0, 0, 0, 0, 0.00, 0, 0, 0, 0, 0.00, 0),
(5071, 'l4WyGPyAYi', 0, 0, 0, 0, 0, 0, 0, 0, 0.00, 0, 0, 0, 0, 0.00, 0),
(6054, 'BTSF0fFxP7', 4101832704, 3623878656, 0, 4074340352, 0, 0, 0, 0, 0.00, 0, 0, 0, 0, 0.00, 0),
(6494, 'cw6VEYg7eY', 44466176, 0, 0, 7061504, 0, 0, 0, 0, 0.00, 0, 0, 0, 0, 0.00, 0),
(6657, 'aH5us7gjLD', 12052004864, 0, 0, 0, 0, 0, 0, 0, 0.00, 0, 0, 0, 0, 0.00, 0),
(6662, '9m7UkW1d9s', 1323155456, 8289109846, 1323155456, 0, 0, 0, 0, 0, 0.00, 0, 0, 0, 0, 0.00, 0),
(6677, 'ZauIgby2ZK', 10737418240, 0, 0, 0, 0, 0, 0, 0, 0.00, 0, 0, 0, 0, 0.00, 0),
(6724, 'zH0QpY0abD', 10737418240, 0, 0, 0, 0, 0, 0, 0, 0.00, 0, 0, 0, 0, 0.00, 0),
(6965, '7oNU8j5F07', 0, 0, 0, 0, 0, 0, 0, 0, 0.00, 0, 0, 0, 0, 0.00, 0),
(7016, 'Y0vbkbYp4P', 0, 0, 0, 0, 0, 0, 0, 0, 0.00, 0, 0, 0, 0, 0.00, 0),
(7112, 's7B6gNZWYW', 1192077349587, 26988276633, 1191246533331, 157171712, 0, 0, 0, 0, 0.00, 0, 0, 0, 0, 0.00, 0),
(7191, 'NDyuwVFX1x', 0, 0, 0, 0, 0, 0, 0, 0, 0.00, 0, 0, 0, 0, 0.00, 0),
(7286, '5JOdy2FmXk', 537542656, 0, 0, 0, 0, 0, 0, 0, 0.00, 0, 0, 0, 0, 0.00, 0),
(7295, 'xd92wpkyou', 2291744768, 0, 0, 1979351040, 0, 0, 0, 0, 0.00, 0, 0, 0, 0, 0.00, 0),
(7467, 'IOZd1wg1eB', 30259118899, 0, 30259118899, 0, 0, 0, 0, 0, 0.00, 0, 0, 0, 0, 0.00, 0);

-- --------------------------------------------------------

--
-- Структура таблицы `bb_bt_user_settings`
--

CREATE TABLE IF NOT EXISTS `bb_bt_user_settings` (
  `user_id` mediumint(9) NOT NULL DEFAULT '0',
  `tor_search_set` text NOT NULL,
  `last_modified` int(11) NOT NULL DEFAULT '0',
  PRIMARY KEY (`user_id`)
) ENGINE=MyISAM DEFAULT CHARSET=utf8;

-- --------------------------------------------------------

--
-- Структура таблицы `bb_captcha`
--

CREATE TABLE IF NOT EXISTS `bb_captcha` (
  `cap_id` int(10) NOT NULL,
  `cap_code` char(6) NOT NULL,
  `cap_expire` int(11) NOT NULL DEFAULT '0',
  PRIMARY KEY (`cap_id`)
) ENGINE=MyISAM DEFAULT CHARSET=utf8;

-- --------------------------------------------------------

--
-- Структура таблицы `bb_categories`
--

CREATE TABLE IF NOT EXISTS `bb_categories` (
  `cat_id` smallint(5) unsigned NOT NULL AUTO_INCREMENT,
  `cat_title` varchar(100) NOT NULL DEFAULT '',
  `cat_order` smallint(5) unsigned NOT NULL DEFAULT '0',
  PRIMARY KEY (`cat_id`),
  KEY `cat_order` (`cat_order`)
) ENGINE=MyISAM  DEFAULT CHARSET=utf8 AUTO_INCREMENT=34 ;

--
-- Дамп данных таблицы `bb_categories`
--

INSERT INTO `bb_categories` (`cat_id`, `cat_title`, `cat_order`) VALUES
(3, 'Правила, инструкции, советы, FAQ и т.д.', 30),
(2, 'Новости и проекты', 10),
(4, 'Кинофильмы', 40),
(5, 'Мультфильмы', 50),
(6, 'Аниме', 60),
(7, 'Сериалы', 70),
(8, 'Документальные фильмы и телепередачи', 80),
(10, 'Игры', 90),
(11, 'Развлекательные телепередачи и шоу, приколы и юмор', 100),
(12, 'Музыка', 110),
(13, 'Софт', 120),
(14, 'Библиотека', 140),
(15, 'Обучение', 150),
(16, 'Мобильные устройства', 160),
(17, 'Графика и Дизайн', 170),
(18, 'Общение', 190),
(19, 'Технический форум', 230),
(20, 'Администраторская', 290),
(21, 'Модераторская', 270),
(22, 'Разное', 180),
(24, 'Форумы релиз груп', 280),
(25, 'Спорт', 130),
(26, 'Стол Заказов все разделы', 220),
(27, 'Друзья Сайта', 210),
(28, 'Объявления', 20),
(30, 'Языки программирования', 240),
(31, 'Веб программирование', 250),
(32, 'Разработка Counter Strike сервера', 260),
(33, 'Мир Зоны Отчуждения', 200);

-- --------------------------------------------------------

--
-- Структура таблицы `bb_chat`
--

CREATE TABLE IF NOT EXISTS `bb_chat` (
  `id` int(11) NOT NULL AUTO_INCREMENT,
  `user_id` int(11) NOT NULL DEFAULT '0',
  `time` int(11) NOT NULL DEFAULT '0',
  `text` text NOT NULL,
  `text_html` text NOT NULL,
  `ip` char(32) NOT NULL,
  PRIMARY KEY (`id`)
) ENGINE=MyISAM  DEFAULT CHARSET=utf8 AUTO_INCREMENT=99 ;

-- --------------------------------------------------------

--
-- Структура таблицы `bb_config`
--

CREATE TABLE IF NOT EXISTS `bb_config` (
  `config_name` varchar(255) NOT NULL DEFAULT '',
  `config_value` text NOT NULL,
  PRIMARY KEY (`config_name`)
) ENGINE=MyISAM DEFAULT CHARSET=utf8;

--
-- Дамп данных таблицы `bb_config`
--

INSERT INTO `bb_config` (`config_name`, `config_value`) VALUES
('allow_autologin', '1'),
('allow_bbcode', '1'),
('allow_namechange', '1'),
('allow_sig', '1'),
('allow_smilies', '1'),
('board_disable', '0'),
('board_startdate', '1464350404'),
('board_timezone', '5'),
('bonus_upload', 'a:7:{i:0;s:1:"3";i:1;s:2:"10";i:2;s:2:"25";i:3;s:2:"60";i:4;s:3:"140";i:5;s:5:"10240";i:6;s:0:"";}'),
('bonus_upload_price', 'a:7:{i:0;s:2:"80";i:1;s:3:"250";i:2;s:3:"500";i:3;s:4:"1000";i:4;s:4:"1500";i:5;s:6:"200000";i:6;s:0:"";}'),
('birthday_enabled', '0'),
('birthday_max_age', '80'),
('birthday_min_age', '12'),
('birthday_check_day', '7'),
('bt_add_auth_key', '1'),
('bt_allow_spmode_change', '1'),
('bt_announce_url', 'http://uztor.pw/bt/announce.php'),
('bt_disable_dht', '0'),
('bt_check_announce_url', '0'),
('bt_del_addit_ann_urls', '0'),
('bt_dl_list_only_1st_page', '1'),
('bt_dl_list_only_count', '1'),
('bt_newtopic_auto_reg', '1'),
('bt_replace_ann_url', '1'),
('bt_search_bool_mode', '1'),
('bt_set_dltype_on_tor_reg', '1'),
('bt_show_dl_but_cancel', '1'),
('bt_show_dl_but_compl', '1'),
('bt_show_dl_but_down', '1'),
('bt_show_dl_but_will', '1'),
('bt_show_dl_list', '1'),
('bt_show_dl_list_buttons', '1'),
('bt_show_dl_stat_on_index', '1'),
('bt_show_ip_only_moder', '1'),
('bt_show_peers', '1'),
('bt_show_peers_mode', '1'),
('bt_show_port_only_moder', '1'),
('bt_tor_browse_only_reg', '0'),
('bt_unset_dltype_on_tor_unreg', '1'),
('cron_last_check', '1691096896'),
('default_dateformat', 'Y-m-d H:i'),
('default_lang', 'ru'),
('flood_interval', '5'),
('hot_threshold', '50'),
('login_reset_time', '30'),
('max_autologin_time', '10'),
('max_login_attempts', '5'),
('max_poll_options', '6'),
('max_sig_chars', '255'),
('posts_per_page', '15'),
('prune_enable', '1'),
('record_online_date', '1596267715'),
('record_online_users', '117'),
('seed_bonus_enabled', '1'),
('seed_bonus_release', 'a:5:{i:0;s:1:"1";i:1;s:2:"10";i:2;s:3:"100";i:3;s:4:"1000";i:4;s:0:"";}'),
('seed_bonus_points', 'a:5:{i:0;s:1:"1";i:1;s:3:"1.5";i:2;s:1:"2";i:3;s:3:"2.5";i:4;s:0:"";}'),
('seed_bonus_tor_size', ''),
('seed_bonus_user_regdate', ''),
('site_desc', 'ЛУЧШИЙ ТРЕКЕР В ЗОНЕ TAS-IX!'),
('sitemap_time', '1691088244'),
('sitename', 'UZTOR.PW Лучший трекер в зоне TAS-IX!'),
('smilies_path', 'styles/images/smiles'),
('static_sitemap', ''),
('topics_per_page', '50'),
('xs_use_cache', '1'),
('active_ads', 'a:0:{}'),
('cron_enabled', '1'),
('cron_check_interval', '180'),
('magnet_links_enabled', '1'),
('gender', '1'),
('callseed', '1'),
('tor_stats', '1'),
('show_latest_news', '0'),
('max_news_title', '50'),
('latest_news_count', '10'),
('latest_news_forum_id', '2'),
('show_network_news', '0'),
('max_net_title', '50'),
('network_news_count', '10'),
('network_news_forum_id', '117,118,119,120,121,122,123,4,274,275,276,277,288,384,383,382'),
('whois_info', 'http://tasix.tn.uz/?check='),
('show_mod_index', '1'),
('premod', '0'),
('new_tpls', '1'),
('tor_comment', '1'),
('terms', '[color=#333333][size=14][font="calibri"][hr][hr][size=22][align=center]Правила пользования ресурсом [color=green]UZTOR.PW[/color][/align][/size][hr][hr][/font]\r\n[font="calibri"][color=darkblue][b]Правила[/b][/color]\r\nНастоящие Правила созданы с целью упорядочивания общения в данном форуме:\r\n[list]     [*]Правила являются [color=red][b]обязательными для исполнения всеми[/b][/color] присутствующими на форуме.\r\n   [*]  Администрация оставляет за собой [color=red][b][b]право редактировать и удалять сообщения пользователей[/b][/b][/color], если эти сообщения не отвечают основным требованиям и тематике данного форума.\r\n  [*]   Администрация оставляет за собой право [color=red][b]отключать от форума, банить по IP адресу или IP сети[/b][/color] лиц нарушающих Порядок и Правила.\r\n    [*] Кроме того, Администрация оставляет за собой право изменять или дополнять данные Правила. В таком случае об этом будет дополнительно сообщено в форуме [b][url=http://utorrents.pw/viewforum.php?f=2]Новости трекера[/url][/b].[/list]\r\n[br][hr][br]\r\n[color=darkblue][b]1. Регистрация.[/b][/color]\r\nРегистрация является неотъемлемой частью присутствия на форуме. Прохождение регистрации автоматически обозначает Ваше согласие с данными Правилами. Если Вы не согласны с данными Правилами, убедительная просьба, напишите [url=http://utorrents.pw/profile.php?mode=viewprofile&u=13]Администратору[/url] форума, Он деактивирует Вашу учётную запись.\r\n\r\n[b]Обратите внимание, если имя, которое Вы выбрали для участия в форуме:[/b]\r\n[list]  [*]  повторяет уже существующее\r\n   [*] нарушает нормы приличия и морали (такие Ники как: Гитлер, Шоха, Пахан, Антихрист, содержащие в себе религиозные термины и т.д.)\r\n   [*] несет в себе рекламу сайтов\r\n   [*] содержит ненормативную лексику\r\n   [*] сходно до степени смешения с модераторским или админским, или названием одной из групп форума[/list]\r\n[b]то Ваша учётная запись будет деактивирована без предупреждения.[/b]\r\n\r\nКроме того, не выбирайте себе аватары, содержащие нецензурные изображения, имитирующие ранги на форуме или копирующие аватары Администраторов или Модераторов.\r\n\r\nПользователь обязуется не передавать другим лицам свои персональные данные, полученные при регистрации (логин и пароль, пасскей) для входа/идентификации на ресурс.\r\nПользователь несет полную ответственность за утерю, пропажу, исчезновение или передачу иными способами персональных данных, а также за последствия связанные с данным деянием.\r\n\r\n[br][hr][br]\r\n[b][color=darkblue]2. Общение на сайте.[/color][/b]\r\n[color=red][b]2.1.[/b][/color] Все пользователи сайта, должны соблюдать уважительную форму общения.\r\n[color=red][b]2.2.[/b][/color] Запрещено оскорблять пользователей сайта в любой форме (проявление любой грубости, угроз, личных оскорблений и нецензурных высказываний, в том числе и в скрытой форме, как в отношении юридических, так и конкретных физических лиц)....\r\n[color=red][b]2.3.[/b][/color] Запрещено хамское общение с Модераторами и Администраторами сайта.\r\n[color=red][b]2.4.[/b][/color] Запрещено проявление любой грубости, угроз, личных оскорблений и нецензурных высказываний, в том числе и в скрытой форме.\r\n[color=red][b]2.5.[/b][/color] Запрещено пользоваться при общении на сайте матерными выражениями и словами, в том числе и в завуалированной форме.\r\n[color=red][b]2.6.[/b][/color] Запрещено проявлять расовую, национальную и религиозную неприязнь, пропагандировать терроризм, экстремизм, наркотики.\r\n[color=red][b]2.7.[/b][/color] Запрещено распространять материалы порнографического и эротического характера предлогать девочек (наличие/отсутствие порнографического и эротического характера, определяется Администратором сайта, либо Модератором конкретного раздела)....\r\n[color=red][b]2.8.[/b][/color] Запрещено призывать к нарушению действующего законодательства и оставлять сообщения, нарушающие действующее законодательство Республики Узбекистан.\r\n[color=red][b]2.9.[/b][/color] Запрещено публиковать оскорбительные, провокационные и клеветнические высказывания в адрес других пользователей сайта, а так же вступать в открытые конфликты с другими пользователями сайта.\r\n[color=red][b]2.10.[/b][/color] Запрещено распространять рекламу, саморекламу и сообщения коммерческого характера.\r\n[color=red][b]2.11.[/b][/color] Запрещено осуществлять торговую деятельность на страницах сайта, за исключением специализированного раздела.\r\n[color=red][b]2.12.[/b][/color] Запрещено выкладывать (отправлять) ссылки на другие торрент-трекеры и реферальные ссылки.\r\n[color=red][b]2.13.[/b][/color] Запрещено создавать темы и сообщения, не несущие в себе информативного содержания (такие как "помогите", "проблема" и т.п.)....\r\n[color=red][b]2.14.[/b][/color] Запрещено распространять частную переписку и сведения о частной жизни пользователей сайта, составляющие личную или семейную тайну.\r\n[color=red][b]2.15.[/b][/color] Запрещено изменять при цитировании исходный текст, особенно если изменения влияют на его смысл.\r\n[color=red][b]2.16.[/b][/color] Запрещено публично предъявлять претензии и обсуждать действия Администраторов или Модераторов.\r\n[color=red][b]2.17.[/b][/color] Запрещено оставлять одинаковые сообщения в нескольких темах и разделах (кросспостинг), сообщения, не относящиеся к теме обсуждения (офф-топик), а также множество ответов подряд в одной теме (оверпостинг)....\r\n[color=red][b]2.18.[/b][/color] Использовать в сообщениях элементы оформления, затрудняющие восприятие текста, такие как:\r\n[list] [*]избыточное цитирование предыдущей переписки (оверквотинг);\r\n[*] написание сообщений ТОЛЬКО ЗАГЛАВНЫМИ БУКВАМИ;\r\n[*] "прыгающие" буквы (КоГдА СлОвА НаПиСаНы ЗаБоРиКоМ);\r\n[*] избыточное количество выделений цветом и начертанием шрифта (на усмотрение Администраторов или Модераторов);\r\n[*] избыточное количество смайлов (оверсмайлинг) и множество одинаковых знаков подряд (!!!!!!!!!!!!!!!!!!!, ???????????? и т.п.);\r\n[*] слишком большие изображения, не скрытые в спойлер.[/list]\r\n[color=red][b]2.19.[/b][/color] Запрещено искажать слова до такой степени, что текст становится нечитаемым (на усмотрение Администратора или Модератора)....\r\n[color=red][b]2.20.[/b][/color] Категорически запрещено редактировать / удалять комментарии Модераторов или Администраторов.\r\n[color=red][b]2.21.[/b][/color] Запрещено выяснять отношения с другими пользователями на сайте.\r\n[color=red][b]2.22.[/b][/color] Запрещено создавать темы с названиями, не объясняющим вкратце ее сути: "помогите", "проблема" и им подобными.\r\n[color=red][b]2.23.[/b][/color] Запрещено размещать бессмысленные сообщения, не несущие абсолютно никакой полезной информации, типа "дайте скорости", "встаньте на раздачу", "раздаю", "газу" и т.п.\r\n[color=red][b]2.24.[/b][/color] Запрещены сообщения (посты), ограничивающиеся одними только картинками (картинки, демотиваторы, различные мемы и тд)....[br]\r\n[b]Сообщения, подпадающие под перечисленные категории, будут удаляться без предупреждения, а их авторы – наказываться.\r\nПри повторных нарушениях, учетная запись пользователя может быть деактивирована без предупреждения.[/b]\r\n[br][hr][br]\r\n[b][color=darkblue]3. Информация в личном профиле.[/color][/b]\r\n[color=red][b]3.1.[/b][/color] Видимая другим пользователям информация вашего профиля (род занятий, интересы и т.п.) не должна содержать ненормативную лексику, угрозы, оскорбления, дискриминацию в любых проявлениях, провокационные выражения (национального или религиозного), пропаганду наркотиков в любом виде, коммерческую рекламу.\r\n[color=red][b]3.2.[/b][/color] Запрещены любые ссылки рекламного характера, указываемые в личном профиле.\r\n[color=red][b]3.3.[/b][/color][b] [color=darkblue]Аватара:[/color][/b]\r\n[list][*]Максимальный размер: 150х150 точек; вес: до 100 Кб.\r\n[*]Содержание: недопустимы насилие, угрозы (на демографической, национальной, религиозной или политической основе), сквернословия (ненормативная лексика, обзывательства, грубость и т.д.), разврат (порнография), дискриминация в любых проявлениях, пропаганда наркотиков, коммерческая реклама и рекламные тексты, имитация званий/рангов этого ресурса, намеренная схожесть с аватарами членов администрации, а также изображения провокационного толка, в т.ч. с использованием нацистской символики.\r\n[*]Анимация: сильно мигающие аватары запрещены (степень мигания определяется администрацией).\r\n[/list]\r\n[color=red][b]3.4.[/b][/color][b] [color=darkblue]Подпись:[/color][/b]\r\n[list][*]Максимальная высота: 80 точек (другими словами, не больше четырех юзербаров или восьми строк текста (размер шрифта 10); ширина: 750 точек.\r\n[*]Общий вес изображений, содержащихся в подписи, не должен превышать 300 Kb.\r\n[*][b]Содержание:[/b] недопустимы насилие, угрозы (на демографической, национальной, религиозной или политической основе), сквернословия (ненормативная лексика, обзывательства, грубость и т.д.), разврат (порнография), дискриминация в любых проявлениях, тексты и изображения рекламного или коммерческого характера, имитация званий/рангов этого ресурса, а также изображения провокационного толка, в т.ч. с использованием нацистской символики. Запрещено использовать тег [mp3] [mp4] для публикации медиа файлов.\r\n[*][b]Анимация:[/b] сильно мигающие подписи запрещены (степень мигания определяется администрацией).\r\n[*]Подпись под Вашими сообщениями [b]не может быть использована для создания ссылок на какие-либо ресурсы сети[/b].[/list]\r\n[br][hr][br]\r\n\r\n[b][color=darkblue]4. Релизы (раздачи)....[/color][/b]\r\n[color=red][b]4.1.[/b][/color] Перед созданием релиза, обязательно ознакомление с правилами оформления релизов.\r\n[color=red][b]4.2. [/b][/color]Автор раздачи, отвечает за качество содержимого этой раздачи.\r\n[color=red][b]4.3.[/b][/color] Релиз, не отвечающий правилам оформления, не будет допущен к скачке другими пользователями до тех пор, пока автор раздачи не до-оформит релиз надлежащим образом.\r\n[color=darkblue][b]При создании релизов запрещается:[/b][/color]\r\n[list][*]Создавать и размещать релизы, дублирующие уже существующие на трекере (повторы).... Повтором считается раздача, не отличающаяся ни по содержанию, ни по качеству от уже существующей.\r\n[*]Размещать для скачивания раздачу, не имеющую русскоязычного звукового перевода, за исключением видеофайлов с русскими субтитрами, или различные концерты.\r\n[*]Окончательное решение о раздаче без перевода, принимает Администратор или Модератор конкретного раздела.\r\n[*]Создавать и размещать для скачивания раздачи, содержание которых противоречит действующему законодательству, в том числе:\r\n[/list]\r\n[list=1][*] Материалы порнографического и эротического характера (в том числе яой, юри, хентай);\r\n[*] Документальные съемки сцен и предметов, нарушающих общественные нормы морали (снафф, псевдо-снафф и т.п.);\r\n[*] Различные базы данных, отсутствующих в свободном законном доступе;\r\n[*] Программы, которые могут нанести вред персональным данным пользователей (вирусы, трояны и т.п.)....[/list]\r\n\r\n[list]\r\n[*] Создавать и размещать для скачивания, публикации любых анти-религиозных материалов.\r\n[*] Выкладывать для скачивания файлы, заведомо содержащие в себе вредоносный код (вирусы)....\r\n[*] Добавлять в торрент временные файлы операционной системы (такие как thumbs.db), так как они могут быть изменены системой и стать причиной нарушения функционирования раздачи.\r\n[*] Создавать и размещать для скачивания раздачу, торрент-файл которой зарегистрирован на другом трекере, а также указывать в описании раздачи адреса сторонних сетевых ресурсов.\r\n[*] Сидировать более 20 раздач одновременно (исключение- наличие широкого канала/сидбокса).... Если пользователь имеющий больше 20 раздач не справляется (на какой-то раздаче не качает\\слабая скорость), то он обязан перекрыть раздачи, на которых уже имеется достаточно сидов.\r\n[*] Публиковать контент в нарушение чьих-либо прав на него.\r\n[*] Использовать для закачки торрента любые менеджеры закачек.\r\n[*] Закрывать канал на отдачу; техническими или иными средствами препятствовать файлообмену; уходить со своей раздачи без уважительной причины, не дождавшись достаточного количества скачавших. Оптимальное соотношение "Скачал/Отдал" равно 1 (сколько скачал - столько и отдал)....\r\n[*] Запрещено самовольно удалять, перезаливать, разрегистрировать торрент или удалять, обновлять оформление релиза без предварительного уведомления Модератора или объяснения причины.\r\n[/list]\r\n[color=red]ЗАПРЕЩЕНО ЗАЛИВАТЬ РЕЛИЗЫ ПОРНОГРАФИЧЕСКОГО ХАРАКТЕРА И НАРУШАЮЩИЕ ЗАКОНЫ РЕСПУБЛИКИ УЗБЕКИСТАН![/color]\r\n[b]Не забывайте, что для нормального файлообмена пользователи должны не только скачивать, но и раздавать. Если вы остались единственным раздающим (сидом) на раздаче, не останавливайте раздачу, даже если ваш рейтинг уже и так достаточно высок.[/b]\r\n[b][b]Решение по соответствию раздачи данным требованиям принимает Администратор или Модератор конкретного раздела. В их полномочиях редактировать, перемещать, закрывать или удалять раздачу.[/b][/b]\r\n[br][hr][br]\r\n[color=darkblue][b]5. Рейтинг (Ратио)....[/b][/color]\r\n[b][color=red]5.1[/color][/b]. Рейтинг – это коэффициент, отражающий соотношение объемов скачанного и отданного трафика. Общий рейтинг отражает, сколько вы загрузили или скачали в целом с того момента, как зарегистрировались на сайте.\r\n[color=red][b]5.2.[/b][/color] Запрещены всевозможные способы накрутки рейтинга (читерство)....\r\n[color=red][b]5.3.[/b][/color] При скачивании "серебряных" [img]http://uztor.pw/styles/images/tor_silver.gif[/img] релизов, учитывается 50% скачанного трафика. При этом отданный трафик учитывается полностью.\r\n[color=red][b]5.4.[/b][/color] При скачивании "золотых" [img]http://uztor.pw/styles/images/tor_gold.gif[/img] релизов, скачанный трафик не учитывается. При этом отданный трафик учитывается полностью.\r\n[br][hr][br]\r\n[color=darkblue][b]6. Модераторы.[/b][/color]\r\n[color=red][b]6.1.[/b][/color] Модераторы выбираются только по усмотрению Администрации сайта.\r\n[color=red][b]6.2.[/b][/color] Модератор является представителем Администрации сайта в своем разделе. По всем вопросам в данном разделе обращайтесь к Модераторам.\r\n[color=red][b]6.3.[/b][/color] Модераторы следят за соблюдением Правил форума в своем разделе и неукоснительно соблюдают их сами.\r\n[color=red][b]6.4.[/b][/color] Модератор может отредактировать или удалить сообщение пользователя, если оно нарушает данные Правила.\r\n[color=red][b]8.5.[/b][/color] Модератор может закрыть тему, если тема потеряла актуальность или если участники отклонились от ее сути, или по другим причинам.\r\n[color=red][b]8.6.[/b][/color] Модератор может переместить тему в наиболее подходящий на его взгляд раздел.\r\n[color=red][b]8.7.[/b][/color] Пользователь, не согласный с действиями Модератора, может высказать своё несогласие Модератору по почте или в личном сообщении (ЛС).... Если от Модератора нет ответа или ответ, по мнению пользователя, необоснованный, последний вправе переслать переписку с Модератором Администратору. Решение Администратора в данном случае, является окончательным и необсуждаемым.\r\n[color=red][b]8.8.[/b][/color] Категорически запрещены обращения к Модераторам и Администрации трекера, с просьбами принять на должность Модератора или о вступлении в релиз группы. При наборе пользователей на должность Модератора, а так же, при наборе пользователей в релиз группы, об этом будет сообщено в разделе "Новости трекера"....\r\n[/font]'),
('current_lucker', '5286'),
('lenta_title', 'a:1:{i:0;s:5:"BDRip";}'),
('lenta_poster', 'a:1:{i:0;s:41:"http://img.uz/d/2019/04/5cbb6faeb91d4.jpg";}'),
('lenta_topic_id', 'a:1:{i:0;s:11:"684#torrent";}'),
('seed_bonus_change_nik', '1'),
('seed_bonus_change_nik_price', '10000'),
('lenta_forum_id', 'a:2:{i:0;s:0:"";i:1;s:0:"";}'),
('lenta_desc', 'a:1:{i:0;s:671:"Повседневные проблемы 12-летнего Алекса отходят на второй план после того, как он находит легендарный Экскалибур. И теперь, когда меч короля Артура оказывается в руках самого неудачливого подростка в Британии, начинается грандиозное приключение, в ходе которого Алекс и его друзья должны остановить злую средневековую волшебницу Моргану и не дать ей уничтожить мир.";}'),
('poll_index', '0'),
('poll_name', 'Нравится наш сайт?'),
('poll_vote', 'a:3:{i:0;s:4:"Да";i:1;s:6:"Нет";i:2;s:0:"";}'),
('poll_users', 'a:2:{i:0;i:52;i:1;i:17;}'),
('poll_result', 'a:2:{i:0;i:52;i:1;i:17;}'),
('lenta_quality', 'a:1:{i:0;s:6:"iTunes";}'),
('parsmod_disable', '0'),
('parsmod_rutracker_login', 'Phantom XIII'),
('parsmod_nnm_login', ''),
('parsmod_nnm_password', ''),
('parsmod_rutracker_password', 'mainbios375'),
('show_obaleni_news', '0'),
('medal_display_order', '0'),
('obaleni_news_forum_id', '360,370,369,368,367,366,365,364,363,362,361,371,379,378,377,376,375,374,373,372'),
('max_last_title', '35'),
('t_last_added_num', '7'),
('t_top_downloaded', '7'),
('t_top_uploaders', '15'),
('t_top_downloaders', '15'),
('logo_image_path', 'styles/images/logo'),
('logo_image', 'logo-artur-.png'),
('logo_image_w', '431'),
('logo_image_h', '128'),
('admin_note', ''),
('presents', '1'),
('faq', '12345'),
('faq_bbcode', '12345'),
('faq_utorrent_setup', '12345'),
('faq_download', '12345'),
('medal_display_height', ''),
('medal_display_width', ''),
('medal_display_col', '5'),
('medal_display_row', '1'),
('dis_medal_display', '1'),
('visit_user', '1'),
('visit_user_num', '10'),
('max_ob_title', '50'),
('obaleni_news_count', '10'),
('tt_api', '81a81abced52283c830e7688f08c267e'),
('tt_height', '350'),
('tt_type', '2'),
('tt_width', '640'),
('tt_zone', '787'),
('reports_enabled', '1'),
('report_subject_auth', '1'),
('report_modules_cache', '1'),
('report_hack_count', '6'),
('report_notify', '0'),
('report_list_admin', '0'),
('report_new_window', '0');

-- --------------------------------------------------------

--
-- Структура таблицы `bb_contactus`
--

CREATE TABLE IF NOT EXISTS `bb_contactus` (
  `id` mediumint(8) unsigned NOT NULL AUTO_INCREMENT,
  `msg_type` tinyint(1) NOT NULL,
  `admin_type` tinyint(1) NOT NULL,
  `user_ip` char(32) NOT NULL,
  `msg_time` int(11) NOT NULL DEFAULT '0',
  `name` varchar(25) NOT NULL,
  `email` varchar(255) NOT NULL DEFAULT '',
  `subject` varchar(250) NOT NULL DEFAULT '',
  `massege` text NOT NULL,
  PRIMARY KEY (`id`)
) ENGINE=MyISAM  DEFAULT CHARSET=utf8 AUTO_INCREMENT=11 ;

-- --------------------------------------------------------

--
-- Структура таблицы `bb_cron`
--

CREATE TABLE IF NOT EXISTS `bb_cron` (
  `cron_id` smallint(5) unsigned NOT NULL AUTO_INCREMENT,
  `cron_active` tinyint(4) NOT NULL DEFAULT '1',
  `cron_title` char(120) NOT NULL DEFAULT '',
  `cron_script` char(120) NOT NULL DEFAULT '',
  `schedule` enum('hourly','daily','weekly','monthly','interval') NOT NULL DEFAULT 'daily',
  `run_day` enum('1','2','3','4','5','6','7','8','9','10','11','12','13','14','15','16','17','18','19','20','21','22','23','24','25','26','27','28') DEFAULT NULL,
  `run_time` time DEFAULT '04:00:00',
  `run_order` tinyint(4) unsigned NOT NULL DEFAULT '0',
  `last_run` datetime NOT NULL DEFAULT '0000-00-00 00:00:00',
  `next_run` datetime NOT NULL DEFAULT '0000-00-00 00:00:00',
  `run_interval` time DEFAULT '00:00:00',
  `log_enabled` tinyint(1) NOT NULL DEFAULT '0',
  `log_file` char(120) NOT NULL DEFAULT '',
  `log_sql_queries` tinyint(4) NOT NULL DEFAULT '0',
  `disable_board` tinyint(1) NOT NULL DEFAULT '0',
  `run_counter` bigint(20) unsigned NOT NULL DEFAULT '0',
  PRIMARY KEY (`cron_id`),
  UNIQUE KEY `title` (`cron_title`),
  UNIQUE KEY `script` (`cron_script`)
) ENGINE=MyISAM  DEFAULT CHARSET=utf8 AUTO_INCREMENT=27 ;

--
-- Дамп данных таблицы `bb_cron`
--

INSERT INTO `bb_cron` (`cron_id`, `cron_active`, `cron_title`, `cron_script`, `schedule`, `run_day`, `run_time`, `run_order`, `last_run`, `next_run`, `run_interval`, `log_enabled`, `log_file`, `log_sql_queries`, `disable_board`, `run_counter`) VALUES
(1, 0, 'Attach maintenance', 'attach_maintenance.php', 'daily', '', '05:00:00', 40, '2016-07-30 05:00:17', '2016-07-31 05:00:00', '00:00:00', 1, '', 0, 1, 68),
(2, 1, 'Board maintenance', 'board_maintenance.php', 'daily', '', '05:00:00', 40, '2023-08-03 23:44:24', '2023-08-04 05:00:00', '00:00:00', 1, '', 0, 1, 1177),
(3, 1, 'Prune forums', 'prune_forums.php', 'daily', '', '05:00:00', 50, '2023-08-03 23:44:25', '2023-08-04 05:00:00', '00:00:00', 1, '', 0, 1, 1178),
(4, 1, 'Prune topic moved stubs', 'prune_topic_moved.php', 'daily', '', '05:00:00', 60, '2023-08-03 23:44:26', '2023-08-04 05:00:00', '00:00:00', 1, '', 0, 1, 1177),
(5, 1, 'Logs cleanup', 'clean_log.php', 'daily', '', '05:00:00', 70, '2023-08-03 23:44:27', '2023-08-04 05:00:00', '00:00:00', 1, '', 0, 1, 1179),
(6, 1, 'Tracker maintenance', 'tr_maintenance.php', 'daily', '', '05:00:00', 90, '2023-08-03 23:44:28', '2023-08-04 05:00:00', '00:00:00', 1, '', 0, 1, 1177),
(7, 1, 'Clean dlstat', 'clean_dlstat.php', 'daily', '', '05:00:00', 100, '2023-08-03 23:44:29', '2023-08-04 05:00:00', '00:00:00', 1, '', 0, 1, 1177),
(8, 0, 'Prune inactive users', 'prune_inactive_users.php', 'daily', '', '05:00:00', 110, '2023-08-04 00:59:20', '2023-08-05 05:00:00', '00:00:00', 1, '', 0, 1, 50),
(9, 1, 'Sessions cleanup', 'sessions_cleanup.php', 'interval', '', '00:00:00', 255, '2023-08-04 02:04:24', '2023-08-04 02:09:24', '00:05:00', 0, '', 0, 0, 211203),
(10, 1, 'DS update cat_forums', 'ds_update_cat_forums.php', 'interval', '', '00:00:00', 255, '2023-08-04 02:04:25', '2023-08-04 02:09:25', '00:05:00', 0, '', 0, 0, 204762),
(11, 1, 'DS update stats', 'ds_update_stats.php', 'interval', '', '00:00:00', 255, '2023-08-04 02:04:26', '2023-08-04 02:09:26', '00:05:00', 0, '', 0, 0, 181862),
(12, 1, 'Flash topic view', 'flash_topic_view.php', 'interval', '', '00:00:00', 255, '2023-08-04 02:04:27', '2023-08-04 02:09:27', '00:05:00', 0, '', 0, 0, 178582),
(13, 1, 'Clean search results', 'clean_search_results.php', 'interval', '', '00:00:00', 255, '2023-08-04 02:04:28', '2023-08-04 02:14:28', '00:10:00', 0, '', 0, 0, 120158),
(14, 1, 'Tracker cleanup and dlstat', 'tr_cleanup_and_dlstat.php', 'interval', '', '00:00:00', 20, '2023-08-04 02:04:18', '2023-08-04 02:09:18', '00:05:00', 0, '', 0, 0, 199973),
(15, 1, 'Accrual seedbonus', 'tr_seed_bonus.php', 'interval', '', '00:00:00', 25, '2023-08-04 01:53:29', '2023-08-04 02:08:29', '00:15:00', 0, '', 0, 0, 112264),
(16, 1, 'Make tracker snapshot', 'tr_make_snapshot.php', 'interval', '', '00:00:00', 10, '2023-08-04 02:04:17', '2023-08-04 02:09:17', '00:05:00', 0, '', 0, 0, 221241),
(17, 1, 'Seeder last seen', 'tr_update_seeder_last_seen.php', 'interval', '', '00:00:00', 255, '2023-08-04 01:53:41', '2023-08-04 02:53:41', '01:00:00', 0, '', 0, 0, 54941),
(18, 1, 'Tracker dl-complete count', 'tr_complete_count.php', 'interval', '', '00:00:00', 255, '2023-08-03 23:44:43', '2023-08-04 05:44:43', '06:00:00', 0, '', 0, 0, 47338),
(19, 1, 'Cache garbage collector', 'cache_gc.php', 'interval', '', '00:00:00', 255, '2023-08-04 02:04:29', '2023-08-04 02:09:29', '00:05:00', 0, '', 0, 0, 209796),
(20, 1, 'Sitemap update', 'sitemap.php', 'daily', '', '06:00:00', 30, '2023-08-03 23:44:21', '2023-08-04 06:00:00', '00:00:00', 0, '', 0, 0, 1182),
(21, 1, 'Update forums atom', 'update_forums_atom.php', 'interval', '', '00:00:00', 255, '2023-08-04 01:53:43', '2023-08-04 02:08:43', '00:15:00', 0, '', 0, 0, 85798),
(23, 0, 'Fortune Wheel', 'fortune_wheel.php', 'daily', '', '00:00:01', 255, '2017-12-26 20:10:19', '2017-12-27 00:00:01', '00:00:00', 0, '', 0, 0, 20),
(24, 1, 'Change gold_silver', 'silver_gold_unset.php', 'interval', '', '00:00:00', 255, '2023-08-04 02:04:30', '2023-08-04 02:09:30', '00:05:00', 0, '', 0, 0, 198074),
(26, 1, 'Captcha', 'captcha_gen_gc.php', 'daily', NULL, '05:00:00', 120, '2023-08-03 23:44:31', '2023-08-04 05:00:00', NULL, 0, '', 0, 0, 1027);

-- --------------------------------------------------------

--
-- Структура таблицы `bb_disallow`
--

CREATE TABLE IF NOT EXISTS `bb_disallow` (
  `disallow_id` mediumint(8) unsigned NOT NULL AUTO_INCREMENT,
  `disallow_username` varchar(25) NOT NULL DEFAULT '',
  PRIMARY KEY (`disallow_id`)
) ENGINE=MyISAM DEFAULT CHARSET=utf8 AUTO_INCREMENT=1 ;

-- --------------------------------------------------------

--
-- Структура таблицы `bb_extensions`
--

CREATE TABLE IF NOT EXISTS `bb_extensions` (
  `ext_id` mediumint(8) unsigned NOT NULL AUTO_INCREMENT,
  `group_id` mediumint(8) unsigned NOT NULL DEFAULT '0',
  `extension` varchar(100) NOT NULL DEFAULT '',
  `comment` varchar(100) NOT NULL DEFAULT '',
  PRIMARY KEY (`ext_id`)
) ENGINE=MyISAM  DEFAULT CHARSET=utf8 AUTO_INCREMENT=28 ;

--
-- Дамп данных таблицы `bb_extensions`
--

INSERT INTO `bb_extensions` (`ext_id`, `group_id`, `extension`, `comment`) VALUES
(1, 1, 'gif', ''),
(2, 1, 'png', ''),
(3, 1, 'jpeg', ''),
(4, 1, 'jpg', ''),
(5, 1, 'tif', ''),
(6, 1, 'tga', ''),
(7, 2, 'gtar', ''),
(8, 2, 'gz', ''),
(9, 2, 'tar', ''),
(10, 2, 'zip', ''),
(11, 2, 'rar', ''),
(12, 2, 'ace', ''),
(13, 3, 'txt', ''),
(14, 3, 'c', ''),
(15, 3, 'h', ''),
(16, 3, 'cpp', ''),
(17, 3, 'hpp', ''),
(18, 3, 'diz', ''),
(19, 4, 'xls', ''),
(20, 4, 'doc', ''),
(21, 4, 'dot', ''),
(22, 4, 'pdf', ''),
(23, 4, 'ai', ''),
(24, 4, 'ps', ''),
(25, 4, 'ppt', ''),
(26, 5, 'rm', ''),
(27, 6, 'torrent', '');

-- --------------------------------------------------------

--
-- Структура таблицы `bb_extension_groups`
--

CREATE TABLE IF NOT EXISTS `bb_extension_groups` (
  `group_id` mediumint(8) NOT NULL AUTO_INCREMENT,
  `group_name` varchar(20) NOT NULL DEFAULT '',
  `cat_id` tinyint(2) NOT NULL DEFAULT '0',
  `allow_group` tinyint(1) NOT NULL DEFAULT '0',
  `download_mode` tinyint(1) unsigned NOT NULL DEFAULT '1',
  `upload_icon` varchar(100) NOT NULL DEFAULT '',
  `max_filesize` int(20) NOT NULL DEFAULT '0',
  `forum_permissions` text NOT NULL,
  PRIMARY KEY (`group_id`)
) ENGINE=MyISAM  DEFAULT CHARSET=utf8 AUTO_INCREMENT=7 ;

--
-- Дамп данных таблицы `bb_extension_groups`
--

INSERT INTO `bb_extension_groups` (`group_id`, `group_name`, `cat_id`, `allow_group`, `download_mode`, `upload_icon`, `max_filesize`, `forum_permissions`) VALUES
(1, 'Images', 1, 1, 1, '', 5242880, ''),
(2, 'Archives', 0, 1, 1, '', 5242880, ''),
(3, 'Plain text', 0, 0, 1, '', 5242880, ''),
(4, 'Documents', 0, 0, 1, '', 5242880, ''),
(5, 'Real media', 0, 0, 2, '', 5242880, ''),
(6, 'Torrent', 0, 1, 1, '', 15728640, '');

-- --------------------------------------------------------

--
-- Структура таблицы `bb_forums`
--

CREATE TABLE IF NOT EXISTS `bb_forums` (
  `forum_id` smallint(5) unsigned NOT NULL AUTO_INCREMENT,
  `cat_id` smallint(5) unsigned NOT NULL DEFAULT '0',
  `forum_name` varchar(150) NOT NULL DEFAULT '',
  `forum_desc` text NOT NULL,
  `forum_status` tinyint(4) NOT NULL DEFAULT '0',
  `forum_order` smallint(5) unsigned NOT NULL DEFAULT '1',
  `forum_posts` mediumint(8) unsigned NOT NULL DEFAULT '0',
  `forum_topics` mediumint(8) unsigned NOT NULL DEFAULT '0',
  `forum_last_post_id` mediumint(8) unsigned NOT NULL DEFAULT '0',
  `forum_tpl_id` smallint(6) NOT NULL DEFAULT '0',
  `prune_days` smallint(5) unsigned NOT NULL DEFAULT '0',
  `auth_view` tinyint(2) NOT NULL DEFAULT '0',
  `auth_read` tinyint(2) NOT NULL DEFAULT '0',
  `auth_post` tinyint(2) NOT NULL DEFAULT '0',
  `auth_reply` tinyint(2) NOT NULL DEFAULT '0',
  `auth_edit` tinyint(2) NOT NULL DEFAULT '0',
  `auth_delete` tinyint(2) NOT NULL DEFAULT '0',
  `auth_sticky` tinyint(2) NOT NULL DEFAULT '0',
  `auth_announce` tinyint(2) NOT NULL DEFAULT '0',
  `auth_vote` tinyint(2) NOT NULL DEFAULT '0',
  `auth_pollcreate` tinyint(2) NOT NULL DEFAULT '0',
  `auth_attachments` tinyint(2) NOT NULL DEFAULT '0',
  `auth_download` tinyint(2) NOT NULL DEFAULT '0',
  `allow_reg_tracker` tinyint(1) NOT NULL DEFAULT '0',
  `allow_porno_topic` tinyint(1) NOT NULL DEFAULT '0',
  `self_moderated` tinyint(1) NOT NULL DEFAULT '0',
  `forum_parent` smallint(5) unsigned NOT NULL DEFAULT '0',
  `show_on_index` tinyint(1) NOT NULL DEFAULT '1',
  `forum_display_sort` tinyint(1) NOT NULL DEFAULT '0',
  `forum_display_order` tinyint(1) NOT NULL DEFAULT '0',
  `forum_postcount` tinyint(1) NOT NULL DEFAULT '1',
  `tt_view` tinyint(1) NOT NULL DEFAULT '0',
  PRIMARY KEY (`forum_id`),
  KEY `forums_order` (`forum_order`),
  KEY `cat_id` (`cat_id`),
  KEY `forum_last_post_id` (`forum_last_post_id`),
  KEY `forum_parent` (`forum_parent`)
) ENGINE=MyISAM  DEFAULT CHARSET=utf8 AUTO_INCREMENT=555 ;

--
-- Дамп данных таблицы `bb_forums`
--

INSERT INTO `bb_forums` (`forum_id`, `cat_id`, `forum_name`, `forum_desc`, `forum_status`, `forum_order`, `forum_posts`, `forum_topics`, `forum_last_post_id`, `forum_tpl_id`, `prune_days`, `auth_view`, `auth_read`, `auth_post`, `auth_reply`, `auth_edit`, `auth_delete`, `auth_sticky`, `auth_announce`, `auth_vote`, `auth_pollcreate`, `auth_attachments`, `auth_download`, `allow_reg_tracker`, `allow_porno_topic`, `self_moderated`, `forum_parent`, `show_on_index`, `forum_display_sort`, `forum_display_order`, `forum_postcount`, `tt_view`) VALUES
(7, 4, 'Зарубежные кинофильмы', '', 0, 30, 0, 0, 0, 0, 0, 0, 0, 1, 1, 1, 1, 3, 3, 1, 1, 1, 1, 1, 0, 0, 0, 1, 0, 0, 1, 0),
(4, 2, 'Новости в сети', '', 0, 50, 0, 0, 0, 0, 0, 0, 0, 2, 1, 1, 3, 3, 5, 1, 2, 5, 1, 1, 0, 0, 0, 1, 0, 0, 1, 0),
(2, 2, 'Новости трекера', 'Новости, объявления и другая важная информация.', 0, 10, 0, 0, 0, 0, 0, 0, 0, 3, 1, 3, 5, 5, 3, 1, 5, 5, 1, 1, 0, 0, 0, 1, 0, 0, 1, 0),
(5, 2, 'Наши проекты', '', 0, 40, 0, 0, 0, 0, 0, 0, 0, 5, 1, 5, 5, 5, 5, 1, 5, 5, 1, 0, 0, 0, 0, 1, 2, 1, 1, 0),
(6, 3, 'Правила, инструкции, FAQ-и', 'Самая важная информация для всех пользователей.', 0, 10, 0, 0, 0, 0, 0, 0, 0, 3, 1, 2, 5, 3, 3, 3, 3, 3, 1, 0, 0, 0, 0, 1, 0, 0, 1, 0),
(8, 4, 'Российские кинофильмы', '', 0, 150, 0, 0, 0, 0, 0, 0, 0, 1, 1, 1, 1, 3, 3, 1, 1, 1, 1, 1, 0, 0, 0, 1, 0, 0, 1, 0),
(9, 4, 'Индийские кинофильмы', 'Болливудские, Толливудские, Бенгальские кинофильмы.', 0, 270, 0, 0, 0, 1, 0, 0, 0, 1, 1, 1, 1, 3, 3, 1, 1, 1, 1, 1, 0, 0, 0, 1, 0, 0, 1, 0),
(10, 4, 'Азиатские кинофильмы', 'Кинофильмы Восточной и Юго-Восточной Азии.', 0, 280, 0, 0, 0, 1, 0, 0, 0, 1, 1, 1, 1, 3, 3, 1, 1, 1, 1, 1, 0, 0, 0, 1, 0, 0, 1, 0),
(11, 4, 'Кинофильмы (48-120 FPS)', '', 0, 400, 0, 0, 0, 1, 0, 0, 0, 1, 1, 1, 1, 3, 3, 1, 1, 1, 1, 1, 0, 0, 0, 1, 0, 0, 1, 0),
(12, 5, 'Зарубежные мультфильмы', '', 0, 20, 0, 0, 0, 1, 0, 0, 0, 1, 1, 1, 1, 3, 3, 1, 1, 1, 1, 1, 0, 0, 0, 1, 0, 0, 1, 0),
(13, 5, 'Российские мультфильмы', 'Мультфильмы производства СССР и ВСЕХ стран бывшего Советского Союза (в том числе современные).', 0, 120, 0, 0, 0, 1, 0, 0, 0, 1, 1, 1, 1, 3, 3, 1, 1, 1, 1, 1, 0, 0, 0, 1, 0, 0, 1, 0),
(14, 5, 'Короткометражные мультфильмы', '', 0, 130, 0, 0, 0, 1, 0, 0, 0, 1, 1, 1, 1, 3, 3, 1, 1, 1, 1, 1, 0, 0, 0, 1, 0, 0, 1, 0),
(15, 5, 'Мультсериалы', '', 0, 140, 0, 0, 0, 1, 0, 0, 0, 1, 1, 1, 1, 3, 3, 1, 1, 1, 1, 1, 0, 0, 0, 1, 0, 0, 1, 0),
(16, 5, 'Мультфильмы HEVC & (48-60 fps) и Мультсборники', '', 0, 150, 0, 0, 0, 1, 0, 0, 0, 1, 1, 1, 1, 3, 3, 1, 1, 1, 1, 1, 0, 0, 0, 1, 0, 0, 1, 0),
(17, 6, 'Манга и OVA', '', 0, 20, 0, 0, 0, 0, 0, 0, 0, 1, 1, 1, 1, 3, 3, 1, 1, 1, 1, 0, 0, 0, 0, 1, 0, 0, 1, 0),
(18, 6, 'Сериалы', '', 0, 70, 0, 0, 0, 0, 0, 0, 0, 1, 1, 1, 1, 3, 3, 1, 1, 1, 1, 0, 0, 0, 0, 1, 0, 0, 1, 0),
(19, 6, 'OST', '', 0, 120, 0, 0, 0, 0, 0, 0, 0, 1, 1, 1, 1, 3, 3, 1, 1, 1, 1, 0, 0, 0, 0, 1, 0, 0, 1, 0),
(20, 6, 'Разное', '', 0, 150, 0, 0, 0, 0, 0, 0, 0, 1, 1, 1, 1, 3, 3, 1, 1, 1, 1, 1, 0, 0, 0, 1, 0, 0, 1, 0),
(21, 6, 'Фанарт', '', 0, 40, 0, 0, 0, 0, 0, 0, 0, 1, 1, 1, 1, 3, 3, 1, 1, 1, 1, 1, 0, 0, 17, 1, 0, 0, 1, 0),
(22, 6, 'Обои', '', 0, 30, 0, 0, 0, 0, 0, 0, 0, 1, 1, 1, 1, 3, 3, 1, 1, 1, 1, 1, 0, 0, 17, 1, 0, 0, 1, 0),
(23, 6, 'Артбуки и Полнометражки', '', 0, 50, 0, 0, 0, 0, 0, 0, 0, 1, 1, 1, 1, 3, 3, 1, 1, 1, 1, 1, 0, 0, 17, 1, 0, 0, 1, 0),
(24, 6, 'Манга и OVA', '', 0, 60, 0, 0, 0, 0, 0, 0, 0, 1, 1, 1, 1, 3, 3, 1, 1, 1, 1, 1, 0, 0, 17, 1, 0, 0, 1, 0),
(25, 6, 'Новинки (Онгоинги)', '', 0, 80, 0, 0, 0, 0, 0, 0, 0, 1, 1, 1, 1, 3, 3, 1, 1, 1, 1, 1, 0, 0, 18, 1, 0, 0, 1, 0),
(26, 6, 'Аниме Сериалы', '', 0, 100, 0, 0, 0, 0, 0, 0, 0, 1, 1, 1, 1, 3, 3, 1, 1, 1, 1, 1, 0, 0, 18, 1, 0, 0, 1, 0),
(27, 6, 'Аниме Сериалы (HD)', '', 0, 90, 0, 0, 0, 0, 0, 0, 0, 1, 1, 1, 1, 3, 3, 1, 1, 1, 1, 1, 0, 0, 18, 1, 0, 0, 1, 0),
(28, 6, 'Naruto и Fairy Tail', '', 0, 110, 0, 0, 0, 0, 0, 0, 0, 1, 1, 1, 1, 3, 3, 1, 1, 1, 1, 1, 0, 0, 18, 1, 0, 0, 1, 0),
(29, 6, 'Lossy', '', 0, 130, 0, 0, 0, 0, 0, 0, 0, 1, 1, 1, 1, 3, 3, 1, 1, 1, 1, 1, 0, 0, 19, 1, 0, 0, 1, 0),
(30, 6, 'Lossless', '', 0, 140, 0, 0, 0, 0, 0, 0, 0, 1, 1, 1, 1, 3, 3, 1, 1, 1, 1, 1, 0, 0, 19, 1, 0, 0, 1, 0),
(31, 6, 'AMV и Live Action', '', 0, 160, 0, 0, 0, 0, 0, 0, 0, 1, 1, 1, 1, 3, 3, 1, 1, 1, 1, 1, 0, 0, 20, 1, 0, 0, 1, 0),
(32, 6, 'Игры , Трейлеры и прочее', '', 0, 170, 0, 0, 0, 0, 0, 0, 0, 1, 1, 1, 1, 3, 3, 1, 1, 1, 1, 1, 0, 0, 20, 1, 0, 0, 1, 0),
(33, 4, '3D', '', 0, 140, 0, 0, 0, 1, 0, 0, 0, 1, 1, 1, 1, 3, 3, 1, 1, 1, 1, 1, 0, 0, 7, 1, 0, 0, 1, 0),
(34, 4, 'HD', '', 0, 130, 0, 0, 0, 1, 0, 0, 0, 1, 1, 1, 1, 3, 3, 1, 1, 1, 1, 1, 0, 0, 7, 1, 0, 0, 1, 0),
(35, 4, 'HD-AVC', '', 0, 120, 0, 0, 0, 1, 0, 0, 0, 1, 1, 1, 1, 3, 3, 1, 1, 1, 1, 1, 0, 0, 7, 1, 0, 0, 1, 0),
(36, 4, 'DVDScr, TS, CAMRip и т.п.', '', 0, 100, 0, 0, 0, 1, 0, 0, 0, 1, 1, 1, 1, 3, 3, 1, 1, 1, 1, 1, 0, 0, 7, 1, 0, 0, 1, 0),
(37, 4, 'Фильмологии', '', 0, 90, 0, 0, 0, 1, 0, 0, 0, 1, 1, 1, 1, 3, 3, 1, 1, 1, 1, 1, 0, 0, 7, 1, 0, 0, 1, 0),
(38, 4, 'Фильмы до 2000 года', '', 0, 80, 0, 0, 0, 1, 0, 0, 0, 1, 1, 1, 1, 3, 3, 1, 1, 1, 1, 1, 0, 0, 7, 1, 0, 0, 1, 0),
(39, 4, 'Фильмы 2000-2010 годов', '', 0, 70, 0, 0, 0, 1, 0, 0, 0, 1, 1, 1, 1, 3, 3, 1, 1, 1, 1, 1, 0, 0, 7, 1, 0, 0, 1, 0),
(366, 28, 'Компьютеры и комплектующие', '', 0, 60, 0, 0, 0, 0, 0, 0, 0, 1, 1, 1, 1, 3, 3, 1, 1, 1, 1, 0, 0, 0, 360, 1, 0, 0, 1, 0),
(365, 28, 'Игровые приставки', '', 0, 70, 0, 0, 0, 0, 0, 0, 0, 1, 1, 1, 1, 3, 3, 1, 1, 1, 1, 0, 0, 0, 360, 1, 0, 0, 1, 0),
(346, 4, 'Новинки (С рекламой)', '', 0, 50, 0, 0, 0, 1, 0, 0, 0, 1, 1, 1, 1, 3, 3, 1, 1, 1, 1, 1, 0, 0, 7, 1, 0, 0, 1, 0),
(356, 5, 'HD-AVC', '', 0, 90, 0, 0, 0, 1, 0, 0, 0, 1, 1, 1, 1, 3, 3, 1, 1, 1, 1, 1, 0, 0, 12, 1, 0, 0, 1, 0),
(354, 4, 'Фильмы до 2000 года', '', 0, 330, 0, 0, 0, 1, 0, 0, 0, 1, 1, 1, 1, 3, 3, 1, 1, 1, 1, 1, 0, 0, 308, 1, 0, 0, 1, 0),
(349, 4, '3D', '', 0, 260, 0, 0, 0, 1, 0, 0, 0, 1, 1, 1, 1, 3, 3, 1, 1, 1, 1, 1, 0, 0, 8, 1, 0, 0, 1, 0),
(350, 4, 'Новинки (С рекламой)', '', 0, 170, 0, 0, 0, 1, 0, 0, 0, 1, 1, 1, 1, 3, 3, 1, 1, 1, 1, 1, 0, 0, 8, 1, 0, 0, 1, 0),
(352, 4, 'Фильмы 2011-2018 годов', '', 0, 310, 0, 0, 0, 1, 0, 0, 0, 1, 1, 1, 1, 3, 3, 1, 1, 1, 1, 1, 0, 0, 308, 1, 0, 0, 1, 0),
(353, 4, 'Фильмы 2000-2010 годов', '', 0, 320, 0, 0, 0, 1, 0, 0, 0, 1, 1, 1, 1, 3, 3, 1, 1, 1, 1, 1, 0, 0, 308, 1, 0, 0, 1, 0),
(51, 4, 'Фильмы 2000-2010 годов', '', 0, 190, 0, 0, 0, 1, 0, 0, 0, 1, 1, 1, 1, 3, 3, 1, 1, 1, 1, 1, 0, 0, 8, 1, 0, 0, 1, 0),
(52, 4, 'Фильмы до 2000 года', '', 0, 200, 0, 0, 0, 1, 0, 0, 0, 1, 1, 1, 1, 3, 3, 1, 1, 1, 1, 1, 0, 0, 8, 1, 0, 0, 1, 0),
(53, 4, 'Фильмологии', '', 0, 210, 0, 0, 0, 1, 0, 0, 0, 1, 1, 1, 1, 3, 3, 1, 1, 1, 1, 1, 0, 0, 8, 1, 0, 0, 1, 0),
(54, 4, 'DVDScr, TS, CAMRip и т.п', '', 0, 220, 0, 0, 0, 1, 0, 0, 0, 1, 1, 1, 1, 3, 3, 1, 1, 1, 1, 1, 0, 0, 8, 1, 0, 0, 1, 1),
(55, 5, 'DVDScr, TS, CAMRip , DVD  и т.п', '', 0, 80, 0, 0, 0, 1, 0, 0, 0, 1, 1, 1, 1, 3, 3, 1, 1, 1, 1, 1, 0, 0, 12, 1, 0, 0, 1, 0),
(56, 5, 'Мультфильмы до 2000 года', '', 0, 70, 0, 0, 0, 1, 0, 0, 0, 1, 1, 1, 1, 3, 3, 1, 1, 1, 1, 1, 0, 0, 12, 1, 0, 0, 1, 0),
(57, 5, 'Мультфильмы 2000-2010 годов', '', 0, 60, 0, 0, 0, 1, 0, 0, 0, 1, 1, 1, 1, 3, 3, 1, 1, 1, 1, 1, 0, 0, 12, 1, 0, 0, 1, 0),
(359, 4, 'Фильмологии', '', 0, 410, 0, 0, 0, 0, 0, 0, 0, 1, 1, 1, 1, 3, 3, 1, 1, 1, 1, 1, 0, 0, 11, 1, 0, 0, 1, 0),
(360, 28, 'Предлагаю разное', '', 0, 10, 0, 0, 0, 0, 0, 0, 0, 1, 1, 1, 1, 3, 3, 1, 1, 1, 1, 0, 0, 0, 0, 1, 0, 0, 1, 0),
(361, 28, 'Отдам бесплатно', '', 0, 110, 0, 0, 0, 0, 0, 0, 0, 1, 1, 1, 1, 3, 3, 1, 1, 1, 1, 0, 0, 0, 360, 1, 0, 0, 1, 0),
(362, 28, 'Торговая площадка Steam', '', 0, 100, 0, 0, 0, 0, 0, 0, 0, 1, 1, 1, 1, 3, 3, 1, 1, 1, 1, 0, 0, 0, 360, 1, 0, 0, 1, 0),
(363, 28, 'Сотовые телефоны и КПК', '', 0, 90, 0, 0, 0, 0, 0, 0, 0, 1, 1, 1, 1, 3, 3, 1, 1, 1, 1, 0, 0, 0, 360, 1, 0, 0, 1, 0),
(63, 7, 'Американские и Европейские сериалы', '', 0, 10, 0, 0, 0, 5, 0, 0, 0, 1, 1, 1, 1, 3, 3, 1, 1, 1, 1, 1, 0, 0, 0, 1, 0, 0, 1, 0),
(64, 7, 'Российские сериалы', '', 0, 30, 0, 0, 0, 1, 0, 0, 0, 1, 1, 1, 1, 3, 3, 1, 1, 1, 1, 1, 0, 0, 0, 1, 0, 0, 1, 0),
(65, 7, 'Сериалы других стран', 'Сериалы производства Латинской Америки, Турции, Азии и др.', 0, 40, 0, 0, 0, 1, 0, 0, 0, 1, 1, 1, 1, 3, 3, 1, 1, 1, 1, 1, 0, 0, 0, 1, 0, 0, 1, 0),
(66, 8, 'Разное', '', 0, 110, 0, 0, 0, 1, 0, 0, 0, 1, 1, 1, 1, 3, 3, 1, 1, 1, 1, 1, 0, 0, 0, 1, 0, 0, 1, 0),
(67, 8, 'National Geographic', '', 0, 90, 0, 0, 0, 1, 0, 0, 0, 1, 1, 1, 1, 3, 3, 1, 1, 1, 1, 1, 0, 0, 0, 1, 0, 0, 1, 0),
(68, 8, 'Discovery', '', 0, 100, 0, 0, 0, 1, 0, 0, 0, 1, 1, 1, 1, 3, 3, 1, 1, 1, 1, 1, 0, 0, 0, 1, 0, 0, 1, 0),
(69, 8, 'BBC', '', 0, 80, 0, 0, 0, 1, 0, 0, 0, 1, 1, 1, 1, 3, 3, 1, 1, 1, 1, 1, 0, 0, 0, 1, 0, 0, 1, 0),
(70, 8, 'История', '', 0, 70, 0, 0, 0, 1, 0, 0, 0, 1, 1, 1, 1, 3, 3, 1, 1, 1, 1, 1, 0, 0, 0, 1, 0, 0, 1, 0),
(71, 8, 'Военные хроники', '', 0, 30, 0, 0, 0, 1, 0, 0, 0, 1, 1, 1, 1, 3, 3, 1, 1, 1, 1, 1, 0, 0, 0, 1, 0, 0, 1, 0),
(72, 8, 'Паранормальные явления', '', 0, 20, 0, 0, 0, 1, 0, 0, 0, 1, 1, 1, 1, 3, 3, 1, 1, 1, 1, 1, 0, 0, 0, 1, 0, 0, 1, 0),
(73, 8, 'Научно-популярная документалистика', '', 0, 40, 0, 0, 0, 1, 0, 0, 0, 1, 1, 1, 1, 3, 3, 1, 1, 1, 1, 1, 0, 0, 0, 1, 0, 0, 1, 0),
(74, 8, 'Криминальная документалистика', '', 0, 60, 0, 0, 0, 1, 0, 0, 0, 1, 1, 1, 1, 3, 3, 1, 1, 1, 1, 1, 0, 0, 0, 1, 0, 0, 1, 0),
(75, 8, 'Космос / Авиация', '', 0, 10, 0, 0, 0, 1, 0, 0, 0, 1, 1, 1, 1, 3, 3, 1, 1, 1, 1, 1, 0, 0, 0, 1, 0, 0, 1, 0),
(76, 8, 'Аварии / Катастрофы / Катаклизмы', '', 0, 50, 0, 0, 0, 1, 0, 0, 0, 1, 1, 1, 1, 3, 3, 1, 1, 1, 1, 1, 0, 0, 0, 1, 0, 0, 1, 0),
(77, 10, 'Игры для ПК', '', 0, 20, 0, 0, 0, 0, 0, 1, 1, 1, 1, 1, 1, 3, 3, 1, 1, 1, 1, 0, 0, 0, 0, 1, 0, 0, 1, 0),
(78, 10, 'Игры для консолей', '', 0, 170, 0, 0, 0, 2, 0, 1, 1, 1, 1, 1, 1, 3, 3, 1, 1, 1, 1, 0, 0, 0, 0, 1, 0, 0, 1, 0),
(79, 10, 'PSP и Nintendo', '', 0, 220, 0, 0, 0, 2, 0, 0, 0, 1, 1, 1, 1, 3, 3, 1, 1, 1, 1, 1, 0, 0, 78, 1, 0, 0, 1, 0),
(80, 10, 'Playstation 1 / 2', '', 0, 200, 0, 0, 0, 2, 0, 0, 0, 1, 1, 1, 1, 3, 3, 1, 1, 1, 1, 1, 0, 0, 78, 1, 0, 0, 1, 0),
(81, 10, 'Playstation 3', '', 0, 190, 0, 0, 0, 2, 0, 0, 0, 1, 1, 1, 1, 3, 3, 1, 1, 1, 1, 1, 0, 0, 78, 1, 0, 0, 1, 0),
(82, 10, 'XBOX', '', 0, 210, 0, 0, 0, 2, 0, 0, 0, 1, 1, 1, 1, 3, 3, 1, 1, 1, 1, 1, 0, 0, 78, 1, 0, 0, 1, 0),
(83, 10, 'Патчи, моды, дополнения, DLC и т.п.', '', 0, 160, 0, 0, 0, 2, 0, 0, 0, 1, 1, 1, 1, 3, 3, 1, 1, 1, 1, 1, 0, 0, 77, 1, 0, 0, 1, 0),
(84, 10, 'Старые игры', '', 0, 150, 0, 0, 0, 2, 0, 0, 0, 1, 1, 1, 1, 3, 3, 1, 1, 1, 1, 1, 0, 0, 77, 1, 0, 0, 1, 0),
(85, 10, 'Многопользовательские и онлайн игры', '', 0, 140, 0, 0, 0, 2, 0, 0, 0, 1, 1, 1, 1, 3, 3, 1, 1, 1, 1, 1, 0, 0, 77, 1, 0, 0, 1, 0),
(86, 10, 'Мини-игры', '', 0, 130, 0, 0, 0, 2, 0, 0, 0, 1, 1, 1, 1, 3, 3, 1, 1, 1, 1, 1, 0, 0, 77, 1, 0, 0, 1, 0),
(87, 10, 'Приключения и квесты', '', 0, 120, 0, 0, 0, 2, 0, 0, 0, 1, 1, 1, 1, 3, 3, 1, 1, 1, 1, 1, 0, 0, 77, 1, 0, 0, 1, 0),
(88, 10, 'Симуляторы', '', 0, 110, 0, 0, 0, 2, 0, 0, 0, 1, 1, 1, 1, 3, 3, 1, 1, 1, 1, 1, 0, 0, 77, 1, 0, 0, 1, 0),
(97, 11, 'Разное', '', 0, 10, 0, 0, 0, 1, 0, 0, 0, 1, 1, 1, 1, 3, 3, 1, 1, 1, 1, 1, 0, 0, 0, 1, 0, 0, 1, 0),
(90, 10, 'Cтратегии', '', 0, 100, 0, 0, 0, 2, 0, 0, 0, 1, 1, 1, 1, 3, 3, 1, 1, 1, 1, 1, 0, 0, 77, 1, 0, 0, 1, 0),
(91, 10, 'Аркады', '', 0, 90, 0, 0, 0, 2, 0, 0, 0, 1, 1, 1, 1, 3, 3, 1, 1, 1, 1, 1, 0, 0, 77, 1, 0, 0, 1, 0),
(92, 10, 'RPG', '', 0, 80, 0, 0, 0, 2, 0, 0, 0, 1, 1, 1, 1, 3, 3, 1, 1, 1, 1, 1, 0, 0, 77, 1, 0, 0, 1, 0),
(93, 10, 'Action', '', 0, 70, 0, 0, 0, 2, 0, 0, 0, 1, 1, 1, 1, 3, 3, 1, 1, 1, 1, 1, 0, 0, 77, 1, 0, 0, 1, 0),
(94, 10, 'Горячие новинки (Патчи, моды, дополнения, DLC и т.п.)', '', 0, 60, 0, 0, 0, 2, 0, 0, 0, 1, 1, 1, 1, 3, 3, 1, 1, 1, 1, 1, 0, 0, 77, 1, 0, 0, 1, 0),
(95, 10, 'Горячие новинки (Repack`s)', '', 0, 50, 0, 0, 0, 2, 0, 0, 0, 1, 1, 1, 1, 3, 3, 1, 1, 1, 1, 1, 0, 0, 77, 1, 0, 0, 1, 0),
(96, 10, 'Горячие новинки (License`s)', '', 0, 40, 0, 0, 0, 2, 0, 0, 0, 1, 1, 1, 1, 3, 3, 1, 1, 1, 1, 1, 0, 0, 77, 1, 0, 0, 1, 0),
(98, 11, 'Comedy Club', '', 0, 20, 0, 0, 0, 1, 0, 0, 0, 1, 1, 1, 1, 3, 3, 1, 1, 1, 1, 1, 0, 0, 0, 1, 0, 0, 1, 0),
(99, 11, 'Интернет-передачи', '', 0, 30, 0, 0, 0, 1, 0, 0, 0, 1, 1, 1, 1, 3, 3, 1, 1, 1, 1, 1, 0, 0, 0, 1, 0, 0, 1, 0),
(100, 11, 'КВН', '', 0, 40, 0, 0, 0, 1, 0, 0, 0, 1, 1, 1, 1, 3, 3, 1, 1, 1, 1, 1, 0, 0, 0, 1, 0, 0, 1, 0),
(101, 11, 'Интеллектуальные игры и викторины', '', 0, 50, 0, 0, 0, 1, 0, 0, 0, 1, 1, 1, 1, 3, 3, 1, 1, 1, 1, 1, 0, 0, 0, 1, 0, 0, 1, 0),
(102, 12, 'Направления (lossy)', '', 0, 20, 0, 0, 0, 3, 0, 0, 0, 1, 1, 1, 1, 3, 3, 1, 1, 1, 1, 1, 0, 0, 0, 1, 2, 0, 1, 0),
(103, 12, 'Другие направления', '', 0, 120, 0, 0, 0, 3, 0, 1, 1, 1, 1, 1, 1, 3, 3, 1, 1, 1, 1, 1, 0, 0, 102, 1, 0, 0, 1, 0),
(104, 12, 'Поп музыка, Eurodance, Disco (lossy)', '', 0, 70, 0, 0, 0, 3, 0, 0, 0, 1, 1, 1, 1, 3, 3, 1, 1, 1, 1, 1, 0, 0, 102, 1, 0, 0, 1, 0),
(105, 12, 'Рэп, Хип-Хоп, R''n''B (lossy)', '', 0, 60, 0, 0, 0, 3, 0, 0, 0, 1, 1, 1, 1, 3, 3, 1, 1, 1, 1, 1, 0, 0, 102, 1, 0, 0, 1, 0),
(106, 12, 'Электронная музыка (lossy)', '', 0, 50, 0, 0, 0, 3, 0, 0, 0, 1, 1, 1, 1, 3, 3, 1, 1, 1, 1, 1, 0, 0, 102, 1, 0, 0, 1, 0),
(107, 12, 'Рок', '', 0, 240, 0, 0, 0, 3, 0, 0, 0, 1, 1, 1, 1, 3, 3, 1, 1, 1, 1, 0, 0, 0, 0, 1, 0, 0, 1, 0),
(108, 12, 'Музыкальные видеоклипы и концерты', '', 0, 320, 0, 0, 0, 1, 0, 0, 0, 1, 1, 1, 1, 3, 3, 1, 1, 1, 1, 1, 0, 0, 0, 1, 0, 0, 1, 0),
(109, 12, 'Минусовки', '', 0, 400, 0, 0, 0, 3, 0, 0, 0, 1, 1, 1, 1, 3, 3, 1, 1, 1, 1, 0, 0, 0, 0, 1, 0, 0, 1, 0),
(110, 12, 'Саундтреки (lossy)', '', 0, 410, 0, 0, 0, 3, 0, 0, 0, 1, 1, 1, 1, 3, 3, 1, 1, 1, 1, 1, 0, 0, 0, 1, 2, 0, 1, 0),
(111, 12, 'Авторская песня', '', 0, 430, 0, 0, 0, 3, 0, 0, 0, 1, 1, 1, 1, 3, 3, 1, 1, 1, 1, 1, 0, 0, 0, 1, 0, 0, 1, 0),
(112, 12, 'Концерты и клипы', '', 0, 310, 0, 0, 0, 1, 0, 0, 0, 1, 1, 1, 1, 3, 3, 1, 1, 1, 1, 1, 0, 0, 107, 1, 0, 0, 1, 0),
(113, 12, 'Industrial', '', 0, 300, 0, 0, 0, 3, 0, 0, 0, 1, 1, 1, 1, 3, 3, 1, 1, 1, 1, 1, 0, 0, 107, 1, 0, 0, 1, 0),
(114, 12, 'Alternative', '', 0, 290, 0, 0, 0, 3, 0, 0, 0, 1, 1, 1, 1, 3, 3, 1, 1, 1, 1, 1, 0, 0, 107, 1, 0, 0, 1, 0),
(115, 12, 'Metal', '', 0, 260, 0, 0, 0, 3, 0, 0, 0, 1, 1, 1, 1, 3, 3, 1, 1, 1, 1, 1, 0, 0, 107, 1, 0, 0, 1, 0),
(116, 12, 'Rock', '', 0, 250, 0, 0, 0, 3, 0, 0, 0, 1, 1, 1, 1, 3, 3, 1, 1, 1, 1, 1, 0, 0, 107, 1, 0, 0, 1, 0),
(117, 2, 'Новости дня', '', 0, 200, 0, 0, 0, 0, 0, 0, 0, 2, 1, 1, 3, 3, 5, 1, 2, 5, 1, 0, 0, 0, 4, 1, 0, 0, 1, 0),
(118, 2, 'Новости Узбекистана', '', 0, 190, 0, 0, 0, 0, 0, 0, 0, 2, 1, 1, 3, 3, 5, 1, 2, 5, 1, 0, 0, 0, 4, 1, 0, 0, 1, 0),
(119, 2, 'Познавательно', '', 0, 180, 0, 0, 0, 0, 0, 0, 0, 2, 1, 1, 3, 3, 5, 1, 2, 5, 1, 0, 0, 0, 4, 1, 0, 0, 1, 0),
(120, 2, 'Новости игровой индустрии', '', 0, 170, 0, 0, 0, 0, 0, 0, 0, 2, 1, 1, 3, 3, 5, 1, 2, 5, 1, 0, 0, 0, 4, 1, 0, 0, 1, 0),
(121, 2, 'Новости мира IT технологий', '', 0, 160, 0, 0, 0, 0, 0, 0, 0, 2, 1, 1, 3, 3, 5, 1, 2, 5, 1, 0, 0, 0, 4, 1, 0, 0, 1, 0),
(122, 2, 'Новости ПО', '', 0, 150, 0, 0, 0, 0, 0, 0, 0, 2, 1, 1, 3, 3, 5, 1, 2, 5, 1, 0, 0, 0, 4, 1, 0, 0, 1, 0),
(123, 2, 'Новости Кино, Музыки . ТВ и Спорта', '', 0, 140, 0, 0, 0, 0, 0, 0, 0, 2, 1, 1, 3, 3, 5, 1, 2, 2, 1, 0, 0, 0, 4, 1, 0, 0, 1, 0),
(124, 13, 'Операционные системы', '', 0, 20, 0, 0, 0, 4, 0, 1, 1, 1, 1, 1, 1, 3, 3, 1, 1, 1, 1, 1, 0, 0, 0, 1, 0, 0, 1, 0),
(125, 13, 'Софт для Windows', '', 0, 140, 0, 0, 0, 4, 0, 0, 0, 1, 1, 1, 1, 3, 3, 1, 1, 1, 1, 1, 0, 0, 0, 1, 0, 0, 1, 0),
(126, 13, 'Софт для Linux / Unix', '', 0, 370, 0, 0, 0, 4, 0, 0, 0, 1, 1, 1, 1, 3, 3, 1, 1, 1, 1, 1, 0, 0, 0, 1, 0, 0, 1, 0),
(127, 13, 'Софт для Apple Macintosh', '', 0, 380, 0, 0, 0, 4, 0, 1, 1, 1, 1, 1, 1, 3, 3, 1, 1, 1, 1, 1, 0, 0, 0, 1, 0, 0, 1, 0),
(128, 13, 'Linux / Unix', '', 0, 120, 0, 0, 0, 4, 0, 0, 0, 1, 1, 1, 1, 3, 3, 1, 1, 1, 1, 1, 0, 0, 124, 1, 0, 0, 1, 0),
(129, 13, 'Windows Server', '', 0, 110, 0, 0, 0, 4, 0, 0, 0, 1, 1, 1, 1, 3, 3, 1, 1, 1, 1, 1, 0, 0, 124, 1, 0, 0, 1, 0),
(130, 13, 'Сборка Windows XP', '', 0, 100, 0, 0, 0, 4, 0, 0, 0, 1, 1, 1, 1, 3, 3, 1, 1, 1, 1, 1, 0, 0, 124, 1, 0, 0, 1, 0),
(132, 13, 'Сборка Windows 7', '', 0, 80, 0, 0, 0, 4, 0, 0, 0, 1, 1, 1, 1, 3, 3, 1, 1, 1, 1, 1, 0, 0, 124, 1, 0, 0, 1, 0),
(133, 13, 'Сборка Windows 8.1', '', 0, 60, 0, 0, 0, 4, 0, 0, 0, 1, 1, 1, 1, 3, 3, 1, 1, 1, 1, 1, 0, 0, 124, 1, 0, 0, 1, 0),
(134, 13, 'Сборка Windows 10', '', 0, 40, 0, 0, 0, 4, 0, 0, 0, 1, 1, 1, 1, 3, 3, 1, 1, 1, 1, 1, 0, 0, 124, 1, 0, 0, 1, 0),
(520, 13, 'Драйверы', '', 0, 350, 0, 0, 0, 4, 0, 0, 0, 1, 1, 1, 1, 3, 3, 1, 1, 1, 1, 1, 0, 0, 125, 1, 0, 0, 1, 0),
(521, 13, 'Виртуальные машины', '', 0, 340, 0, 0, 0, 4, 0, 0, 0, 1, 1, 1, 1, 3, 3, 1, 1, 1, 1, 1, 0, 0, 125, 1, 0, 0, 1, 0),
(522, 13, 'Обслуживание HDD-SSD', '', 0, 330, 0, 0, 0, 4, 0, 0, 0, 1, 1, 1, 1, 3, 3, 1, 1, 1, 1, 1, 0, 0, 125, 1, 0, 0, 1, 0),
(523, 13, 'Запись', '', 0, 320, 0, 0, 0, 4, 0, 0, 0, 1, 1, 1, 1, 3, 3, 1, 1, 1, 1, 1, 0, 0, 125, 1, 0, 0, 1, 0),
(524, 13, 'Медиа редакторы', '', 0, 310, 0, 0, 0, 4, 0, 0, 0, 1, 1, 1, 1, 3, 3, 1, 1, 1, 1, 1, 0, 0, 125, 1, 0, 0, 1, 0),
(525, 13, 'Конвертеры', '', 0, 300, 0, 0, 0, 4, 0, 0, 0, 1, 1, 1, 1, 3, 3, 1, 1, 1, 1, 1, 0, 0, 125, 1, 0, 0, 1, 0),
(526, 13, 'Удаление', '', 0, 290, 0, 0, 0, 4, 0, 0, 0, 1, 1, 1, 1, 3, 3, 1, 1, 1, 1, 1, 0, 0, 125, 1, 0, 0, 1, 0),
(527, 13, 'Инсталляция', '', 0, 280, 0, 0, 0, 4, 0, 0, 0, 1, 1, 1, 1, 3, 3, 1, 1, 1, 1, 1, 0, 0, 125, 1, 0, 0, 1, 0),
(528, 13, 'Архиваторы', '', 0, 270, 0, 0, 0, 4, 0, 0, 0, 1, 1, 1, 1, 3, 3, 1, 1, 1, 1, 1, 0, 0, 125, 1, 0, 0, 1, 0),
(145, 14, 'Книги', '', 0, 20, 0, 0, 0, 0, 0, 0, 0, 1, 1, 1, 1, 3, 3, 1, 1, 1, 1, 1, 0, 0, 0, 1, 0, 0, 1, 0),
(146, 14, 'Аудиокниги', '', 0, 130, 0, 0, 0, 0, 0, 0, 0, 1, 1, 1, 1, 3, 3, 1, 1, 1, 1, 1, 0, 0, 0, 1, 0, 0, 1, 0),
(147, 14, 'Журналы', '', 0, 170, 0, 0, 0, 0, 0, 0, 0, 1, 1, 1, 1, 3, 3, 1, 1, 1, 1, 1, 0, 0, 0, 1, 0, 0, 1, 0),
(148, 14, 'Изучение иностранных языков', '', 0, 80, 0, 0, 0, 0, 0, 0, 0, 1, 1, 1, 1, 3, 3, 1, 1, 1, 1, 1, 0, 0, 145, 1, 0, 0, 1, 0),
(149, 14, 'Здоровье и спорт', '', 0, 70, 0, 0, 0, 0, 0, 0, 0, 1, 1, 1, 1, 3, 3, 1, 1, 1, 1, 1, 0, 0, 145, 1, 0, 0, 1, 0),
(150, 14, 'Кулинария', '', 0, 60, 0, 0, 0, 0, 0, 0, 0, 1, 1, 1, 1, 3, 3, 1, 1, 1, 1, 1, 0, 0, 145, 1, 0, 0, 1, 0),
(151, 14, 'Учебная литература', '', 0, 50, 0, 0, 0, 0, 0, 0, 0, 1, 1, 1, 1, 3, 3, 1, 1, 1, 1, 1, 0, 0, 145, 1, 0, 0, 1, 0),
(152, 14, 'Художественная литература', '', 0, 40, 0, 0, 0, 0, 0, 0, 0, 1, 1, 1, 1, 3, 3, 1, 1, 1, 1, 1, 0, 0, 145, 1, 0, 0, 1, 0),
(153, 14, 'Аудиокниги на других языках', '', 0, 160, 0, 0, 0, 0, 0, 0, 0, 1, 1, 1, 1, 3, 3, 1, 1, 1, 1, 1, 0, 0, 146, 1, 2, 0, 1, 0),
(154, 14, 'Аудиокниги на английском языке', '', 0, 150, 0, 0, 0, 0, 0, 0, 0, 1, 1, 1, 1, 3, 3, 1, 1, 1, 1, 1, 0, 0, 146, 1, 0, 0, 1, 0),
(155, 14, 'Аудиокниги на русском языке', '', 0, 140, 0, 0, 0, 0, 0, 0, 0, 1, 1, 1, 1, 3, 3, 1, 1, 1, 1, 1, 0, 0, 146, 1, 0, 0, 1, 0),
(156, 15, 'Обучение иностранным языкам', '', 0, 10, 0, 0, 0, 0, 0, 0, 0, 1, 1, 1, 1, 3, 3, 1, 1, 1, 1, 1, 0, 0, 0, 1, 0, 0, 1, 0),
(157, 15, 'Компьютерные видео уроки', '', 0, 40, 0, 0, 0, 0, 0, 0, 0, 1, 1, 1, 1, 3, 3, 1, 1, 1, 1, 1, 0, 0, 0, 1, 0, 0, 1, 0),
(158, 15, 'Другие видео уроки', '', 0, 90, 0, 0, 0, 0, 0, 0, 0, 1, 1, 1, 1, 3, 3, 1, 1, 1, 1, 1, 0, 0, 0, 1, 0, 0, 1, 0),
(159, 15, 'Аудио курсы', '', 0, 30, 0, 0, 0, 0, 0, 0, 0, 1, 1, 1, 1, 3, 3, 1, 1, 1, 1, 1, 0, 0, 156, 1, 0, 0, 1, 0),
(160, 15, 'Интерактивные курсы', '', 0, 20, 0, 0, 0, 0, 0, 0, 0, 1, 1, 1, 1, 3, 3, 1, 1, 1, 1, 1, 0, 0, 156, 1, 0, 0, 1, 0),
(161, 15, 'Работа с Аудио', '', 0, 60, 0, 0, 0, 0, 0, 0, 0, 1, 1, 1, 1, 3, 3, 1, 1, 1, 1, 1, 0, 0, 157, 1, 0, 0, 1, 0),
(162, 15, '3D графика', '', 0, 70, 0, 0, 0, 0, 0, 0, 0, 1, 1, 1, 1, 3, 3, 1, 1, 1, 1, 1, 0, 0, 157, 1, 0, 0, 1, 0),
(163, 15, '2D графика', '', 0, 80, 0, 0, 0, 0, 0, 0, 0, 1, 1, 1, 1, 3, 3, 1, 1, 1, 1, 1, 0, 0, 157, 1, 0, 0, 1, 0),
(164, 15, 'Работа с Видео', '', 0, 50, 0, 0, 0, 0, 0, 0, 0, 1, 1, 1, 1, 3, 3, 1, 1, 1, 1, 1, 0, 0, 157, 1, 0, 0, 1, 0),
(165, 16, 'Игры', '', 0, 20, 0, 0, 0, 0, 0, 0, 0, 1, 1, 1, 1, 3, 3, 1, 1, 1, 1, 1, 0, 0, 0, 1, 0, 0, 1, 0),
(166, 16, 'Приложения', '', 0, 80, 0, 0, 0, 0, 0, 0, 0, 1, 1, 1, 1, 3, 3, 1, 1, 1, 1, 1, 0, 0, 0, 1, 0, 0, 1, 0),
(167, 16, 'Прошивки', '', 0, 140, 0, 0, 0, 0, 0, 0, 0, 1, 1, 1, 1, 3, 3, 1, 1, 1, 1, 1, 0, 0, 0, 1, 0, 0, 1, 0),
(168, 19, 'Для пробных раздач', '', 0, 10, 0, 0, 0, 0, 0, 0, 0, 0, 0, 1, 1, 3, 3, 1, 1, 1, 0, 1, 0, 0, 0, 1, 0, 0, 1, 0),
(169, 19, 'Нарушение правил оформления', '', 0, 20, 0, 0, 0, 0, 0, 0, 0, 1, 1, 1, 1, 3, 3, 1, 1, 1, 1, 1, 0, 0, 0, 1, 0, 0, 1, 0),
(170, 19, 'Архив', '', 1, 30, 0, 0, 0, 0, 0, 0, 0, 1, 1, 1, 1, 3, 3, 1, 1, 1, 1, 1, 0, 0, 0, 1, 0, 0, 1, 0),
(171, 17, 'Графические изображения', '', 0, 20, 0, 0, 0, 0, 0, 0, 0, 1, 1, 1, 1, 3, 3, 1, 1, 1, 1, 1, 0, 0, 0, 1, 2, 0, 1, 0),
(172, 17, 'Обои', '', 0, 30, 0, 0, 0, 0, 0, 0, 0, 1, 1, 1, 1, 3, 3, 1, 1, 1, 1, 1, 0, 0, 171, 1, 2, 0, 1, 0),
(173, 17, 'Картинки', '', 0, 40, 0, 0, 0, 0, 0, 0, 0, 1, 1, 1, 1, 3, 3, 1, 1, 1, 1, 1, 0, 0, 171, 1, 2, 0, 1, 0),
(174, 17, 'Фотографии', '', 0, 50, 0, 0, 0, 0, 0, 0, 0, 1, 1, 1, 1, 3, 3, 1, 1, 1, 1, 1, 0, 0, 171, 1, 2, 0, 1, 0),
(175, 17, 'Обложки', '', 0, 60, 0, 0, 0, 0, 0, 0, 0, 1, 1, 1, 1, 3, 3, 1, 1, 1, 1, 1, 0, 0, 171, 1, 2, 0, 1, 0),
(176, 17, 'Аватарки, Иконки и пр.', '', 0, 70, 0, 0, 0, 0, 0, 0, 0, 1, 1, 1, 1, 3, 3, 1, 1, 1, 1, 1, 0, 0, 171, 1, 2, 0, 1, 0),
(177, 17, 'Дизайнерские материалы', '', 0, 80, 0, 0, 0, 0, 0, 0, 0, 1, 1, 1, 1, 3, 3, 1, 1, 1, 1, 1, 0, 0, 0, 1, 2, 0, 1, 0),
(178, 17, 'Всё для 3d графики', '', 0, 100, 0, 0, 0, 0, 0, 0, 0, 1, 1, 1, 1, 3, 3, 1, 1, 1, 1, 1, 0, 0, 177, 1, 2, 0, 1, 0),
(179, 17, 'Всё для 2d графики', '', 0, 90, 0, 0, 0, 0, 0, 0, 0, 1, 1, 1, 1, 3, 3, 1, 1, 1, 1, 1, 0, 0, 177, 1, 2, 0, 1, 0),
(180, 18, 'Для общения пользователей', '', 0, 10, 0, 0, 0, 0, 0, 0, 0, 1, 1, 1, 1, 5, 5, 1, 1, 1, 1, 0, 0, 0, 0, 1, 2, 0, 1, 0),
(181, 18, 'Форумные игры', '', 0, 40, 0, 0, 0, 0, 0, 0, 0, 1, 1, 1, 1, 5, 5, 1, 1, 1, 1, 0, 0, 0, 180, 1, 2, 0, 1, 0),
(182, 18, 'Викторины и Конкурсы', '', 0, 30, 0, 0, 0, 0, 0, 0, 0, 1, 1, 1, 1, 5, 5, 1, 1, 1, 1, 0, 0, 0, 180, 1, 2, 0, 1, 0),
(183, 18, 'Тема Недели', '', 0, 20, 0, 0, 0, 0, 0, 0, 0, 1, 1, 1, 1, 5, 5, 1, 1, 1, 1, 0, 0, 0, 180, 1, 2, 0, 1, 0),
(185, 18, 'Обсуждение провайдеров', '', 0, 50, 0, 0, 0, 0, 0, 0, 0, 1, 1, 1, 1, 5, 5, 1, 1, 1, 1, 0, 0, 0, 0, 1, 2, 0, 1, 0),
(186, 18, 'UzNet & TShTT & UzOnline', '', 0, 170, 0, 0, 0, 0, 0, 0, 0, 1, 1, 1, 1, 5, 5, 1, 1, 1, 1, 0, 0, 0, 185, 1, 2, 0, 1, 0),
(187, 18, 'TPS', '', 0, 160, 0, 0, 0, 0, 0, 0, 0, 1, 1, 1, 1, 5, 5, 1, 1, 1, 1, 0, 0, 0, 185, 1, 2, 0, 1, 0),
(188, 18, 'SOHO Networks', '', 0, 150, 0, 0, 0, 0, 0, 0, 0, 1, 1, 1, 1, 5, 5, 1, 1, 1, 1, 0, 0, 0, 185, 1, 2, 0, 1, 0),
(189, 18, 'Sharq Telecom', '', 0, 140, 0, 0, 0, 0, 0, 0, 0, 1, 1, 1, 1, 5, 5, 1, 1, 1, 1, 0, 0, 0, 185, 1, 0, 0, 1, 0),
(190, 18, 'Sarkor Telecom', '', 0, 130, 0, 0, 0, 0, 0, 0, 0, 1, 1, 1, 1, 5, 5, 1, 1, 1, 1, 0, 0, 0, 185, 1, 2, 0, 1, 0),
(191, 18, 'Inform Service TV', '', 0, 120, 0, 0, 0, 0, 0, 0, 0, 1, 1, 1, 1, 5, 5, 1, 1, 1, 1, 0, 0, 0, 185, 1, 2, 0, 1, 0),
(192, 18, 'EVO', '', 0, 110, 0, 0, 0, 0, 0, 0, 0, 1, 1, 1, 1, 5, 5, 1, 1, 1, 1, 0, 0, 0, 185, 1, 2, 0, 1, 0),
(193, 18, 'Comnet', '', 0, 100, 0, 0, 0, 0, 0, 0, 0, 1, 1, 1, 1, 5, 5, 1, 1, 1, 1, 0, 0, 0, 185, 1, 2, 0, 1, 0),
(194, 18, 'Cron Telecom', '', 0, 90, 0, 0, 0, 0, 0, 0, 0, 1, 1, 1, 1, 5, 5, 1, 1, 1, 1, 0, 0, 0, 185, 1, 2, 0, 1, 0),
(195, 18, 'Beeline', '', 0, 80, 0, 0, 0, 0, 0, 0, 0, 1, 1, 1, 1, 5, 5, 1, 1, 1, 1, 0, 0, 0, 185, 1, 2, 0, 1, 0),
(196, 18, 'Ars-Inform', '', 0, 70, 0, 0, 0, 0, 0, 0, 0, 1, 1, 1, 1, 5, 5, 1, 1, 1, 1, 0, 0, 0, 185, 1, 2, 0, 1, 0),
(197, 18, 'Пользовательская реклама', '', 0, 180, 0, 0, 0, 0, 0, 0, 0, 1, 1, 1, 1, 5, 5, 1, 1, 1, 1, 0, 0, 0, 0, 1, 2, 0, 1, 0),
(198, 18, 'Место сбора релиз-групп', '', 0, 190, 0, 0, 0, 0, 0, 0, 0, 1, 1, 1, 1, 5, 5, 1, 1, 1, 1, 0, 0, 0, 0, 1, 2, 0, 1, 0),
(199, 16, 'Symbian', '', 0, 70, 0, 0, 0, 0, 0, 0, 0, 1, 1, 1, 1, 3, 3, 1, 1, 1, 1, 1, 0, 0, 165, 1, 2, 0, 1, 0),
(200, 16, 'Android', '', 0, 60, 0, 0, 0, 0, 0, 0, 0, 1, 1, 1, 1, 3, 3, 1, 1, 1, 1, 1, 0, 0, 165, 1, 2, 0, 1, 0),
(201, 16, 'iOS', '', 0, 50, 0, 0, 0, 0, 0, 0, 0, 1, 1, 1, 1, 3, 3, 1, 1, 1, 1, 1, 0, 0, 165, 1, 2, 0, 1, 0),
(202, 16, 'Windows Mobile / Windows Phone', '', 0, 40, 0, 0, 0, 0, 0, 0, 0, 1, 1, 1, 1, 3, 3, 1, 1, 1, 1, 1, 0, 0, 165, 1, 2, 0, 1, 0),
(203, 16, 'Java', '', 0, 30, 0, 0, 0, 0, 0, 0, 0, 1, 1, 1, 1, 3, 3, 1, 1, 1, 1, 1, 0, 0, 165, 1, 2, 0, 1, 0),
(204, 16, 'Symbian', '', 0, 130, 0, 0, 0, 0, 0, 0, 0, 1, 1, 1, 1, 3, 3, 1, 1, 1, 1, 1, 0, 0, 166, 1, 2, 0, 1, 0),
(205, 16, 'Android', '', 0, 120, 0, 0, 0, 0, 0, 0, 0, 1, 1, 1, 1, 3, 3, 1, 1, 1, 1, 1, 0, 0, 166, 1, 2, 0, 1, 0),
(206, 16, 'iOS', '', 0, 110, 0, 0, 0, 0, 0, 0, 0, 1, 1, 1, 1, 3, 3, 1, 1, 1, 1, 1, 0, 0, 166, 1, 2, 0, 1, 0),
(207, 16, 'Windows Mobile / Windows Phone', '', 0, 100, 0, 0, 0, 0, 0, 0, 0, 1, 1, 1, 1, 3, 3, 1, 1, 1, 1, 1, 0, 0, 166, 1, 2, 0, 1, 0),
(208, 16, 'Java', '', 0, 90, 0, 0, 0, 0, 0, 0, 0, 1, 1, 1, 1, 3, 3, 1, 1, 1, 1, 1, 0, 0, 166, 1, 2, 0, 1, 0),
(209, 16, 'Другие', '', 0, 200, 0, 0, 0, 0, 0, 0, 0, 1, 1, 1, 1, 3, 3, 1, 1, 1, 1, 1, 0, 0, 167, 1, 2, 0, 1, 0),
(210, 16, 'Symbian', '', 0, 190, 0, 0, 0, 0, 0, 0, 0, 1, 1, 1, 1, 3, 3, 1, 1, 1, 1, 1, 0, 0, 167, 1, 2, 0, 1, 0),
(211, 16, 'Android', '', 0, 180, 0, 0, 0, 0, 0, 0, 0, 1, 1, 1, 1, 3, 3, 1, 1, 1, 1, 1, 0, 0, 167, 1, 2, 0, 1, 0),
(212, 16, 'iOS', '', 0, 170, 0, 0, 0, 0, 0, 0, 0, 1, 1, 1, 1, 3, 3, 1, 1, 1, 1, 1, 0, 0, 167, 1, 2, 0, 1, 0),
(213, 16, 'Windows Mobile / Windows Phone', '', 0, 160, 0, 0, 0, 0, 0, 0, 0, 1, 1, 1, 1, 3, 3, 1, 1, 1, 1, 1, 0, 0, 167, 1, 2, 0, 1, 0),
(214, 16, 'Java', '', 0, 150, 0, 0, 0, 0, 0, 0, 0, 1, 1, 1, 1, 3, 3, 1, 1, 1, 1, 1, 0, 0, 167, 1, 2, 0, 1, 0),
(215, 16, 'Дополнительно', '', 0, 210, 0, 0, 0, 0, 0, 0, 0, 1, 1, 1, 1, 3, 3, 1, 1, 1, 1, 1, 0, 0, 0, 1, 2, 0, 1, 0),
(216, 16, 'Темы и Обои', '', 0, 250, 0, 0, 0, 0, 0, 0, 0, 1, 1, 1, 1, 3, 3, 1, 1, 1, 1, 1, 0, 0, 215, 1, 2, 0, 1, 0),
(217, 16, 'Мелодии', '', 0, 240, 0, 0, 0, 0, 0, 0, 0, 1, 1, 1, 1, 3, 3, 1, 1, 1, 1, 1, 0, 0, 215, 1, 2, 0, 1, 0),
(218, 16, 'Видео', '', 0, 230, 0, 0, 0, 0, 0, 0, 0, 1, 1, 1, 1, 3, 3, 1, 1, 1, 1, 1, 0, 0, 215, 1, 2, 0, 1, 0),
(219, 16, 'Софт для работы с телефоном', '', 0, 220, 0, 0, 0, 0, 0, 0, 0, 1, 1, 1, 1, 3, 3, 1, 1, 1, 1, 1, 0, 0, 215, 1, 2, 0, 1, 0),
(220, 20, 'Подготовка', 'Здесь ведется заготовка всех правил, правил разделов, релизов, новостей, заготовка администраторских релизов и т.д. (эту страничку видят только администраторы)', 0, 10, 0, 0, 0, 0, 0, 5, 5, 5, 5, 5, 5, 5, 5, 5, 5, 5, 5, 1, 1, 0, 0, 1, 2, 0, 1, 0),
(221, 20, 'Обсуждение', 'Здесь ведется обсуждение всех аспектов требующих внимания всех администраторов (эту страничку видят только администраторы)', 0, 20, 0, 0, 0, 0, 0, 5, 5, 5, 5, 5, 5, 5, 5, 5, 5, 5, 5, 1, 1, 0, 0, 1, 2, 0, 1, 0),
(224, 20, 'Модификации', 'Здесь ведется обсуждение всех новых модификаций а так же программных багов и прочее', 0, 30, 0, 0, 0, 0, 0, 5, 5, 5, 5, 5, 5, 5, 5, 5, 5, 5, 5, 1, 1, 0, 221, 0, 2, 0, 1, 0),
(225, 12, 'Джаз и блюз (lossy)', '', 0, 40, 0, 0, 0, 3, 0, 0, 0, 1, 1, 1, 1, 3, 3, 1, 1, 1, 1, 1, 0, 0, 102, 1, 2, 0, 1, 0),
(226, 12, 'Классическая музыка (lossy)', '', 0, 30, 0, 0, 0, 3, 0, 0, 0, 1, 1, 1, 1, 3, 3, 1, 1, 1, 1, 1, 0, 0, 102, 1, 2, 0, 1, 0),
(358, 4, 'Арт-хаус и авторское кино', '', 0, 360, 0, 0, 0, 1, 0, 0, 0, 1, 1, 1, 1, 3, 3, 1, 1, 1, 1, 1, 1, 0, 0, 1, 0, 0, 1, 0),
(228, 4, 'Топ 250 фильмов по версии КиноПоиска & IMDB', '', 0, 20, 0, 0, 0, 1, 0, 0, 0, 1, 1, 1, 1, 3, 3, 1, 1, 1, 1, 1, 0, 0, 0, 1, 0, 0, 1, 0),
(381, 4, 'UHD Blu-Ray & BDRemux', '', 0, 350, 0, 0, 0, 1, 0, 0, 0, 1, 1, 1, 1, 3, 3, 1, 1, 1, 1, 1, 0, 0, 308, 1, 0, 0, 1, 0),
(230, 21, 'Команда UZTOR.PW', '', 0, 10, 0, 0, 0, 0, 0, 3, 3, 3, 3, 3, 5, 5, 3, 3, 3, 3, 3, 1, 0, 0, 0, 1, 1, 0, 1, 0),
(231, 2, 'Обсуждение новостей трекера', '', 0, 30, 0, 0, 0, 0, 0, 0, 0, 5, 1, 3, 3, 5, 5, 1, 5, 5, 1, 0, 0, 0, 2, 1, 2, 0, 1, 0),
(232, 2, 'Архив новостей трекера', '14564654987984351324676575', 1, 20, 0, 0, 0, 0, 0, 1, 1, 5, 1, 5, 5, 5, 5, 1, 5, 5, 1, 0, 0, 0, 2, 0, 2, 0, 1, 0),
(233, 21, 'Форум для подготовки релизов', 'Здесь готовим релизы!', 0, 20, 0, 0, 0, 0, 0, 2, 2, 2, 2, 2, 2, 2, 2, 2, 2, 2, 2, 1, 1, 1, 0, 1, 2, 0, 1, 0),
(234, 3, 'Шаблоны оформления', '', 0, 20, 0, 0, 0, 0, 0, 0, 0, 3, 1, 3, 5, 3, 3, 1, 3, 3, 1, 0, 0, 0, 0, 1, 0, 0, 1, 0),
(235, 17, 'Помощь по разделу (Графика и Дизайн)', 'Вопросы, предложения, правила, объявления, мнения.', 0, 10, 0, 0, 0, 0, 0, 0, 0, 3, 1, 3, 3, 3, 3, 1, 3, 3, 1, 0, 0, 0, 0, 1, 2, 0, 1, 0),
(236, 4, 'Помощь по разделу (Кинофильмы)', 'Вопросы, предложения, правила, объявления, мнения.', 0, 10, 0, 0, 0, 0, 0, 0, 0, 2, 1, 3, 3, 3, 3, 1, 3, 3, 1, 0, 0, 0, 0, 1, 2, 0, 1, 0),
(237, 12, 'Glamour Music TV', '', 0, 350, 0, 0, 0, 1, 0, 0, 0, 1, 1, 1, 1, 3, 3, 1, 1, 1, 1, 1, 0, 0, 108, 1, 2, 0, 1, 0),
(238, 12, 'Помощь по разделу (Музыка)', 'Вопросы, предложения, правила, объявления, мнения.', 0, 10, 0, 0, 0, 0, 0, 0, 0, 1, 1, 1, 1, 3, 3, 1, 1, 1, 1, 0, 0, 0, 0, 1, 2, 0, 1, 0),
(239, 12, 'Шансон и Военная песня (lossy)', '', 0, 80, 0, 0, 0, 3, 0, 0, 0, 1, 1, 1, 1, 3, 3, 1, 1, 1, 1, 1, 0, 0, 102, 1, 2, 0, 1, 0),
(240, 12, 'Фольклор, Народная и Этническая музыка (lossy)', '', 0, 110, 0, 0, 0, 3, 0, 1, 1, 1, 1, 1, 1, 3, 3, 1, 1, 1, 1, 1, 0, 0, 102, 1, 2, 0, 1, 0),
(242, 12, 'New Age, Relax, Meditative & Flamenco (lossy)', '', 0, 100, 0, 0, 0, 3, 0, 1, 1, 1, 1, 1, 1, 3, 3, 1, 1, 1, 1, 1, 0, 0, 102, 1, 2, 0, 1, 0),
(243, 12, 'Reggae, Ska, Dub (lossy)', '', 0, 90, 0, 0, 0, 3, 0, 1, 1, 1, 1, 1, 1, 3, 3, 1, 1, 1, 1, 1, 0, 0, 102, 1, 2, 0, 1, 0),
(244, 12, 'Направления (lossless)', '', 0, 130, 0, 0, 0, 3, 0, 1, 1, 1, 1, 1, 1, 3, 3, 1, 1, 1, 1, 1, 0, 0, 0, 1, 2, 0, 1, 0),
(245, 12, 'Другие направления (lossless)', '', 0, 230, 0, 0, 0, 3, 0, 0, 0, 1, 1, 1, 1, 3, 3, 1, 1, 1, 1, 1, 0, 0, 244, 1, 2, 0, 1, 0),
(246, 12, 'Фольклор, Народная и Этническая музыка (lossless)', '', 0, 220, 0, 0, 0, 3, 0, 0, 0, 1, 1, 1, 1, 3, 3, 1, 1, 1, 1, 1, 0, 0, 244, 1, 2, 0, 1, 0),
(247, 12, 'New Age, Relax, Meditative & Flamenco (lossless)', '', 0, 210, 0, 0, 0, 3, 0, 0, 0, 1, 1, 1, 1, 3, 3, 1, 1, 1, 1, 1, 0, 0, 244, 1, 2, 0, 1, 0),
(248, 12, 'Reggae, Ska, Dub (lossless)', '', 0, 200, 0, 0, 0, 3, 0, 0, 0, 1, 1, 1, 1, 3, 3, 1, 1, 1, 1, 1, 0, 0, 244, 1, 2, 0, 1, 0),
(249, 12, 'Шансон и Военная песня (lossless)', '', 0, 190, 0, 0, 0, 3, 0, 1, 1, 1, 1, 1, 1, 3, 3, 1, 1, 1, 1, 1, 0, 0, 244, 1, 2, 0, 1, 0),
(250, 12, 'Поп музыка, Eurodance, Disco (lossless)', '', 0, 180, 0, 0, 0, 3, 0, 1, 1, 1, 1, 1, 1, 3, 3, 1, 1, 1, 1, 1, 0, 0, 244, 1, 2, 0, 1, 0),
(251, 12, 'Рэп, Хип-Хоп, R''n''B (lossless)', '', 0, 170, 0, 0, 0, 3, 0, 1, 1, 1, 1, 1, 1, 3, 3, 1, 1, 1, 1, 1, 0, 0, 244, 1, 2, 0, 1, 0),
(252, 12, 'Электронная музыка (lossless)', '', 0, 160, 0, 0, 0, 3, 0, 1, 1, 1, 1, 1, 1, 3, 3, 1, 1, 1, 1, 1, 0, 0, 244, 1, 2, 0, 1, 0),
(253, 12, 'Джаз и блюз (lossless)', '', 0, 150, 0, 0, 0, 3, 0, 1, 1, 1, 1, 1, 1, 3, 3, 1, 1, 1, 1, 1, 0, 0, 244, 1, 2, 0, 1, 0),
(254, 12, 'Классическая музыка (lossless)', '', 0, 140, 0, 0, 0, 3, 0, 1, 1, 1, 1, 1, 1, 3, 3, 1, 1, 1, 1, 1, 0, 0, 244, 1, 2, 0, 1, 0),
(255, 12, 'Core', '', 0, 280, 0, 0, 0, 3, 0, 0, 0, 1, 1, 1, 1, 3, 3, 1, 1, 1, 1, 1, 0, 0, 107, 1, 2, 0, 1, 0),
(256, 12, 'Поп', '', 0, 360, 0, 0, 0, 1, 0, 0, 0, 1, 1, 1, 1, 3, 3, 1, 1, 1, 1, 1, 0, 0, 108, 1, 2, 0, 1, 0),
(257, 12, 'Электронная музыка', '', 0, 370, 0, 0, 0, 1, 0, 0, 0, 1, 1, 1, 1, 3, 3, 1, 1, 1, 1, 1, 0, 0, 108, 1, 2, 0, 1, 0),
(258, 12, 'Рэп, Хип-Хоп, R''n''B', '', 0, 380, 0, 0, 0, 1, 0, 0, 0, 1, 1, 1, 1, 3, 3, 1, 1, 1, 1, 1, 0, 0, 108, 1, 2, 0, 1, 0),
(259, 12, 'Другие направления', '', 0, 390, 0, 0, 0, 3, 0, 0, 0, 1, 1, 1, 1, 3, 3, 1, 1, 1, 1, 1, 0, 0, 108, 1, 2, 0, 1, 0),
(260, 12, 'Саундтреки (lossless)', '', 0, 420, 0, 0, 0, 3, 0, 0, 0, 1, 1, 1, 1, 3, 3, 1, 1, 1, 1, 1, 0, 0, 0, 1, 2, 0, 1, 0),
(261, 5, 'Помощь по разделу (Мультфильмы)', '', 0, 10, 0, 0, 0, 0, 0, 0, 0, 3, 1, 3, 3, 3, 3, 1, 3, 3, 1, 0, 0, 0, 0, 1, 2, 0, 1, 0),
(262, 10, 'Torrents Repack''s', '', 0, 30, 0, 0, 0, 2, 0, 0, 0, 1, 1, 1, 1, 3, 3, 1, 1, 1, 1, 1, 0, 0, 77, 1, 0, 0, 1, 0),
(263, 22, 'Релизы разной тематики', '', 0, 10, 0, 0, 0, 0, 0, 0, 0, 1, 1, 1, 1, 3, 3, 1, 1, 1, 1, 1, 0, 0, 0, 1, 0, 0, 1, 0),
(266, 5, '3D', '', 0, 110, 0, 0, 0, 1, 0, 0, 0, 1, 1, 1, 1, 3, 3, 1, 1, 1, 1, 1, 0, 0, 12, 1, 0, 0, 1, 0),
(267, 10, 'Помощь по разделу (Игры)', '', 0, 10, 0, 0, 0, 0, 0, 0, 0, 1, 1, 1, 1, 3, 3, 1, 1, 1, 1, 0, 0, 0, 0, 1, 0, 0, 1, 0),
(274, 2, 'Новости Авто/Мото', '', 0, 130, 0, 0, 0, 0, 0, 0, 0, 2, 1, 1, 3, 3, 3, 1, 2, 2, 1, 0, 0, 0, 4, 1, 0, 0, 1, 0),
(268, 12, 'Metal Lossless', '', 0, 270, 0, 0, 0, 0, 0, 0, 0, 1, 1, 1, 1, 3, 3, 1, 1, 1, 1, 1, 0, 0, 107, 1, 0, 0, 1, 0),
(270, 6, 'Помощь по разделу (Аниме)', '', 0, 10, 0, 0, 0, 0, 0, 0, 0, 1, 1, 1, 1, 3, 3, 1, 1, 1, 1, 1, 0, 0, 0, 1, 0, 0, 1, 0),
(272, 17, 'Видеоуроки по Фотошопу', '', 0, 110, 0, 0, 0, 0, 0, 0, 0, 1, 1, 1, 1, 3, 3, 1, 1, 1, 1, 1, 0, 0, 0, 1, 0, 0, 1, 0),
(280, 13, 'Macintosh', '', 0, 130, 0, 0, 0, 4, 0, 0, 0, 1, 1, 1, 1, 3, 3, 1, 1, 1, 1, 1, 0, 0, 124, 1, 0, 0, 1, 0),
(275, 2, 'Новости Природы/Животных', '', 0, 120, 0, 0, 0, 0, 0, 0, 0, 2, 1, 1, 3, 3, 3, 1, 2, 3, 1, 0, 0, 0, 4, 1, 0, 0, 1, 0),
(276, 2, 'Новости Медицины/Технологий', '', 0, 110, 0, 0, 0, 0, 0, 0, 0, 2, 1, 1, 3, 3, 3, 1, 2, 2, 1, 0, 0, 0, 4, 1, 0, 0, 1, 0),
(277, 2, 'Новости Роботов/Науки/Космоса', '', 0, 100, 0, 0, 0, 0, 0, 0, 0, 2, 1, 1, 3, 3, 3, 1, 2, 3, 1, 0, 0, 0, 4, 1, 0, 0, 1, 0),
(281, 14, 'Детская литература', 'Детская литература — это литература, специально предназначенная для детей до 15—16 лет и осуществляющая языком художественных образов задачи воспитания и образования детей.', 0, 30, 0, 0, 0, 0, 0, 0, 0, 1, 1, 1, 1, 3, 3, 1, 1, 1, 1, 1, 0, 0, 145, 1, 0, 0, 1, 0),
(283, 13, 'Помощь по разделу (Софт)', 'Вопросы, предложения, правила, объявления, мнения.', 0, 10, 0, 0, 0, 0, 0, 0, 0, 1, 1, 1, 1, 3, 3, 1, 1, 1, 1, 0, 0, 0, 0, 1, 0, 0, 1, 0),
(284, 16, 'Помощь по разделу (Mobile)', 'Вопросы, предложения, правила, объявления, мнения.', 0, 10, 0, 0, 0, 0, 0, 0, 0, 1, 1, 1, 1, 3, 3, 1, 1, 1, 1, 0, 0, 0, 0, 1, 0, 0, 1, 0),
(285, 12, 'Рок Концерты', '', 0, 340, 0, 0, 0, 0, 0, 0, 0, 1, 1, 1, 1, 3, 3, 1, 1, 1, 1, 1, 0, 0, 108, 1, 0, 0, 1, 0),
(286, 12, 'Рок Видео', '', 0, 330, 0, 0, 0, 0, 0, 0, 0, 1, 1, 1, 1, 3, 3, 1, 1, 1, 1, 1, 0, 0, 108, 1, 0, 0, 1, 0),
(287, 14, 'Помощь по разделу (Библиотека)', '', 0, 10, 0, 0, 0, 0, 0, 0, 0, 1, 1, 1, 1, 3, 3, 1, 1, 1, 1, 0, 0, 0, 0, 1, 0, 0, 1, 0),
(288, 2, 'Новости Исследований', '', 0, 90, 0, 0, 0, 0, 0, 0, 0, 2, 1, 1, 3, 3, 3, 1, 2, 3, 1, 0, 0, 0, 4, 1, 0, 0, 1, 0),
(290, 25, 'Спортивные фильмы и телепередачи', '', 0, 10, 0, 0, 0, 0, 0, 0, 0, 1, 1, 1, 1, 3, 3, 1, 1, 1, 1, 1, 0, 0, 0, 1, 0, 0, 1, 0),
(291, 25, 'Хоккей и Теннис', '', 0, 20, 0, 0, 0, 0, 0, 0, 0, 1, 1, 1, 1, 3, 3, 1, 1, 1, 1, 1, 0, 0, 0, 1, 0, 0, 1, 0),
(292, 25, 'Остальные виды спорта', '', 0, 60, 0, 0, 0, 0, 0, 0, 0, 1, 1, 1, 1, 3, 3, 1, 1, 1, 1, 1, 0, 0, 0, 1, 0, 0, 1, 0),
(293, 25, 'Бокс и Смешанные единоборства (ММА)', '', 0, 30, 0, 0, 0, 0, 0, 0, 0, 1, 1, 1, 1, 3, 3, 1, 1, 1, 1, 1, 0, 0, 0, 1, 0, 0, 1, 0),
(294, 25, 'Мотогонки, Формула-1, Ралли', '', 0, 50, 0, 0, 0, 0, 0, 0, 0, 1, 1, 1, 1, 3, 3, 1, 1, 1, 1, 1, 0, 0, 0, 1, 0, 0, 1, 0),
(295, 25, 'Киберспорт', '', 0, 40, 0, 0, 0, 0, 0, 0, 0, 1, 1, 1, 1, 3, 3, 1, 1, 1, 1, 1, 0, 0, 0, 1, 0, 0, 1, 0),
(296, 14, 'Научная и научно-популярная литература', '', 0, 90, 0, 0, 0, 0, 0, 0, 0, 1, 1, 1, 1, 3, 3, 1, 1, 1, 1, 1, 0, 0, 145, 1, 0, 0, 1, 0),
(297, 14, 'Техническая литература', '', 0, 100, 0, 0, 0, 0, 0, 0, 0, 1, 1, 1, 1, 3, 3, 1, 1, 1, 1, 1, 0, 0, 145, 1, 0, 0, 1, 0),
(298, 14, 'Справочная литература', '', 0, 110, 0, 0, 0, 0, 0, 0, 0, 1, 1, 1, 1, 3, 3, 1, 1, 1, 1, 1, 0, 0, 145, 1, 0, 0, 1, 0),
(299, 14, 'Хобби и прочие', '', 0, 120, 0, 0, 0, 0, 0, 0, 0, 1, 1, 1, 1, 3, 3, 1, 1, 1, 1, 1, 0, 0, 145, 1, 0, 0, 1, 0),
(300, 14, 'Хобби и прочее', '', 0, 250, 0, 0, 0, 0, 0, 0, 0, 1, 1, 1, 1, 3, 3, 1, 1, 1, 1, 1, 0, 0, 147, 1, 0, 0, 1, 0),
(301, 14, 'Комиксы', '', 0, 240, 0, 0, 0, 0, 0, 0, 0, 1, 1, 1, 1, 3, 3, 1, 1, 1, 1, 1, 0, 0, 147, 1, 0, 0, 1, 0),
(302, 14, 'Детские журналы', '', 0, 230, 0, 0, 0, 0, 0, 0, 0, 1, 1, 1, 1, 3, 3, 1, 1, 1, 1, 1, 0, 0, 147, 1, 0, 0, 1, 0),
(303, 14, 'Компьютерные и игровые журналы', '', 0, 220, 0, 0, 0, 0, 0, 0, 0, 1, 1, 1, 1, 3, 3, 1, 1, 1, 1, 1, 0, 0, 147, 1, 0, 0, 1, 0),
(304, 14, 'Путешествия и туризм', '', 0, 210, 0, 0, 0, 0, 0, 0, 0, 1, 1, 1, 1, 3, 3, 1, 1, 1, 1, 1, 0, 0, 147, 1, 0, 0, 1, 0),
(305, 14, 'Здоровье и спорт', '', 0, 200, 0, 0, 0, 0, 0, 0, 0, 1, 1, 1, 1, 3, 3, 1, 1, 1, 1, 1, 0, 0, 147, 1, 0, 0, 1, 0),
(306, 14, 'Научно-популярные журналы', '', 0, 180, 0, 0, 0, 0, 0, 0, 0, 1, 1, 1, 1, 3, 3, 1, 1, 1, 1, 1, 0, 0, 147, 1, 0, 0, 1, 0),
(307, 14, 'Кулинария', '', 0, 190, 0, 0, 0, 0, 0, 0, 0, 1, 1, 1, 1, 3, 3, 1, 1, 1, 1, 1, 0, 0, 147, 1, 0, 0, 1, 0),
(308, 4, 'Кинофильмы (HEVC)', '', 0, 290, 0, 0, 0, 0, 0, 0, 0, 1, 1, 1, 1, 3, 3, 1, 1, 1, 1, 1, 0, 0, 0, 1, 0, 0, 1, 0),
(364, 28, 'Диски и Ключи (игры, софт, музыка и т.п.)', '', 0, 80, 0, 0, 0, 0, 0, 0, 0, 1, 1, 1, 1, 3, 3, 1, 1, 1, 1, 0, 0, 0, 360, 1, 0, 0, 1, 0),
(348, 5, 'HD', '', 0, 100, 0, 0, 0, 1, 0, 0, 0, 1, 1, 1, 1, 3, 3, 1, 1, 1, 1, 1, 0, 0, 12, 1, 0, 0, 1, 0),
(529, 13, 'DVD BLU-RAY ISO USB', '', 0, 260, 0, 0, 0, 4, 0, 0, 0, 1, 1, 1, 1, 3, 3, 1, 1, 1, 1, 1, 0, 0, 125, 1, 0, 0, 1, 0),
(519, 13, 'Безопасность', '', 0, 360, 0, 0, 0, 4, 0, 0, 0, 1, 1, 1, 1, 3, 3, 1, 1, 1, 1, 1, 0, 0, 125, 1, 0, 0, 1, 0),
(314, 4, 'Киноматериалы', 'Дополнительные материалы к кинофильмам.', 0, 370, 0, 0, 0, 1, 0, 0, 0, 1, 1, 1, 1, 3, 3, 1, 1, 1, 1, 1, 0, 0, 0, 1, 0, 0, 1, 0),
(315, 4, 'Трейлеры', '', 0, 380, 0, 0, 0, 1, 0, 0, 0, 1, 1, 1, 1, 3, 3, 1, 1, 1, 1, 1, 0, 0, 314, 1, 0, 0, 1, 0),
(316, 4, 'Звуковые дорожки и Субтитры', '', 0, 390, 0, 0, 0, 1, 0, 0, 0, 1, 1, 1, 1, 3, 3, 1, 1, 1, 1, 1, 0, 0, 314, 1, 0, 0, 1, 0),
(390, 4, 'Новинки', '', 0, 40, 0, 0, 0, 0, 0, 0, 0, 1, 1, 1, 1, 3, 3, 1, 1, 1, 1, 1, 0, 0, 7, 1, 0, 0, 1, 0),
(351, 4, 'Новинки', '', 0, 300, 0, 0, 0, 1, 0, 0, 0, 1, 1, 1, 1, 3, 3, 1, 1, 1, 1, 1, 0, 0, 308, 1, 0, 0, 1, 0),
(320, 4, 'Новинки', '', 0, 160, 0, 0, 0, 1, 0, 0, 0, 1, 1, 1, 1, 3, 3, 1, 1, 1, 1, 1, 0, 0, 8, 1, 0, 0, 1, 0),
(321, 5, 'Мультфильмы 2011-2018 годов', '', 0, 50, 0, 0, 0, 1, 0, 0, 0, 1, 1, 1, 1, 3, 3, 1, 1, 1, 1, 1, 0, 0, 12, 1, 0, 0, 1, 0),
(322, 5, 'Новинки (С рекламой)', '', 0, 40, 0, 0, 0, 1, 0, 0, 0, 1, 1, 1, 1, 3, 3, 1, 1, 1, 1, 1, 0, 0, 12, 1, 0, 0, 1, 0),
(323, 22, 'Игровые видео', '', 0, 20, 0, 0, 0, 0, 0, 0, 0, 1, 1, 1, 1, 3, 3, 1, 1, 1, 1, 1, 0, 0, 0, 1, 0, 0, 1, 0),
(324, 22, 'Прохождение Игр', '', 0, 40, 0, 0, 0, 0, 0, 0, 0, 1, 1, 1, 1, 3, 3, 1, 1, 1, 1, 1, 0, 0, 323, 1, 0, 0, 1, 0),
(325, 22, 'Смешные Моменты в играх', '', 0, 50, 0, 0, 0, 0, 0, 0, 0, 1, 1, 1, 1, 3, 3, 1, 1, 1, 1, 1, 0, 0, 323, 1, 0, 0, 1, 0),
(326, 22, 'Mr.Marmok', '', 0, 60, 0, 0, 0, 0, 0, 0, 0, 1, 1, 1, 1, 3, 3, 1, 1, 1, 1, 1, 0, 0, 323, 1, 0, 0, 1, 0),
(327, 22, 'Трейлеры', '', 0, 70, 0, 0, 0, 0, 0, 0, 0, 1, 1, 1, 1, 3, 3, 1, 1, 1, 1, 1, 0, 0, 323, 1, 0, 0, 1, 0),
(328, 18, 'Turon Telecom', '', 0, 60, 0, 0, 0, 0, 0, 0, 0, 1, 1, 1, 1, 3, 3, 1, 1, 1, 1, 0, 0, 0, 185, 1, 0, 0, 1, 0),
(329, 10, 'Playstation 4', '', 0, 180, 0, 0, 0, 0, 0, 0, 0, 1, 1, 1, 1, 3, 3, 1, 1, 1, 1, 1, 0, 0, 78, 1, 0, 0, 1, 0),
(330, 26, 'Стол Заказов', '', 0, 10, 0, 0, 0, 0, 0, 0, 0, 1, 1, 1, 1, 3, 3, 1, 1, 1, 1, 0, 0, 0, 0, 1, 0, 0, 1, 0),
(331, 4, 'HD-AVC', '', 0, 240, 0, 0, 0, 1, 0, 0, 0, 1, 1, 1, 1, 3, 3, 1, 1, 1, 1, 1, 1, 0, 8, 1, 0, 0, 1, 0),
(332, 4, 'HD', '', 0, 250, 0, 0, 0, 1, 0, 0, 0, 1, 1, 1, 1, 3, 3, 1, 1, 1, 1, 1, 1, 0, 8, 1, 0, 0, 1, 0),
(333, 4, 'Ўзбек фильмлар учун', 'Бу ерда сиз ўзбек тилига угирилган ва узбекона кино ва сериаллар жойлашингиз мумкин.', 0, 420, 0, 0, 0, 1, 0, 0, 0, 1, 1, 1, 1, 3, 3, 1, 1, 1, 1, 1, 0, 0, 0, 1, 0, 0, 1, 0),
(334, 5, 'Ўзбек мультфильмлар учун', 'Бу ерда сиз ўзбек тилига угирилган ва узбекона мультфильмлар жойлашингиз мумкин.', 0, 160, 0, 0, 0, 1, 0, 0, 0, 1, 1, 1, 1, 3, 3, 1, 1, 1, 1, 1, 0, 0, 0, 1, 0, 0, 1, 0),
(335, 6, 'Ўзбек Анимелар учун', 'Бу ерда сиз ўзбек тилига угирилган анимелар жойлашингиз мумкин.', 0, 180, 0, 0, 0, 1, 0, 0, 0, 1, 1, 1, 1, 3, 3, 1, 1, 1, 1, 1, 0, 0, 0, 1, 0, 0, 1, 0),
(336, 7, 'Ўзбек тилидаги сериаллар учун', 'Бу ерда сиз ўзбек тилига угирилган ва узбекона сериаллар жойлашингиз мумкин.', 0, 60, 0, 0, 0, 5, 0, 0, 0, 1, 1, 1, 1, 3, 3, 1, 1, 1, 1, 1, 0, 0, 0, 1, 0, 0, 1, 0),
(337, 8, 'Ўзбек тилидаги хужжатли фильмлар учун', 'Бу ерда сиз ўзбек тилига угирилган ва узбекона  жойлашингиз мумкин.', 0, 120, 0, 0, 0, 1, 0, 0, 0, 1, 1, 1, 1, 3, 3, 1, 1, 1, 1, 1, 0, 0, 0, 1, 0, 0, 1, 0),
(338, 11, 'Ўзбек тилига угирилганлар учун', 'Бу ерда сиз ўзбек тилига угирилган ва узбекона қизиқарли шоулар жойлашингиз мумкин.', 0, 60, 0, 0, 0, 1, 0, 0, 0, 1, 1, 1, 1, 3, 3, 1, 1, 1, 1, 1, 0, 0, 0, 1, 0, 0, 1, 0),
(339, 12, 'Ўзбек қушиқлари учун', 'Бу ерда сиз ўзбек тилидаги ва узбекона қушиқлар жойлашингиз мумкин.', 0, 440, 0, 0, 0, 3, 0, 0, 0, 1, 1, 1, 1, 3, 3, 1, 1, 1, 1, 1, 0, 0, 0, 1, 0, 0, 1, 0),
(357, 5, 'Новинки', '', 0, 30, 0, 0, 0, 1, 0, 0, 0, 1, 1, 1, 1, 3, 3, 1, 1, 1, 1, 1, 0, 0, 12, 1, 0, 0, 1, 0),
(355, 4, 'Фильмологии', '', 0, 340, 0, 0, 0, 1, 0, 0, 0, 1, 1, 1, 1, 3, 3, 1, 1, 1, 1, 1, 0, 0, 308, 1, 0, 0, 1, 0),
(343, 22, 'КиберСпорт', '', 0, 30, 0, 0, 0, 0, 0, 0, 0, 1, 1, 1, 1, 3, 3, 1, 1, 1, 1, 1, 0, 0, 323, 1, 0, 0, 1, 0),
(344, 4, 'Фильмы 2011-2019 годов', '', 0, 60, 0, 0, 0, 1, 0, 0, 0, 1, 1, 1, 1, 3, 3, 1, 1, 1, 1, 1, 0, 0, 7, 1, 0, 0, 1, 0),
(345, 4, 'Фильмы 2011-2018 годов', '', 0, 180, 0, 0, 0, 1, 0, 0, 0, 1, 1, 1, 1, 3, 3, 1, 1, 1, 1, 1, 0, 0, 8, 1, 0, 0, 1, 0),
(367, 28, 'Недвижимость', '', 0, 50, 0, 0, 0, 0, 0, 0, 0, 1, 1, 1, 1, 3, 3, 1, 1, 1, 1, 0, 0, 0, 360, 1, 0, 0, 1, 0),
(368, 28, 'Автомобили', '', 0, 40, 0, 0, 0, 0, 0, 0, 0, 1, 1, 1, 1, 3, 3, 1, 1, 1, 1, 0, 0, 0, 360, 1, 0, 0, 1, 0),
(369, 28, 'Услуги', '', 0, 30, 0, 0, 0, 0, 0, 0, 0, 1, 1, 1, 1, 3, 3, 1, 1, 1, 1, 0, 0, 0, 360, 1, 0, 0, 1, 0),
(370, 28, 'Разное', '', 0, 20, 0, 0, 0, 0, 0, 0, 0, 1, 1, 1, 1, 3, 3, 1, 1, 1, 1, 0, 0, 0, 360, 1, 0, 0, 1, 0),
(371, 28, 'Ищу / Куплю разное', '', 0, 120, 0, 0, 0, 0, 0, 0, 0, 1, 1, 1, 1, 3, 3, 1, 1, 1, 1, 0, 0, 0, 0, 1, 0, 0, 1, 0),
(372, 28, 'Сотовые телефоны и КПК', '', 0, 200, 0, 0, 0, 0, 0, 0, 0, 1, 1, 1, 1, 3, 3, 1, 1, 1, 1, 0, 0, 0, 371, 1, 0, 0, 1, 0),
(373, 28, 'Диски и Ключи (игры, софт, музыка и т.п.)', '', 0, 190, 0, 0, 0, 0, 0, 0, 0, 1, 1, 1, 1, 3, 3, 1, 1, 1, 1, 0, 0, 0, 371, 1, 0, 0, 1, 0),
(374, 28, 'Игровые приставки', '', 0, 180, 0, 0, 0, 0, 0, 0, 0, 1, 1, 1, 1, 3, 3, 1, 1, 1, 1, 0, 0, 0, 371, 1, 0, 0, 1, 0),
(375, 28, 'Компьютеры и комплектующие', '', 0, 170, 0, 0, 0, 0, 0, 0, 0, 1, 1, 1, 1, 3, 3, 1, 1, 1, 1, 0, 0, 0, 371, 1, 0, 0, 1, 0),
(376, 28, 'Недвижимость', '', 0, 160, 0, 0, 0, 0, 0, 0, 0, 1, 1, 1, 1, 3, 3, 1, 1, 1, 1, 0, 0, 0, 371, 1, 0, 0, 1, 0),
(377, 28, 'Автомобили', '', 0, 150, 0, 0, 0, 0, 0, 0, 0, 1, 1, 1, 1, 3, 3, 1, 1, 1, 1, 0, 0, 0, 371, 1, 0, 0, 1, 0),
(378, 28, 'Услуги', '', 0, 140, 0, 0, 0, 0, 0, 0, 0, 1, 1, 1, 1, 3, 3, 1, 1, 1, 1, 0, 0, 0, 371, 1, 0, 0, 1, 0),
(379, 28, 'Разное', '', 0, 130, 0, 0, 0, 0, 0, 0, 0, 1, 1, 1, 1, 3, 3, 1, 1, 1, 1, 0, 0, 0, 371, 1, 0, 0, 1, 0),
(380, 28, 'Архив (Торг)', '', 1, 210, 0, 0, 0, 0, 0, 0, 0, 1, 1, 1, 1, 3, 3, 1, 1, 1, 1, 0, 0, 0, 0, 1, 0, 0, 1, 0),
(382, 2, 'Новости Проиcшествия', '', 0, 80, 0, 0, 0, 0, 0, 0, 0, 1, 1, 1, 1, 3, 3, 1, 1, 1, 1, 0, 0, 0, 4, 1, 0, 0, 1, 0),
(383, 2, 'Новости Криминальные', '', 0, 70, 0, 0, 0, 0, 0, 0, 0, 1, 1, 1, 1, 3, 3, 1, 1, 1, 1, 0, 0, 0, 4, 1, 0, 0, 1, 0),
(384, 2, 'Новости Политика', '', 0, 60, 0, 0, 0, 0, 0, 0, 0, 1, 1, 1, 1, 3, 3, 1, 1, 1, 1, 0, 0, 0, 4, 1, 0, 0, 1, 0),
(385, 20, 'ТЕСТ', '', 0, 40, 0, 0, 0, 0, 0, 0, 0, 1, 1, 1, 1, 3, 3, 1, 1, 1, 1, 0, 0, 0, 0, 1, 0, 0, 1, 0),
(386, 7, 'Игра престолов', '', 0, 20, 0, 0, 0, 5, 0, 0, 0, 1, 1, 1, 1, 3, 3, 1, 1, 1, 1, 1, 0, 0, 63, 1, 0, 0, 1, 0),
(387, 7, 'Великолепный век', '', 0, 50, 0, 0, 0, 5, 0, 0, 0, 1, 1, 1, 1, 3, 3, 1, 1, 1, 1, 1, 0, 0, 65, 1, 0, 0, 1, 0),
(388, 4, 'Blu-Ray & BDRemux', '', 0, 110, 0, 0, 0, 1, 0, 0, 0, 1, 1, 1, 1, 3, 3, 1, 1, 1, 1, 1, 0, 0, 7, 1, 0, 0, 1, 1),
(389, 4, 'Blu-Ray & BDRemux', '', 0, 230, 0, 0, 0, 1, 0, 0, 0, 1, 1, 1, 1, 3, 3, 1, 1, 1, 1, 1, 0, 0, 8, 1, 0, 0, 1, 1),
(391, 13, 'Оригинальные Windows 7', '', 0, 70, 0, 0, 0, 0, 0, 0, 0, 1, 1, 1, 1, 3, 3, 1, 1, 1, 1, 1, 0, 0, 124, 1, 0, 0, 1, 0),
(392, 13, 'Оригинальные Windows 8.1', '', 0, 50, 0, 0, 0, 0, 0, 0, 0, 1, 1, 1, 1, 3, 3, 1, 1, 1, 1, 1, 0, 0, 124, 1, 0, 0, 1, 0),
(393, 13, 'Оригинальные Windows 10', '', 0, 30, 0, 0, 0, 0, 0, 0, 0, 1, 1, 1, 1, 3, 3, 1, 1, 1, 1, 1, 0, 0, 124, 1, 0, 0, 1, 0),
(394, 13, 'Оригинальные Windows XP', '', 0, 90, 0, 0, 0, 0, 0, 0, 0, 1, 1, 1, 1, 3, 3, 1, 1, 1, 1, 1, 0, 0, 124, 1, 0, 0, 1, 0),
(424, 30, 'Go', '', 0, 240, 0, 0, 0, 0, 0, 0, 0, 1, 1, 1, 1, 3, 3, 1, 1, 1, 1, 0, 0, 0, 422, 1, 0, 0, 1, 0),
(423, 30, 'Scala', '', 0, 230, 0, 0, 0, 0, 0, 0, 0, 1, 1, 1, 1, 3, 3, 1, 1, 1, 1, 0, 0, 0, 422, 1, 0, 0, 1, 0);
INSERT INTO `bb_forums` (`forum_id`, `cat_id`, `forum_name`, `forum_desc`, `forum_status`, `forum_order`, `forum_posts`, `forum_topics`, `forum_last_post_id`, `forum_tpl_id`, `prune_days`, `auth_view`, `auth_read`, `auth_post`, `auth_reply`, `auth_edit`, `auth_delete`, `auth_sticky`, `auth_announce`, `auth_vote`, `auth_pollcreate`, `auth_attachments`, `auth_download`, `allow_reg_tracker`, `allow_porno_topic`, `self_moderated`, `forum_parent`, `show_on_index`, `forum_display_sort`, `forum_display_order`, `forum_postcount`, `tt_view`) VALUES
(417, 30, 'Java', '', 0, 170, 0, 0, 0, 0, 0, 0, 0, 1, 1, 1, 1, 3, 3, 1, 1, 1, 1, 0, 0, 0, 0, 1, 0, 0, 1, 0),
(419, 30, 'Django', '', 0, 190, 0, 0, 0, 0, 0, 0, 0, 1, 1, 1, 1, 3, 3, 1, 1, 1, 1, 0, 0, 0, 418, 1, 0, 0, 1, 0),
(420, 30, 'Flask', '', 0, 200, 0, 0, 0, 0, 0, 0, 0, 1, 1, 1, 1, 3, 3, 1, 1, 1, 1, 0, 0, 0, 418, 1, 0, 0, 1, 0),
(421, 30, 'Pascal, Delphi', '', 0, 210, 0, 0, 0, 0, 0, 0, 0, 1, 1, 1, 1, 3, 3, 1, 1, 1, 1, 0, 0, 0, 0, 1, 0, 0, 1, 0),
(422, 30, 'Другие', '', 0, 220, 0, 0, 0, 0, 0, 0, 0, 1, 1, 1, 1, 3, 3, 1, 1, 1, 1, 0, 0, 0, 0, 1, 0, 0, 1, 0),
(418, 30, 'Python', '', 0, 180, 0, 0, 0, 0, 0, 0, 0, 1, 1, 1, 1, 3, 3, 1, 1, 1, 1, 0, 0, 0, 0, 1, 0, 0, 1, 0),
(415, 30, 'Задачи для практики', '', 0, 30, 0, 0, 0, 0, 0, 0, 0, 1, 1, 1, 1, 3, 3, 1, 1, 1, 1, 0, 0, 0, 413, 1, 0, 0, 1, 0),
(414, 30, 'Уроки для начинающих', '', 0, 20, 0, 0, 0, 0, 0, 0, 0, 1, 1, 1, 1, 3, 3, 1, 1, 1, 1, 0, 0, 0, 413, 1, 0, 0, 1, 0),
(411, 30, 'C++ и Базы Данных', '', 0, 60, 0, 0, 0, 0, 0, 0, 0, 1, 1, 1, 1, 3, 3, 1, 1, 1, 1, 0, 0, 0, 409, 1, 0, 0, 1, 0),
(412, 30, 'C++ для начинающих', '', 0, 70, 0, 0, 0, 0, 0, 0, 0, 1, 1, 1, 1, 3, 3, 1, 1, 1, 1, 0, 0, 0, 409, 1, 0, 0, 1, 0),
(413, 30, 'C', '', 0, 10, 0, 0, 0, 0, 0, 0, 0, 1, 1, 1, 1, 3, 3, 1, 1, 1, 1, 0, 0, 0, 0, 1, 0, 0, 1, 0),
(409, 30, 'C++', '', 0, 40, 0, 0, 0, 0, 0, 0, 0, 1, 1, 1, 1, 3, 3, 1, 1, 1, 1, 0, 0, 0, 0, 1, 0, 0, 1, 0),
(410, 30, 'Обучение C++', '', 0, 50, 0, 0, 0, 0, 0, 0, 0, 1, 1, 1, 1, 3, 3, 1, 1, 1, 1, 0, 0, 0, 409, 1, 0, 0, 1, 0),
(425, 30, 'Swift', '', 0, 250, 0, 0, 0, 0, 0, 0, 0, 1, 1, 1, 1, 3, 3, 1, 1, 1, 1, 0, 0, 0, 422, 1, 0, 0, 1, 0),
(426, 31, 'PHP', '', 0, 10, 0, 0, 0, 0, 0, 0, 0, 1, 1, 1, 1, 3, 3, 1, 1, 1, 1, 0, 0, 0, 0, 1, 0, 0, 1, 0),
(427, 31, 'PHP для начинающих', '', 0, 20, 0, 0, 0, 0, 0, 0, 0, 1, 1, 1, 1, 3, 3, 1, 1, 1, 1, 0, 0, 0, 426, 1, 0, 0, 1, 0),
(428, 31, 'PHP и Базы Данных', '', 0, 30, 0, 0, 0, 0, 0, 0, 0, 1, 1, 1, 1, 3, 3, 1, 1, 1, 1, 0, 0, 0, 426, 1, 0, 0, 1, 0),
(429, 31, 'PHP и ООП', '', 0, 40, 0, 0, 0, 0, 0, 0, 0, 1, 1, 1, 1, 3, 3, 1, 1, 1, 1, 0, 0, 0, 426, 1, 0, 0, 1, 0),
(430, 31, 'Фреймворк', '', 0, 50, 0, 0, 0, 0, 0, 0, 0, 1, 1, 1, 1, 3, 3, 1, 1, 1, 1, 0, 0, 0, 426, 1, 0, 0, 1, 0),
(431, 31, 'HTML', '', 0, 60, 0, 0, 0, 0, 0, 0, 0, 1, 1, 1, 1, 3, 3, 1, 1, 1, 1, 0, 0, 0, 0, 1, 0, 0, 1, 0),
(432, 31, 'CSS', '', 0, 70, 0, 0, 0, 0, 0, 0, 0, 1, 1, 1, 1, 3, 3, 1, 1, 1, 1, 0, 0, 0, 0, 1, 0, 0, 1, 0),
(433, 31, 'PrestaShop', '', 0, 80, 0, 0, 0, 0, 0, 0, 0, 1, 1, 1, 1, 3, 3, 1, 1, 1, 1, 0, 0, 0, 0, 1, 0, 0, 1, 0),
(434, 31, 'Шаблоны', '', 0, 90, 0, 0, 0, 0, 0, 0, 0, 1, 1, 1, 1, 3, 3, 1, 1, 1, 1, 0, 0, 0, 433, 1, 0, 0, 1, 0),
(435, 31, 'Плагины / Модули', '', 0, 100, 0, 0, 0, 0, 0, 0, 0, 1, 1, 1, 1, 3, 3, 1, 1, 1, 1, 0, 0, 0, 433, 1, 0, 0, 1, 0),
(436, 31, 'Прочее', '', 0, 110, 0, 0, 0, 0, 0, 0, 0, 1, 1, 1, 1, 3, 3, 1, 1, 1, 1, 0, 0, 0, 433, 1, 0, 0, 1, 0),
(437, 31, 'StressWeb 13', '', 0, 120, 0, 0, 0, 0, 0, 0, 0, 1, 1, 1, 1, 3, 3, 1, 1, 1, 1, 0, 0, 0, 0, 1, 0, 0, 1, 0),
(438, 31, 'Шаблоны', '', 0, 130, 0, 0, 0, 0, 0, 0, 0, 1, 1, 1, 1, 3, 3, 1, 1, 1, 1, 0, 0, 0, 437, 1, 0, 0, 1, 0),
(439, 31, 'Скрипты', '', 0, 140, 0, 0, 0, 0, 0, 0, 0, 1, 1, 1, 1, 3, 3, 1, 1, 1, 1, 0, 0, 0, 437, 1, 0, 0, 1, 0),
(440, 31, 'JavaScript', '', 0, 150, 0, 0, 0, 0, 0, 0, 0, 1, 1, 1, 1, 3, 3, 1, 1, 1, 1, 0, 0, 0, 0, 1, 0, 0, 1, 0),
(441, 31, 'JQuery', '', 0, 160, 0, 0, 0, 0, 0, 0, 0, 1, 1, 1, 1, 3, 3, 1, 1, 1, 1, 0, 0, 0, 440, 1, 0, 0, 1, 0),
(442, 31, 'Data Life Engine', '', 0, 170, 0, 0, 0, 0, 0, 0, 0, 1, 1, 1, 1, 3, 3, 1, 1, 1, 1, 0, 0, 0, 0, 1, 0, 0, 1, 0),
(443, 31, 'Шаблоны для DataLife Engine', '', 0, 180, 0, 0, 0, 0, 0, 0, 0, 1, 1, 1, 1, 3, 3, 1, 1, 1, 1, 0, 0, 0, 442, 1, 0, 0, 1, 0),
(444, 31, 'Инструкции, модификации и статьи для DLE', '', 0, 190, 0, 0, 0, 0, 0, 0, 0, 1, 1, 1, 1, 3, 3, 1, 1, 1, 1, 0, 0, 0, 442, 1, 0, 0, 1, 0),
(445, 31, 'Модули, Хаки, Примочки для DLE', '', 0, 200, 0, 0, 0, 0, 0, 0, 0, 1, 1, 1, 1, 3, 3, 1, 1, 1, 1, 0, 0, 0, 442, 1, 0, 0, 1, 0),
(446, 31, 'phpBB', '', 0, 210, 0, 0, 0, 0, 0, 0, 0, 1, 1, 1, 1, 3, 3, 1, 1, 1, 1, 0, 0, 0, 0, 1, 0, 0, 1, 0),
(447, 31, 'Torrent Pier', '', 0, 220, 0, 0, 0, 0, 0, 0, 0, 1, 1, 1, 1, 3, 3, 1, 1, 1, 1, 0, 0, 0, 0, 1, 0, 0, 1, 0),
(448, 31, 'Движки', '', 0, 230, 0, 0, 0, 0, 0, 0, 0, 1, 1, 1, 1, 3, 3, 1, 1, 1, 1, 0, 0, 0, 447, 1, 0, 0, 1, 0),
(449, 31, 'Модификации', '', 0, 240, 0, 0, 0, 0, 0, 0, 0, 1, 1, 1, 1, 3, 3, 1, 1, 1, 1, 0, 0, 0, 447, 1, 0, 0, 1, 0),
(450, 31, 'Шаблоны', '', 0, 250, 0, 0, 0, 0, 0, 0, 0, 1, 1, 1, 1, 3, 3, 1, 1, 1, 1, 0, 0, 0, 447, 1, 0, 0, 1, 0),
(451, 31, 'IP.Board', '', 0, 260, 0, 0, 0, 0, 0, 0, 0, 1, 1, 1, 1, 3, 3, 1, 1, 1, 1, 0, 0, 0, 0, 1, 0, 0, 1, 0),
(452, 31, 'IPS 4.x', '', 0, 290, 0, 0, 0, 0, 0, 0, 0, 1, 1, 1, 1, 3, 3, 1, 1, 1, 1, 0, 0, 0, 0, 1, 0, 0, 1, 0),
(453, 31, 'Стили IP.Board', '', 0, 270, 0, 0, 0, 0, 0, 0, 0, 1, 1, 1, 1, 3, 3, 1, 1, 1, 1, 0, 0, 0, 451, 1, 0, 0, 1, 0),
(454, 31, 'Хуки и моды IP.Board', '', 0, 280, 0, 0, 0, 0, 0, 0, 0, 1, 1, 1, 1, 3, 3, 1, 1, 1, 1, 0, 0, 0, 451, 1, 0, 0, 1, 0),
(455, 31, 'Стили для IPS4', '', 0, 300, 0, 0, 0, 0, 0, 0, 0, 1, 1, 1, 1, 3, 3, 1, 1, 1, 1, 0, 0, 0, 452, 1, 0, 0, 1, 0),
(456, 31, 'Плагины IPS 4.x', '', 0, 310, 0, 0, 0, 0, 0, 0, 0, 1, 1, 1, 1, 3, 3, 1, 1, 1, 1, 0, 0, 0, 452, 1, 0, 0, 1, 0),
(457, 31, 'Прочее для IPS 4.x', '', 0, 330, 0, 0, 0, 0, 0, 0, 0, 1, 1, 1, 1, 3, 3, 1, 1, 1, 1, 0, 0, 0, 452, 1, 0, 0, 1, 0),
(458, 31, 'Приложения IPS 4.x', '', 0, 320, 0, 0, 0, 0, 0, 0, 0, 1, 1, 1, 1, 3, 3, 1, 1, 1, 1, 0, 0, 0, 452, 1, 0, 0, 1, 0),
(459, 31, 'Joomla', '', 0, 340, 0, 0, 0, 0, 0, 0, 0, 1, 1, 1, 1, 3, 3, 1, 1, 1, 1, 0, 0, 0, 0, 1, 0, 0, 1, 0),
(460, 31, 'vBulletin', '', 0, 350, 0, 0, 0, 0, 0, 0, 0, 1, 1, 1, 1, 3, 3, 1, 1, 1, 1, 0, 0, 0, 0, 1, 0, 0, 1, 0),
(461, 31, 'Стили для vBulletin', '', 0, 380, 0, 0, 0, 0, 0, 0, 0, 1, 1, 1, 1, 3, 3, 1, 1, 1, 1, 0, 0, 0, 460, 1, 0, 0, 1, 0),
(462, 31, 'Инструкции и модификации vBulletin', '', 0, 360, 0, 0, 0, 0, 0, 0, 0, 1, 1, 1, 1, 3, 3, 1, 1, 1, 1, 0, 0, 0, 460, 1, 0, 0, 1, 0),
(463, 31, 'Хаки, моды и скрипты для vBulletin', '', 0, 370, 0, 0, 0, 0, 0, 0, 0, 1, 1, 1, 1, 3, 3, 1, 1, 1, 1, 0, 0, 0, 460, 1, 0, 0, 1, 0),
(464, 31, 'XenForo', '', 0, 390, 0, 0, 0, 0, 0, 0, 0, 1, 1, 1, 1, 3, 3, 1, 1, 1, 1, 0, 0, 0, 0, 1, 0, 0, 1, 0),
(465, 31, 'Wordpress', '', 0, 400, 0, 0, 0, 0, 0, 0, 0, 1, 1, 1, 1, 3, 3, 1, 1, 1, 1, 0, 0, 0, 0, 1, 0, 0, 1, 0),
(466, 32, 'Готовые сервера CS 1.6', '', 0, 10, 0, 0, 0, 0, 0, 0, 0, 1, 1, 1, 1, 3, 3, 1, 1, 1, 1, 0, 0, 0, 0, 1, 0, 0, 1, 0),
(467, 32, 'Готовые сервера [ZM]', '', 0, 30, 0, 0, 0, 0, 0, 0, 0, 1, 1, 1, 1, 3, 3, 1, 1, 1, 1, 0, 0, 0, 466, 1, 0, 0, 1, 0),
(468, 32, 'Готовые сервера [JailBreak]', '', 0, 40, 0, 0, 0, 0, 0, 0, 0, 1, 1, 1, 1, 3, 3, 1, 1, 1, 1, 0, 0, 0, 466, 1, 0, 0, 1, 0),
(469, 32, 'Готовые сервера [Deathrun]', '', 0, 50, 0, 0, 0, 0, 0, 0, 0, 1, 1, 1, 1, 3, 3, 1, 1, 1, 1, 0, 0, 0, 466, 1, 0, 0, 1, 0),
(470, 32, 'Готовые сервера [Biohazard]', '', 0, 60, 0, 0, 0, 0, 0, 0, 0, 1, 1, 1, 1, 3, 3, 1, 1, 1, 1, 0, 0, 0, 466, 1, 0, 0, 1, 0),
(471, 32, 'Готовые сервера [CSDM]', '', 0, 70, 0, 0, 0, 0, 0, 0, 0, 1, 1, 1, 1, 3, 3, 1, 1, 1, 1, 0, 0, 0, 466, 1, 0, 0, 1, 0),
(472, 32, 'Готовые сервера [Public]', '', 0, 80, 0, 0, 0, 0, 0, 0, 0, 1, 1, 1, 1, 3, 3, 1, 1, 1, 1, 0, 0, 0, 466, 1, 0, 0, 1, 0),
(473, 32, 'Готовые сервера [Surf]', '', 0, 90, 0, 0, 0, 0, 0, 0, 0, 1, 1, 1, 1, 3, 3, 1, 1, 1, 1, 0, 0, 0, 466, 1, 0, 0, 1, 0),
(474, 32, 'Плагины для CS 1.6', '', 0, 120, 0, 0, 0, 0, 0, 0, 0, 1, 1, 1, 1, 3, 3, 1, 1, 1, 1, 0, 0, 0, 0, 1, 0, 0, 1, 0),
(475, 32, 'Готовые сервера [AWP / Knife DM]', '', 0, 100, 0, 0, 0, 0, 0, 0, 0, 1, 1, 1, 1, 3, 3, 1, 1, 1, 1, 0, 0, 0, 466, 1, 0, 0, 1, 0),
(476, 32, 'Готовые сервера [HNS]', '', 0, 110, 0, 0, 0, 0, 0, 0, 0, 1, 1, 1, 1, 3, 3, 1, 1, 1, 1, 0, 0, 0, 466, 1, 0, 0, 1, 0),
(477, 32, 'Плагины [ReApi]', '', 0, 140, 0, 0, 0, 0, 0, 0, 0, 1, 1, 1, 1, 3, 3, 1, 1, 1, 1, 0, 0, 0, 474, 1, 0, 0, 1, 0),
(478, 32, 'Плагины для [JailBreak]', '', 0, 150, 0, 0, 0, 0, 0, 0, 0, 1, 1, 1, 1, 3, 3, 1, 1, 1, 1, 0, 0, 0, 474, 1, 0, 0, 1, 0),
(479, 32, 'Плагины для [Deathrun]', '', 0, 160, 0, 0, 0, 0, 0, 0, 0, 1, 1, 1, 1, 3, 3, 1, 1, 1, 1, 0, 0, 0, 474, 1, 0, 0, 1, 0),
(480, 32, 'Плагины для [CSDM]', '', 0, 170, 0, 0, 0, 0, 0, 0, 0, 1, 1, 1, 1, 3, 3, 1, 1, 1, 1, 0, 0, 0, 474, 1, 0, 0, 1, 0),
(481, 32, 'Плагины для [Biohazard]', '', 0, 180, 0, 0, 0, 0, 0, 0, 0, 1, 1, 1, 1, 3, 3, 1, 1, 1, 1, 0, 0, 0, 474, 1, 0, 0, 1, 0),
(482, 32, 'Zombie Plague 4.3   CS 1.6', '', 0, 200, 0, 0, 0, 0, 0, 0, 0, 1, 1, 1, 1, 3, 3, 1, 1, 1, 1, 0, 0, 0, 0, 1, 0, 0, 1, 0),
(483, 32, 'Extra Items', '', 0, 220, 0, 0, 0, 0, 0, 0, 0, 1, 1, 1, 1, 3, 3, 1, 1, 1, 1, 0, 0, 0, 482, 1, 0, 0, 1, 0),
(484, 32, 'Зомби классы', '', 0, 230, 0, 0, 0, 0, 0, 0, 0, 1, 1, 1, 1, 3, 3, 1, 1, 1, 1, 0, 0, 0, 482, 1, 0, 0, 1, 0),
(485, 32, 'Боссы', '', 0, 240, 0, 0, 0, 0, 0, 0, 0, 1, 1, 1, 1, 3, 3, 1, 1, 1, 1, 0, 0, 0, 482, 1, 0, 0, 1, 0),
(486, 32, 'Прочее плагины', '', 0, 190, 0, 0, 0, 0, 0, 0, 0, 1, 1, 1, 1, 3, 3, 1, 1, 1, 1, 0, 0, 0, 474, 1, 0, 0, 1, 0),
(487, 32, 'Статьи', '', 0, 210, 0, 0, 0, 0, 0, 0, 0, 1, 1, 1, 1, 3, 3, 1, 1, 1, 1, 0, 0, 0, 482, 1, 0, 0, 1, 0),
(488, 32, 'Статьи', '', 0, 130, 0, 0, 0, 0, 0, 0, 0, 1, 1, 1, 1, 3, 3, 1, 1, 1, 1, 0, 0, 0, 474, 1, 0, 0, 1, 0),
(489, 32, 'Защита сервера', '', 0, 400, 0, 0, 0, 0, 0, 0, 0, 1, 1, 1, 1, 3, 3, 1, 1, 1, 1, 0, 0, 0, 0, 1, 0, 0, 1, 0),
(490, 32, 'Анти-читы для CS 1.6', '', 0, 410, 0, 0, 0, 0, 0, 0, 0, 1, 1, 1, 1, 3, 3, 1, 1, 1, 1, 0, 0, 0, 489, 1, 0, 0, 1, 0),
(491, 32, 'Анти-читы для CS:S', '', 0, 420, 0, 0, 0, 0, 0, 0, 0, 1, 1, 1, 1, 3, 3, 1, 1, 1, 1, 0, 0, 0, 489, 1, 0, 0, 1, 0),
(494, 32, 'Карты для CS 1.6', '', 0, 310, 0, 0, 0, 0, 0, 0, 0, 1, 1, 1, 1, 3, 3, 1, 1, 1, 1, 0, 0, 0, 0, 1, 0, 0, 1, 0),
(493, 32, 'Анти-читы для CS:GO', '', 0, 430, 0, 0, 0, 0, 0, 0, 0, 1, 1, 1, 1, 3, 3, 1, 1, 1, 1, 0, 0, 0, 489, 1, 0, 0, 1, 0),
(495, 32, 'Карты для [Public]', '', 0, 320, 0, 0, 0, 0, 0, 0, 0, 1, 1, 1, 1, 3, 3, 1, 1, 1, 1, 0, 0, 0, 494, 1, 0, 0, 1, 0),
(496, 32, 'Карты для [JailBreak]', '', 0, 330, 0, 0, 0, 0, 0, 0, 0, 1, 1, 1, 1, 3, 3, 1, 1, 1, 1, 0, 0, 0, 494, 1, 0, 0, 1, 0),
(497, 32, 'Карты для [Deathrun]', '', 0, 340, 0, 0, 0, 0, 0, 0, 0, 1, 1, 1, 1, 3, 3, 1, 1, 1, 1, 0, 0, 0, 494, 1, 0, 0, 1, 0),
(498, 32, 'Карты для [ZM]', '', 0, 350, 0, 0, 0, 0, 0, 0, 0, 1, 1, 1, 1, 3, 3, 1, 1, 1, 1, 0, 0, 0, 494, 1, 0, 0, 1, 0),
(499, 32, 'Чистые сервера', '', 0, 20, 0, 0, 0, 0, 0, 0, 0, 1, 1, 1, 1, 3, 3, 1, 1, 1, 1, 0, 0, 0, 466, 1, 0, 0, 1, 0),
(500, 32, 'Карты для [Knife DM]', '', 0, 360, 0, 0, 0, 0, 0, 0, 0, 1, 1, 1, 1, 3, 3, 1, 1, 1, 1, 0, 0, 0, 494, 1, 0, 0, 1, 0),
(501, 32, 'Карты для [AWP DM]', '', 0, 370, 0, 0, 0, 0, 0, 0, 0, 1, 1, 1, 1, 3, 3, 1, 1, 1, 1, 0, 0, 0, 494, 1, 0, 0, 1, 0),
(502, 32, 'Карты для [Surf]', '', 0, 380, 0, 0, 0, 0, 0, 0, 0, 1, 1, 1, 1, 3, 3, 1, 1, 1, 1, 0, 0, 0, 494, 1, 0, 0, 1, 0),
(503, 32, 'Карты для [CSDM]', '', 0, 390, 0, 0, 0, 0, 0, 0, 0, 1, 1, 1, 1, 3, 3, 1, 1, 1, 1, 0, 0, 0, 494, 1, 0, 0, 1, 0),
(504, 32, 'Модельки для CS 1.6', '', 0, 250, 0, 0, 0, 0, 0, 0, 0, 1, 1, 1, 1, 3, 3, 1, 1, 1, 1, 0, 0, 0, 0, 1, 0, 0, 1, 0),
(505, 32, 'Модельки игроков', '', 0, 260, 0, 0, 0, 0, 0, 0, 0, 1, 1, 1, 1, 3, 3, 1, 1, 1, 1, 0, 0, 0, 504, 1, 0, 0, 1, 0),
(506, 32, 'Модельки для [ZM]', '', 0, 270, 0, 0, 0, 0, 0, 0, 0, 1, 1, 1, 1, 3, 3, 1, 1, 1, 1, 0, 0, 0, 504, 1, 0, 0, 1, 0),
(507, 32, 'Модельки для [JailBreak]', '', 0, 280, 0, 0, 0, 0, 0, 0, 0, 1, 1, 1, 1, 3, 3, 1, 1, 1, 1, 0, 0, 0, 504, 1, 0, 0, 1, 0),
(508, 32, 'Модельки оружия', '', 0, 290, 0, 0, 0, 0, 0, 0, 0, 1, 1, 1, 1, 3, 3, 1, 1, 1, 1, 0, 0, 0, 504, 1, 0, 0, 1, 0),
(509, 32, 'Модельки ножов', '', 0, 300, 0, 0, 0, 0, 0, 0, 0, 1, 1, 1, 1, 3, 3, 1, 1, 1, 1, 0, 0, 0, 504, 1, 0, 0, 1, 0),
(510, 30, 'Задачи для практики', '', 0, 80, 0, 0, 0, 0, 0, 0, 0, 1, 1, 1, 1, 3, 3, 1, 1, 1, 1, 0, 0, 0, 409, 1, 0, 0, 1, 0),
(511, 30, 'C#', '', 0, 90, 0, 0, 0, 0, 0, 0, 0, 1, 1, 1, 1, 3, 3, 1, 1, 1, 1, 0, 0, 0, 0, 1, 0, 0, 1, 0),
(512, 30, 'Обучение C#', '', 0, 100, 0, 0, 0, 0, 0, 0, 0, 1, 1, 1, 1, 3, 3, 1, 1, 1, 1, 0, 0, 0, 511, 1, 0, 0, 1, 0),
(513, 30, 'C# Windows Forms', '', 0, 110, 0, 0, 0, 0, 0, 0, 0, 1, 1, 1, 1, 3, 3, 1, 1, 1, 1, 0, 0, 0, 511, 1, 0, 0, 1, 0),
(514, 30, 'C# и Базы Данных', '', 0, 120, 0, 0, 0, 0, 0, 0, 0, 1, 1, 1, 1, 3, 3, 1, 1, 1, 1, 0, 0, 0, 511, 1, 0, 0, 1, 0),
(515, 30, 'C# для начинающих', '', 0, 130, 0, 0, 0, 0, 0, 0, 0, 1, 1, 1, 1, 3, 3, 1, 1, 1, 1, 0, 0, 0, 511, 1, 0, 0, 1, 0),
(516, 30, 'Basic', '', 0, 140, 0, 0, 0, 0, 0, 0, 0, 1, 1, 1, 1, 3, 3, 1, 1, 1, 1, 0, 0, 0, 0, 1, 0, 0, 1, 0),
(517, 30, 'Visual Basic', '', 0, 150, 0, 0, 0, 0, 0, 0, 0, 1, 1, 1, 1, 3, 3, 1, 1, 1, 1, 0, 0, 0, 516, 1, 0, 0, 1, 0),
(518, 30, 'VBA', '', 0, 160, 0, 0, 0, 0, 0, 0, 0, 1, 1, 1, 1, 3, 3, 1, 1, 1, 1, 0, 0, 0, 516, 1, 0, 0, 1, 0),
(530, 13, 'Плееры', '', 0, 250, 0, 0, 0, 4, 0, 0, 0, 1, 1, 1, 1, 3, 3, 1, 1, 1, 1, 1, 0, 0, 125, 1, 0, 0, 1, 0),
(531, 13, 'Кодеки', '', 0, 240, 0, 0, 0, 4, 0, 0, 0, 1, 1, 1, 1, 3, 3, 1, 1, 1, 1, 1, 0, 0, 125, 1, 0, 0, 1, 0),
(532, 13, 'Интерфейс', '', 0, 230, 0, 0, 0, 4, 0, 0, 0, 1, 1, 1, 1, 3, 3, 1, 1, 1, 1, 1, 0, 0, 125, 1, 0, 0, 1, 0),
(533, 13, 'Офис', '', 0, 220, 0, 0, 0, 4, 0, 0, 0, 1, 1, 1, 1, 3, 3, 1, 1, 1, 1, 1, 0, 0, 125, 1, 0, 0, 1, 0),
(534, 13, 'Текст заметки', '', 0, 210, 0, 0, 0, 4, 0, 0, 0, 1, 1, 1, 1, 3, 3, 1, 1, 1, 1, 1, 0, 0, 125, 1, 0, 0, 1, 0),
(535, 13, 'Графика', '', 0, 200, 0, 0, 0, 4, 0, 0, 0, 1, 1, 1, 1, 3, 3, 1, 1, 1, 1, 1, 0, 0, 125, 1, 0, 0, 1, 0),
(536, 13, 'Браузеры', '', 0, 190, 0, 0, 0, 4, 0, 0, 0, 1, 1, 1, 1, 3, 3, 1, 1, 1, 1, 1, 0, 0, 125, 1, 0, 0, 1, 0),
(537, 13, 'Интернет', '', 0, 180, 0, 0, 0, 4, 0, 0, 0, 1, 1, 1, 1, 3, 3, 1, 1, 1, 1, 1, 0, 0, 125, 1, 0, 0, 1, 0),
(538, 13, 'Обслуживание ОС', '', 0, 170, 0, 0, 0, 0, 0, 0, 0, 1, 1, 1, 1, 3, 3, 1, 1, 1, 1, 1, 0, 0, 125, 1, 0, 0, 1, 0),
(539, 13, 'Системные', '', 0, 160, 0, 0, 0, 4, 0, 0, 0, 1, 1, 1, 1, 3, 3, 1, 1, 1, 1, 1, 0, 0, 125, 1, 0, 0, 1, 0),
(540, 13, 'Активация', '', 0, 150, 0, 0, 0, 4, 0, 0, 0, 1, 1, 1, 1, 3, 3, 1, 1, 1, 1, 1, 0, 0, 125, 1, 0, 0, 1, 0),
(541, 33, 'Мир игры С.Т.А.Л.К.Е.Р.', '', 0, 10, 0, 0, 0, 0, 0, 0, 0, 1, 1, 1, 1, 3, 3, 1, 1, 1, 1, 0, 0, 0, 0, 1, 0, 0, 1, 0),
(542, 33, 'FAQ по прохождению (текст и видео)', '', 0, 40, 0, 0, 0, 0, 0, 0, 0, 1, 1, 1, 1, 3, 3, 1, 1, 1, 1, 0, 0, 0, 541, 1, 0, 0, 1, 0),
(543, 33, 'Модификации', '', 0, 30, 0, 0, 0, 0, 0, 0, 0, 1, 1, 1, 1, 3, 3, 1, 1, 1, 1, 1, 0, 0, 541, 1, 0, 0, 1, 0),
(544, 33, 'Игры серии и патчи', '', 0, 20, 0, 0, 0, 0, 0, 0, 0, 1, 1, 1, 1, 3, 3, 1, 1, 1, 1, 0, 0, 0, 541, 1, 0, 0, 1, 0),
(545, 33, 'Хабар Зоны', '', 0, 50, 0, 0, 0, 0, 0, 0, 0, 1, 1, 1, 1, 3, 3, 1, 1, 1, 1, 0, 0, 0, 0, 1, 0, 0, 1, 0),
(546, 33, 'Литература', '', 0, 90, 0, 0, 0, 0, 0, 0, 0, 1, 1, 1, 1, 3, 3, 1, 1, 1, 1, 0, 0, 0, 545, 1, 0, 0, 1, 0),
(547, 33, 'Фотогалерея', '', 0, 80, 0, 0, 0, 0, 0, 0, 0, 1, 1, 1, 1, 3, 3, 1, 1, 1, 1, 0, 0, 0, 545, 1, 0, 0, 1, 0),
(548, 33, 'Музыка', '', 0, 70, 0, 0, 0, 0, 0, 0, 0, 1, 1, 1, 1, 3, 3, 1, 1, 1, 1, 0, 0, 0, 545, 1, 0, 0, 1, 0),
(549, 33, 'Кино и Сериалы', '', 0, 60, 0, 0, 0, 0, 0, 0, 0, 1, 1, 1, 1, 3, 3, 1, 1, 1, 1, 0, 0, 0, 545, 1, 0, 0, 1, 0),
(550, 33, 'Бар «100 рентген»', '', 0, 100, 0, 0, 0, 0, 0, 0, 0, 1, 1, 1, 1, 3, 3, 1, 1, 1, 1, 0, 0, 0, 0, 1, 0, 0, 1, 0),
(551, 33, 'Арена', '', 0, 140, 0, 0, 0, 0, 0, 0, 0, 1, 1, 1, 1, 3, 3, 1, 1, 1, 1, 0, 0, 0, 550, 1, 0, 0, 1, 0),
(552, 33, 'Новости из ЗОНЫ', '', 0, 130, 0, 0, 0, 0, 0, 0, 0, 1, 1, 1, 1, 3, 3, 1, 1, 1, 1, 0, 0, 0, 550, 1, 0, 0, 1, 0),
(553, 33, 'Анекдоты, байки и т.д.', '', 0, 120, 0, 0, 0, 0, 0, 0, 0, 1, 1, 1, 1, 3, 3, 1, 1, 1, 1, 0, 0, 0, 550, 1, 0, 0, 1, 0),
(554, 33, 'Общалка', '', 0, 110, 0, 0, 0, 0, 0, 0, 0, 1, 1, 1, 1, 3, 3, 1, 1, 1, 1, 0, 0, 0, 550, 1, 0, 0, 1, 0);

-- --------------------------------------------------------

--
-- Структура таблицы `bb_friends`
--

CREATE TABLE IF NOT EXISTS `bb_friends` (
  `user_id` mediumint(8) unsigned NOT NULL DEFAULT '0',
  `friends_id` mediumint(8) unsigned NOT NULL DEFAULT '0'
) ENGINE=MyISAM DEFAULT CHARSET=utf8;

--
-- Дамп данных таблицы `bb_friends`
--

INSERT INTO `bb_friends` (`user_id`, `friends_id`) VALUES
(0, 0),
(5214, 5057),
(5064, 5214),
(5064, 5057),
(5064, 5056),
(5064, 5061),
(5064, 5055),
(5056, 5064),
(5214, 5064),
(5057, 5064),
(5057, 5065),
(5064, 5215),
(5063, 5056),
(5056, 5063),
(5057, 5056),
(5064, 5219),
(5056, 5057),
(5055, 5064),
(5055, 5066),
(5066, 5055),
(5057, 5055),
(5055, 5057),
(5055, 5056),
(5061, 5056),
(5057, 5219),
(5057, 5061),
(5061, 5057),
(5055, 5061),
(5063, 5057),
(5066, 5061),
(5190, 5057),
(5219, 5064),
(5219, 5057),
(2, 5219),
(5219, 2),
(5064, 5223),
(5223, 5064),
(5064, 5224),
(5063, 5065),
(5064, 5249),
(5249, 5064),
(5064, 5256),
(5256, 5064),
(5061, 5064),
(5061, 5055),
(5061, 5104),
(5055, 5219),
(5219, 5055),
(5285, 5061),
(5315, 5270),
(5326, 5055),
(5315, 5261),
(5064, 5261),
(5261, 5064),
(5056, 2),
(5394, 5064),
(5064, 5394);

-- --------------------------------------------------------

--
-- Структура таблицы `bb_groups`
--

CREATE TABLE IF NOT EXISTS `bb_groups` (
  `group_id` mediumint(8) NOT NULL AUTO_INCREMENT,
  `avatar_ext_id` int(15) NOT NULL DEFAULT '0',
  `group_time` int(11) NOT NULL DEFAULT '0',
  `mod_time` int(11) NOT NULL DEFAULT '0',
  `group_type` tinyint(4) NOT NULL DEFAULT '1',
  `release_group` tinyint(4) NOT NULL DEFAULT '0',
  `group_name` varchar(40) NOT NULL DEFAULT '',
  `group_description` text NOT NULL,
  `group_signature` text NOT NULL,
  `group_moderator` mediumint(8) NOT NULL DEFAULT '0',
  `group_single_user` tinyint(1) NOT NULL DEFAULT '1',
  PRIMARY KEY (`group_id`),
  KEY `group_single_user` (`group_single_user`)
) ENGINE=MyISAM  DEFAULT CHARSET=utf8 AUTO_INCREMENT=212 ;

-- --------------------------------------------------------

--
-- Структура таблицы `bb_like_post`
--

CREATE TABLE IF NOT EXISTS `bb_like_post` (
  `lk_post_id` mediumint(11) unsigned NOT NULL DEFAULT '0',
  `lk_autor_id` mediumint(11) unsigned NOT NULL DEFAULT '0',
  `lk_user_id` mediumint(11) NOT NULL DEFAULT '0',
  `lk_time` int(11) NOT NULL DEFAULT '0',
  PRIMARY KEY (`lk_autor_id`,`lk_post_id`,`lk_user_id`,`lk_time`)
) ENGINE=InnoDB DEFAULT CHARSET=utf8;

--
-- Дамп данных таблицы `bb_like_post`
--

INSERT INTO `bb_like_post` (`lk_post_id`, `lk_autor_id`, `lk_user_id`, `lk_time`) VALUES
(1346, 5064, 5056, 1558684203),
(1596, 5064, 5056, 1560426888),
(2238, 5064, 5526, 1569592548),
(2253, 5064, 5523, 1570339867),
(2254, 5064, 5523, 1570339882),
(2257, 5064, 5523, 1570339831),
(2351, 5064, 5523, 1570527808),
(2372, 5064, 5523, 1570528114),
(2373, 5064, 5523, 1570528240),
(2376, 5064, 5523, 1570528374),
(2383, 5064, 5523, 1570635265),
(2384, 5064, 5523, 1570637228),
(2391, 5064, 5523, 1570760158),
(2393, 5064, 5523, 1570824615),
(3542, 5064, 5056, 1580489604),
(4162, 5064, 5575, 1594366105),
(205, 5065, 5057, 1563045421),
(205, 5065, 5059, 1546759717),
(205, 5065, 5063, 1550588524),
(205, 5065, 5190, 1549548637),
(205, 5065, 5224, 1600703463),
(412, 5065, 2, 1548765478),
(520, 5065, 5056, 1550245898),
(1920, 5065, 5198, 1563538886),
(407, 5104, 2, 1548316780),
(407, 5104, 5056, 1548323861),
(457, 5104, 2, 1549639482),
(987, 5138, 5056, 1553789160),
(3636, 5169, 5388, 1583000470),
(450, 5190, 5057, 1548931387),
(674, 5223, 5229, 1551089975),
(704, 5223, 5057, 1551204265),
(903, 5224, 5056, 1552966613),
(3699, 5224, 5056, 1585215284),
(3982, 5224, 5056, 1587727983),
(800, 5260, 5061, 1552066481),
(1200, 5261, 5056, 1557311241),
(1211, 5261, 5369, 1557984077),
(1707, 5261, 5055, 1561513603),
(1711, 5261, 5055, 1561553906),
(1711, 5261, 5056, 1561561048),
(918, 5285, 5057, 1553176525),
(3127, 5980, 5972, 1578366768),
(3986, 6662, 5224, 1587728906),
(4259, 7019, 5097, 1591769767),
(4336, 7112, 5056, 1594053359),
(4336, 7112, 5575, 1594104165),
(4361, 7112, 5056, 1598501019);

-- --------------------------------------------------------

--
-- Структура таблицы `bb_log`
--

CREATE TABLE IF NOT EXISTS `bb_log` (
  `log_type_id` mediumint(8) unsigned NOT NULL DEFAULT '0',
  `log_user_id` mediumint(9) NOT NULL DEFAULT '0',
  `log_username` varchar(25) NOT NULL DEFAULT '',
  `log_user_ip` varchar(32) CHARACTER SET utf8 COLLATE utf8_bin NOT NULL DEFAULT '',
  `log_forum_id` smallint(5) unsigned NOT NULL DEFAULT '0',
  `log_forum_id_new` smallint(5) unsigned NOT NULL DEFAULT '0',
  `log_topic_id` mediumint(8) unsigned NOT NULL DEFAULT '0',
  `log_topic_id_new` mediumint(8) unsigned NOT NULL DEFAULT '0',
  `log_topic_title` varchar(250) NOT NULL DEFAULT '',
  `log_topic_title_new` varchar(250) NOT NULL DEFAULT '',
  `log_time` int(11) NOT NULL DEFAULT '0',
  `log_msg` text NOT NULL,
  KEY `log_time` (`log_time`),
  FULLTEXT KEY `log_topic_title` (`log_topic_title`)
) ENGINE=MyISAM DEFAULT CHARSET=utf8;

--
-- Дамп данных таблицы `bb_log`
--

INSERT INTO `bb_log` (`log_type_id`, `log_user_id`, `log_username`, `log_user_ip`, `log_forum_id`, `log_forum_id_new`, `log_topic_id`, `log_topic_id_new`, `log_topic_title`, `log_topic_title_new`, `log_time`, `log_msg`) VALUES
(7, 2, 'Admin', '7f000001', 0, 0, 0, 0, '', '', 1691092742, '<b>vicant</b> [5967], <b>PhotoMaster</b> [5421], <b>В_кедaх</b> [5419], <b>Акмал</b> [5416], <b>rachelgr69</b> [5449], <b>Sergey</b> [5414], <b>pulatov2017</b> [5424], <b>tonykf3</b> [5500], <b>un1verse</b> [5422], <b>aziz</b> [5423], <b>nurik_9419</b> [5425], <b>axmetov_9419</b> [5426], <b>Lanser_1998</b> [5428], <b>Бахтиёр</b> [5430], <b>k1234567</b> [5435], <b>sultansultan</b> [5431], <b>viveek17</b> [5432], <b>kay1212</b> [5434], <b>AxeL</b> [5436], <b>ismailov77@gmail.com</b> [5437], <b>marcus_5777</b> [5441], <b>Abbastar</b> [5443], <b>George</b> [5444], <b>ad1234adin@gmail.com</b> [5446], <b>getg</b> [5447], <b>Thracian king</b> [5448], <b>lilianbu16</b> [5452], <b>Auez</b> [5471], <b>debbiehg60</b> [5472], <b>SuperSlotsBus</b> [5482], <b>Francisalams</b> [5490], <b>lorrieby16</b> [5492], <b>Millduast</b> [5504], <b>MichLoops</b> [5505], <b>saundraou18</b> [5506], <b>Stantonanige</b> [5507], <b>savannahyz4</b> [5508], <b>paulrg16</b> [5513], <b>optomaLem</b> [5509], <b>c2136743@urhen.com</b> [5510], <b>Dima</b> [5511], <b>Hostbot</b> [5512], <b>charlenecv2</b> [5514], <b>jonish2</b> [5515], <b>Ябы Кыпшак</b> [5518], <b>NikitaImmoF</b> [5517], <b>ednaub69</b> [5516], <b>willaol3</b> [5547], <b>bernardcb2</b> [5519], <b>BenniSib</b> [5520], <b>hp-user</b> [5521], <b>Pashtet777</b> [5522], <b>BUDRO</b> [5523], <b>ikrom</b> [5524], <b>prorok</b> [5525], <b>jenyaxxxxxxx</b> [7583], <b>marjoriemi16</b> [5528], <b>Hookup With Local Girls L</b> [5529], <b>nava</b> [5530], <b>Антон</b> [5531], <b>Sardor1998</b> [5600], <b>Lauracenty</b> [5532], <b>Free Sex Meet With Local </b> [5533], <b>EmileFealt</b> [5534], <b>vickydb60</b> [5642], <b>myrtlebi16</b> [5535], <b>emmage3</b> [5536], <b>StacyTop</b> [5539], <b>dorian</b> [5537], <b>davidsg2</b> [5566], <b>chrisws2</b> [5538], <b>carmelapn16</b> [5540], <b>f6605</b> [5541], <b>kenmi69</b> [5542], <b>alin_sl</b> [5543], <b>nevaso16</b> [5544], <b>GineX</b> [5545], <b>hacker4948</b> [5552], <b>Polatbay</b> [5546], <b>charityim4</b> [5807], <b>Alex_DJ</b> [5548], <b>Mihailmary</b> [5549], <b>agnesll16</b> [5550], <b>ermagq3</b> [5592], <b>angelinely3</b> [5551], <b>InstasamkaLen</b> [5553], <b>n7788</b> [5554], <b>jeannetterg3</b> [5555], <b>nitaud4</b> [5556], <b>agrohimgav</b> [5557], <b>islom</b> [7303], <b>Pavloscqa</b> [5559], <b>Oksanaorawn</b> [5560], <b>elisabethvl69</b> [5561], <b>BruceSnilm</b> [5562], <b>milliega4</b> [5563], <b>ArjunRampOt</b> [5564], <b>duaneso69</b> [5580], <b>MerillBrien</b> [7368], <b>adrianamw60</b> [5567], <b>lupebl3</b> [5568], <b>Bakhrom1987</b> [5569], <b>garyif16</b> [5570], <b>ivand18</b> [5572], <b>ivanpo60</b> [5573], <b>althearr3</b> [5574], <b>MaksimMus</b> [5576], <b>elviradv69</b> [5577], <b>zokir</b> [5578], <b>Andreasmew</b> [5579], <b>mrRandallvon</b> [5603], <b>AnthonyCar</b> [5581], <b>MironCus</b> [5582], <b>robynxo2</b> [5583], <b>mandm</b> [7327], <b>Conlob</b> [5585], <b>leexd11</b> [5586], <b>herbertut69</b> [5587], <b>Виктор</b> [5588], <b>Radzivill76</b> [5589], <b>ivawp11</b> [5590], <b>WarLord</b> [5591], <b>adeledp3</b> [5604], <b>daledb4</b> [5593], <b>Azamat Turgun</b> [5594], <b>michellerh1</b> [5595], <b>estelanf16</b> [5596], <b>cybernatic</b> [5597], <b>simvolist777</b> [5598], <b>MarioMag</b> [5599], <b>Shljandin56</b> [5601], <b>penelopedf69</b> [5602], <b>UzShadowbek</b> [5968], <b>alysonks11</b> [5605], <b>disonic</b> [5616], <b>rus7610</b> [5634], <b>NeWSBus</b> [5606], <b>lesliemq18</b> [5607], <b>impeway</b> [5608], <b>rtyfg</b> [5609], <b>adafj11</b> [5610], <b>nazarkilin</b> [5611], <b>Billyjigma</b> [5612], <b>Billyimido</b> [5613], <b>marionrm60</b> [5614], <b>sergeyzonia</b> [5615], <b>igrionlinevot</b> [5631], <b>maureenlr3</b> [5617], <b>galelo16</b> [5618], <b>ErnestSek</b> [5619], <b>sheilavx11</b> [5621], <b>Алексей</b> [5622], <b>CogsSaurf</b> [5623], <b>Aleksandr</b> [5624], <b>Radzivill</b> [5625], <b>snok</b> [5626], <b>jeannieio60</b> [5627], <b>christianjq69</b> [5628], <b>Krasav4ik</b> [5629], <b>johannazg69</b> [5630], <b>sergey202020</b> [5632], <b>DeLux</b> [5640], <b>brentyv18</b> [5633], <b>EziosAgesjb</b> [5635], <b>TRX</b> [5637], <b>Ravshan</b> [5638], <b>kelliedm4</b> [5639], <b>KoZaK</b> [5641], <b>nxzafarovich</b> [5643], <b>Alexpox</b> [7363], <b>MaunfeldKnind</b> [5644], <b>chandraff3</b> [5645], <b>Anton_30</b> [5647], <b>Jakhongir 1995</b> [5650], <b>bridgettsj18</b> [5668], <b>dimenti</b> [5648], <b>franciscomm69</b> [5649], <b>kristack11</b> [5705], <b>Le0n</b> [5651], <b>WebnamsSi</b> [5652], <b>dimangresse</b> [5653], <b>RedmixerKr</b> [5654], <b>liliavx16</b> [5704], <b>tinagu2</b> [5655], <b>bekinbauer</b> [5656], <b>utkir1313</b> [5664], <b>Mewko</b> [5657], <b>RogSaurf</b> [5658], <b>ThomasNug</b> [5659], <b>.:GRINCH:.</b> [5660], <b>Stevenfus</b> [5953], <b>nitaqa2</b> [5661], <b>darryljy16</b> [5662], <b>Anitacoula</b> [5663], <b>Сарвар</b> [5665], <b>traciele1</b> [5666], <b>Quormaacumn</b> [5667], <b>ceciliasj2</b> [5669], <b>ermaqw69</b> [5670], <b>lacyfr16</b> [5671], <b>altats4</b> [5672], <b>nanettemu11</b> [5673], <b>max86</b> [5674], <b>waltervc69</b> [5675], <b>cathryngi11</b> [5676], <b>Azizjon</b> [5677], <b>curtisem69</b> [5678], <b>carlenerk3</b> [5679], <b>dellapg18</b> [5680], <b>miriamsp3</b> [5681], <b>guadalupeng69</b> [5682], <b>lisavy11</b> [5683], <b>kathleenfu11</b> [5684], <b>laceysv2</b> [5685], <b>allenxf3</b> [5686], <b>sofiave3</b> [5687], <b>myrnamo18</b> [5688], <b>gracielaqg18</b> [5689], <b>maggiemw3</b> [5690], <b>jaclyncn4</b> [5691], <b>pattixs18</b> [5692], <b>Aesculap</b> [5693], <b>charitydc2</b> [5694], <b>RoscoeAdela</b> [5695], <b>joshuafr69</b> [5696], <b>marjoriegk16</b> [5697], <b>lenorecz2</b> [5698], <b>RobertNebra</b> [5699], <b>patricayw1</b> [5700], <b>genevakk18</b> [5701], <b>henryds1</b> [5702], <b>lindaki3</b> [5703], <b>friedazd11</b> [5706], <b>OscarKek</b> [5707], <b>roxiehm16</b> [5708], <b>leosnakediablo</b> [5709], <b>linaob4</b> [5710], <b>armandozk60</b> [5711], <b>jeannineoh4</b> [5712], <b>briannasi11</b> [5713], <b>rosedw69</b> [5714], <b>traceyff18</b> [5715], <b>chesterqs18</b> [5716], <b>harveyfp3</b> [5810], <b>stellala2</b> [5717], <b>haleyia2</b> [5718], <b>glorianx2</b> [5719], <b>benitaqm16</b> [5720], <b>arictarhvasiliev</b> [5721], <b>jimsg69</b> [5722], <b>noreenea69</b> [5723], <b>Williamskync</b> [5724], <b>JasonZox</b> [5725], <b>feliciaqi18</b> [5726], <b>tashaje18</b> [5727], <b>catherinege4</b> [5728], <b>pamka18</b> [5729], <b>feleciabu16</b> [5730], <b>beverleybu11</b> [5731], <b>uragan2009</b> [5951], <b>Williamrussy</b> [5966], <b>ericho3</b> [5860], <b>BryceCraxy</b> [5981], <b>dellahq60</b> [5732], <b>tamikaff3</b> [5733], <b>lindsaykc69</b> [5734], <b>rubyav18</b> [5735], <b>oliviaaa2</b> [5736], <b>lawandaca1</b> [5737], <b>vetal</b> [5738], <b>amyod60</b> [5739], <b>emiliaou69</b> [5740], <b>DonaldWap</b> [5741], <b>RaymondSlunk</b> [5742], <b>margaretmk11</b> [5743], <b>gslivushkin</b> [5744], <b>tonihb11</b> [5806], <b>albertcy2</b> [5745], <b>nicolekv2</b> [5746], <b>byronnb60</b> [5747], <b>scottsh2</b> [5748], <b>wilmazc2</b> [5749], <b>jimmieps18</b> [5750], <b>tamipr18</b> [5751], <b>ruthup18</b> [5752], <b>olack3</b> [5753], <b>ramonaqf18</b> [5754], <b>mistyue18</b> [5755], <b>auroraod2</b> [5756], <b>stanleyis60</b> [5757], <b>florencebf16</b> [5758], <b>tracyld16</b> [5759], <b>hermanai4</b> [5760], <b>loradm3</b> [5761], <b>earlla60</b> [5762], <b>nicholeps11</b> [5763], <b>gailje11</b> [5764], <b>timwo11</b> [5765], <b>diannawt3</b> [5766], <b>doniyor</b> [5767], <b>garant3v</b> [5768], <b>negoro</b> [5769], <b>gertrudeug4</b> [5770], <b>leroyyk4</b> [5771], <b>darlayi11</b> [5772], <b>marcuseq18</b> [5773], <b>Kermitbix</b> [5774], <b>TestAkk</b> [5775], <b>Kirito</b> [5776], <b>shahi</b> [5777], <b>olgasb1</b> [5778], <b>renjer</b> [5779], <b>renjer9</b> [5780], <b>ErrorMacro</b> [5781], <b>veronicaug4</b> [5782], <b>edithhh16</b> [5783], <b>alliexd18</b> [5784], <b>roxiehz11</b> [5785], <b>leefa18</b> [5786], <b>sherrytk16</b> [5787], <b>beatrizkk69</b> [5788], <b>Beka1</b> [5789], <b>miguelta3</b> [5790], <b>darcyfc60</b> [5791], <b>Rebeccavon</b> [5792], <b>adelavc69</b> [5793], <b>angellore</b> [5795], <b>belindalp4</b> [5796], <b>patriciagn1</b> [5797], <b>stefanienv2</b> [5798], <b>Josephjam</b> [5799], <b>faithnx2</b> [5800], <b>rickyax18</b> [5801], <b>JeremyLiell</b> [5802], <b>alexuj4</b> [5803], <b>elbalp11</b> [5804], <b>EmilyFroms</b> [5805], <b>lilyvz3</b> [5808], <b>netto</b> [5809], <b>sdmf</b> [5811], <b>candicedh1</b> [5812], <b>susannarp1</b> [5857], <b>Aaronsip</b> [5813], <b>Jonny Cage</b> [5814], <b>Nellieowemi</b> [5815], <b>Несносный Дед</b> [5816], <b>lilianok18</b> [5817], <b>rhodafm1</b> [5818], <b>wesleynr1</b> [5830], <b>angelako69</b> [5819], <b>leonasw11</b> [5820], <b>D1retX</b> [5821], <b>pro100shuha</b> [5822], <b>Muzaffar</b> [5823], <b>brandonmh4</b> [5824], <b>Liere</b> [5825], <b>joniqa16</b> [5826], <b>Abdulaziz8183</b> [5827], <b>Юджио</b> [5828], <b>Cheriefal</b> [5829], <b>terrieer3</b> [5831], <b>joaniw60</b> [5832], <b>Shirleyfluot</b> [5833], <b>joshuajg1</b> [5834], <b>adrianxm16</b> [5835], <b>chadxo18</b> [5836], <b>jannienj2</b> [5837], <b>troydl3</b> [5838], <b>josefinaty11</b> [5839], <b>tabathaqi60</b> [5840], <b>joleneps69</b> [5841], <b>albatu16</b> [5842], <b>laurabn11</b> [5843], <b>fannyze4</b> [5844], <b>nitakp18</b> [5845], <b>esmeraldaeg11</b> [5846], <b>chrystalbz11</b> [5847], <b>laurahz18</b> [5848], <b>roseza2</b> [5849], <b>murielkg3</b> [5850], <b>charlottefu18</b> [5851], <b>shelialb1</b> [5852], <b>brazilmen1971</b> [7305], <b>adavn18</b> [5854], <b>johnvh11</b> [5855], <b>minniejy4</b> [5856], <b>kurtbk2</b> [5858], <b>tracyzv69</b> [5859], <b>claudettejm18</b> [5923], <b>shirleywd2</b> [5861], <b>Flash5</b> [5862], <b>foubs_ff</b> [5863], <b>foubsff</b> [5864], <b>valerieer4</b> [5865], <b>rosaeu3</b> [5866], <b>ingriduv3</b> [5867], <b>nataliejw60</b> [5868], <b>alinezz3</b> [5869], <b>mikezq60</b> [5870], <b>adrienneyy18</b> [5871], <b>elizabethwr4</b> [5872], <b>theresenj16</b> [5873], <b>zacharynk4</b> [5874], <b>ashleeel3</b> [5875], <b>Богдан</b> [5876], <b>tomka69</b> [5877], <b>erinul18</b> [5878], <b>waynepa1</b> [5879], <b>aaronmy4</b> [5880], <b>elisaft3</b> [5881], <b>ivannq60</b> [5882], <b>leonardkp2</b> [5883], <b>sheilazw2</b> [5884], <b>jordanwi4</b> [5885], <b>oliviaut4</b> [5886], <b>audreyzy1</b> [5887], <b>juandf69</b> [5888], <b>elsiecz2</b> [5889], <b>gwendolynkk1</b> [5890], <b>danaz1</b> [5891], <b>-DOMINION-</b> [7640], <b>mega2</b> [7306], <b>setheh60</b> [5895], <b>alyssaxs69</b> [5893], <b>genevo69</b> [5894], <b>franciswf60</b> [5896], <b>perryei60</b> [5897], <b>avazavaz</b> [5898], <b>bernicekb3</b> [5899], <b>dominiqueub3</b> [5900], <b>latashalw69</b> [5901], <b>MadNod</b> [5902], <b>jimmyrx3</b> [5903], <b>.GHOST.</b> [5904], <b>dwightmn3</b> [5905], <b>tedef2</b> [5906], <b>blancapu69</b> [5907], <b>maiio11</b> [5908], <b>stephanieqi2</b> [5909], <b>virginiasp69</b> [5910], <b>jonathanrd18</b> [5911], <b>deliapb3</b> [5912], <b>Hides My Cries</b> [5913], <b>ThomasBuind</b> [5914], <b>sadievx3</b> [5915], <b>Zacharyveift</b> [5916], <b>candicewc18</b> [5917], <b>RobertKar</b> [5918], <b>irmakb60</b> [5919], <b>tinabw4</b> [5920], <b>judyhq16</b> [5921], <b>shaunaha11</b> [5922], <b>terrylf69</b> [5924], <b>jaimevi4</b> [5925], <b>sonjakr3</b> [5926], <b>ashleeil11</b> [5927], <b>amparosg2</b> [5931], <b>jennieta16</b> [5928], <b>edgemza</b> [5929], <b>marcusnw2</b> [5930], <b>saraiz69</b> [5932], <b>bobbyuy11</b> [5933], <b>allysonff60</b> [5934], <b>Cynthiapeeva</b> [5935], <b>marcellatw16</b> [5936], <b>arthurhl3</b> [5937], <b>leezu16</b> [5938], <b>RebeccaOlwf</b> [5965], <b>k-17</b> [5945], <b>brandienz3</b> [5939], <b>apriluj3</b> [5940], <b>crystalya18</b> [5941], <b>alexisog18</b> [5942], <b>Zelenadwh</b> [5943], <b>Timothybat</b> [5944], <b>adambd3</b> [5946], <b>xz1</b> [5947], <b>corinneau3</b> [5948], <b>AndrewJek</b> [5962], <b>lesath69</b> [5949], <b>kerihy16</b> [5950], <b>FrankKag</b> [5952], <b>JohnsonTwerm</b> [5954], <b>Ronnietaino</b> [5955], <b>adgixolihra</b> [5956], <b>azatorejsad</b> [5957], <b>arimejuxe</b> [5958], <b>eatukexo</b> [5959], <b>Toshqoriyev.M</b> [5960], <b>Barbaracruct</b> [5961], <b>Kara13mom</b> [5963], <b>Janchows</b> [5964], <b>Begzod</b> [5972], <b>fuklinn</b> [6028], <b>KevinSic</b> [5969], <b>PlayFortuna-topsy</b> [5970], <b>MarcoSeste</b> [5971], <b>Drugster</b> [5973], <b>Francesneorn</b> [5974], <b>AngelaOremi</b> [5975], <b>Сергей</b> [5976], <b>RobertUnomb</b> [5977], <b>Haroldlaw</b> [5978], <b>Manueltrusy</b> [5979], <b>ROYCE</b> [5980], <b>stud2032</b> [7308], <b>shadypost</b> [5982], <b>FrankNop</b> [5983], <b>Patrickbrurl</b> [5984], <b>frol76</b> [5985], <b>farik90</b> [5989], <b>vadronovJowef</b> [5986], <b>KenhFaunk</b> [5987], <b>ArinaFuNk</b> [5988], <b>RafaelAxole</b> [5990], <b>taretto8</b> [5991], <b>RaymondPub</b> [5993], <b>Kurzawa1920</b> [7307], <b>Gilbertbip</b> [6018], <b>CalvinBix</b> [5995], <b>Vitaliylomw</b> [5996], <b>sbudennogo</b> [5997], <b>ybyjifshoke</b> [5998], <b>Alenka185t</b> [5999], <b>Iarrioru843</b> [6000], <b>Mailov</b> [6001], <b>mirafzal</b> [6002], <b>mirafzall</b> [6003], <b>VicenteDum</b> [6004], <b>Germes</b> [6005], <b>GittermaOa</b> [6006], <b>ArleneAliva</b> [6007], <b>pinuppost</b> [6008], <b>Ridiik</b> [6010], <b>teleinspWat</b> [6011], <b>BillySib</b> [6012], <b>Anymedsfocus</b> [6013], <b>Donnafub</b> [6014], <b>Jeremycindy</b> [6015], <b>Bbbb1231</b> [6016], <b>MeztitaUnunny</b> [6017], <b>Tamarakumilskaya</b> [6019], <b>GeneralСontractorenrig</b> [6020], <b>PassPienueJum</b> [6021], <b>DеАl</b> [6022], <b>Jannadom</b> [6023], <b>quand</b> [6024], <b>NicolasExins</b> [6025], <b>MartinNen</b> [6026], <b>MylGer</b> [6027], <b>DenkiSib</b> [6029], <b>CarlosSv0b</b> [6030], <b>Rachelnub</b> [6031], <b>OlegCen</b> [6040], <b>Dozza9498</b> [6032], <b>StrtPrapy</b> [6033], <b>Nastya-karitskaa</b> [6034], <b>Urbal</b> [6035], <b>kuanish</b> [6036], <b>Loyterrno</b> [6037], <b>LEGEND-Mokkkiii</b> [6038], <b>tor-on</b> [6039], <b>Jahongir</b> [6041], <b>skyreveryhoacy</b> [6042], <b>RickyCex</b> [6043], <b>farid</b> [6044], <b>faridok</b> [6045], <b>DorothyNed</b> [6046], <b>Shovkat</b> [6047], <b>KurazhDut</b> [6048], <b>umlptzzaq</b> [6049], <b>Bernardrob</b> [6050], <b>iskandar93k</b> [6051], <b>liflece</b> [6052], <b>Aminashouh</b> [6053], <b>Жавохирбек</b> [6071], <b>Everettnup</b> [6073], <b>sonyawl2</b> [6180], <b>AndrewComia</b> [6055], <b>Erybeoin</b> [6056], <b>WillyKnold</b> [6057], <b>ThhavisHieby</b> [6058], <b>ajxwmtdjy</b> [6059], <b>PeterUnlib</b> [6060], <b>JamesUrith</b> [6061], <b>Rusmir</b> [6062], <b>ulugbekradjabov</b> [6063], <b>rbhbkkbxshoke</b> [6064], <b>Harriethoodo</b> [6065], <b>Jamesclaib</b> [6066], <b>Bryanupdap</b> [6067], <b>Derjugin27</b> [6068], <b>DavidCex</b> [6069], <b>Svetlanabaf</b> [6070], <b>MaztikUnunny</b> [6072], <b>polyliass</b> [6074], <b>timubiqag</b> [6075], <b>AnnieFanda</b> [6076], <b>anasuamcenkc</b> [6077], <b>studiotInawn</b> [6078], <b>JamesSak</b> [6079], <b>tixfqrdhp</b> [6080], <b>lexone</b> [6081], <b>Bobbygof</b> [6082], <b>MillardPionS</b> [6083], <b>JamesArouh</b> [6084], <b>CarieHep</b> [6085], <b>Vikinaima</b> [6086], <b>Patrsit</b> [6087], <b>Innaabrat</b> [6088], <b>Ekhzbmo</b> [6097], <b>Thomassap</b> [6112], <b>YanaSeari</b> [6089], <b>arcenasgeokc</b> [6090], <b>KarlismaP</b> [6091], <b>Servicenhe</b> [6092], <b>BrianHag</b> [6093], <b>Katerinafriet</b> [6094], <b>MyCharlesAnnox</b> [6095], <b>Rancax</b> [6096], <b>FobbyDom</b> [6098], <b>smaujfann</b> [6099], <b>LonnyDuaps</b> [6100], <b>KRenoMow</b> [6101], <b>azik9511</b> [6102], <b>urconsultanymn</b> [6103], <b>Blugeasty1</b> [6104], <b>Dennissnate</b> [6105], <b>DavidSed</b> [6106], <b>Williamagolo</b> [6107], <b>CherylDon</b> [6108], <b>YanaSag</b> [6109], <b>Oksanafet</b> [6110], <b>kirstenvv1</b> [6111], <b>Loarne</b> [6113], <b>Sidneymow</b> [6114], <b>Boooicasinosit</b> [6115], <b>Jasonzop</b> [6116], <b>Gionwqn</b> [6117], <b>vsitnikoRom</b> [6118], <b>Akmal</b> [6134], <b>Brianheigo</b> [6119], <b>Gujvcgu</b> [6120], <b>DeannaLoste</b> [6121], <b>EugeneEryPe</b> [6122], <b>VulcanIntax</b> [6123], <b>ukrnshops</b> [6124], <b>PalkogoRhync</b> [6125], <b>AliceMes</b> [6126], <b>jerrymz16</b> [6127], <b>lanahf16</b> [6128], <b>auroraej16</b> [6129], <b>jenifersf16</b> [6130], <b>betskplwu</b> [6131], <b>robertdj1</b> [6132], <b>NicolasReara</b> [6133], <b>hollyot3</b> [6135], <b>eveof3</b> [6136], <b>clintonjf60</b> [6137], <b>tabithapt18</b> [6138], <b>SterydyEntit</b> [6139], <b>bradleyeu60</b> [6140], <b>latoyazy60</b> [6141], <b>mildredwf16</b> [6142], <b>kimberlyio4</b> [6143], <b>Larrywrora</b> [6144], <b>Anthonylob</b> [6145], <b>victorqr16</b> [6146], <b>jeffreyet69</b> [6147], <b>artemonshoke</b> [6148], <b>BtcTichob</b> [7625], <b>YuliaTwers</b> [6150], <b>dirty909</b> [6151], <b>lesleykt3</b> [6152], <b>yghy</b> [6153], <b>lethadu2</b> [6154], <b>VMFelix</b> [6155], <b>nicolerh11</b> [6156], <b>lizog69</b> [6157], <b>olgaum69</b> [6158], <b>test</b> [6159], <b>menjtenib</b> [6160], <b>Oweds</b> [6161], <b>rogerdw11</b> [6162], <b>coreyri2</b> [6163], <b>Parmaster</b> [6164], <b>Steventag</b> [6165], <b>elisabethob69</b> [6166], <b>VincentUU</b> [6167], <b>Eugenetag</b> [6168], <b>StephenBlirl</b> [6169], <b>viper33320</b> [6170], <b>JeffreyTes</b> [6171], <b>dominiquerr69</b> [6172], <b>DavidVR</b> [6173], <b>patsysq2</b> [6174], <b>jenifermh4</b> [6175], <b>murielbo4</b> [6176], <b>lorriepg11</b> [6177], <b>StanleyMab</b> [6178], <b>aureliavs3</b> [6179], <b>sanjar</b> [6181], <b>Briangic</b> [6182], <b>Doriecup</b> [6183], <b>rashpell</b> [6184], <b>JerrRak</b> [6185], <b>Muxammad-ali</b> [6186], <b>Elijahdrede</b> [6187], <b>Kennethtog</b> [6188], <b>Bond</b> [6189], <b>CitynixFup</b> [6190], <b>RobertMaids</b> [6191], <b>LDdhHAmcPr</b> [6192], <b>Shimorin09</b> [6193], <b>hahceftassoMe</b> [6194], <b>lenur</b> [6195], <b>BrandonGG</b> [6196], <b>alan1794</b> [6197], <b>dbjkfshoke</b> [6202], <b>елена</b> [6234], <b>ybrfifshoke</b> [6240], <b>Adult dаting sites in sou</b> [6258], <b>Adult аmеriсan dating fre</b> [6261], <b>Bеаutiful women for sex i</b> [6263], <b>Dаting sitе for sex: http</b> [6269], <b>Selectelwam</b> [6275], <b>Tsrmgwb</b> [6281], <b>utyczshoke</b> [6289], <b>65 Legit Wауs Tо Мakе Mon</b> [6299], <b>Fwd: Раssivе Incomе Mу Su</b> [6305], <b>Brentdet</b> [6347], <b>godtfddz</b> [6354], <b>ybwiszjq</b> [6356], <b>Charlestup</b> [6364], <b>grusha</b> [6366], <b>cthueifshoke</b> [6386], <b>umidjonre</b> [6817], <b>Fsclczh</b> [6658], <b>Mahmud</b> [6422], <b>Mahmud9626</b> [6423], <b>WilliamHauby</b> [6428], <b>Ccasinosfag</b> [6439], <b>egamberdiyev89</b> [6451], <b>CarmenCah</b> [6452], <b>kerfyzshoke</b> [6457], <b>Ligtgvz</b> [6458], <b>Invеst $ 4474 in Вitcоin </b> [6466], <b>shokh</b> [6469], <b>Reccjyo</b> [6500], <b>Tulqin3333</b> [7312], <b>Dos_Yura</b> [6534], <b>Tommyjuido</b> [6535], <b>Ldserqk</b> [6563], <b>bek_fcb</b> [6582], <b>Verifiеd earnings оn the </b> [6608], <b>Marvincut</b> [6626], <b>Kgclhka</b> [6631], <b>pponyas</b> [6640], <b>Shukhrat</b> [6647], <b>Hellstaffshoke</b> [6663], <b>Tests</b> [6656], <b>Javohir</b> [6810], <b>Twgcikw</b> [6911], <b>Alnfruj</b> [6710], <b>Jmjcrvb</b> [6739], <b>njkzfshoke</b> [6750], <b>Yhvxdop</b> [6759], <b>uuu5</b> [6765], <b>Dmyhzcc</b> [6805], <b>s19342</b> [6822], <b>Wifordshoke</b> [6826], <b>boburrrrrr</b> [7317], <b>Jwecdaw</b> [6892], <b>ekaterinkashoke</b> [6900], <b>Uazcfsf</b> [6902], <b>Джасур</b> [6919], <b>Ixti</b> [6930], <b>Ypmuyyk</b> [6934], <b>Sajrvsd</b> [6944], <b>Slavik_FS</b> [6960], <b>Samir</b> [6966], <b>Mihail</b> [6971], <b>Rollex84</b> [6984], <b>sanjar0000</b> [7002], <b>roman</b> [7014], <b>Akmaljon</b> [7041], <b>izzer</b> [7056], <b>sdcfg jbnk</b> [7081], <b>сироч</b> [7094], <b>bobosh468</b> [7102], <b>bosit</b> [7113], <b>texnoroom</b> [7119], <b>Bahodir</b> [7122], <b>beka.kodirov</b> [7155], <b>salomsalom</b> [7178], <b>Suhrobbek</b> [7182], <b>Murodil</b> [7189], <b>Kh619</b> [7201], <b>Farid2020</b> [7227], <b>jorabek</b> [7249], <b>Sjsksksksk</b> [7253], <b>Мертвый_Моро3ильник</b> [7274], <b>Abdullo Abdullo</b> [7271], <b>tigr105</b> [7282], <b>mnekto</b> [7299], <b>yourlauren</b> [7300], <b>cotkiy</b> [7337], <b>hamonwam</b> [7380], <b>фурик</b> [7392], <b>SIYPAT REYMOV</b> [7540], <b>vorodesa</b> [7441], <b>Тохир</b> [7457], <b>adorer</b> [7473], <b>Azat Abdikarimov</b> [7499], <b>YunusbekMavlonov</b> [7520], <b>xxxxx</b> [7528], <b>Miras</b> [7544], <b>sadspirit</b> [7589], <b>suyunqulov_jaloliddin</b> [7565], <b>bekzodchoriyev88</b> [7579], <b>umrzoqq</b> [7626], <b>Фарход</b> [7635]'),
(7, 2, 'Admin', '7f000001', 0, 0, 0, 0, '', '', 1691092742, '<b>rjacku</b> [7259], <b>Spicger</b> [5225], <b>Lama</b> [5140], <b>N.U.R.I.K.B.E.K</b> [5058], <b>xonbek</b> [5059], <b>.:Dark Knight:.</b> [5067], <b>reliz</b> [5070], <b>ksaid1001</b> [5154], <b>Dark GHOST</b> [5073], <b>VanDaMus</b> [5405], <b>INFINIX</b> [7229], <b>alisherakramov</b> [5406], <b>sherabd</b> [5082], <b>More_pokoleno</b> [5420], <b>shova74</b> [5094], <b>Шнайдер</b> [5408], <b>Ойбек</b> [5089], <b>NEO001</b> [5095], <b>vst</b> [5097], <b>tomas</b> [5098], <b>Google</b> [5418], <b>Legenda</b> [5102], <b>Sherzod</b> [5105], <b>Jombs</b> [5112], <b>erkebulan2006</b> [5197], <b>axmun</b> [5115], <b>LANIGIRO</b> [5153], <b>fozil</b> [5179], <b>Spisb</b> [5118], <b>farrux1981</b> [5417], <b>sherifboy</b> [5413], <b>Bahrom</b> [5152], <b>mellow</b> [5410], <b>Abzia</b> [5136], <b>SaidovOdol</b> [5139], <b>HeartBeaTz_Prod.</b> [5141], <b>shuxrat</b> [5183], <b>Slimus</b> [5412], <b>rasul2010</b> [5155], <b>Abdulazizbek</b> [5156], <b>sherali100386</b> [5157], <b>oybek</b> [5158], <b>Anvar26</b> [5159], <b>Evropa</b> [5161], <b>suroj</b> [5162], <b>HellStaff</b> [5163], <b>zafargsh</b> [5164], <b>DeAl</b> [5200], <b>Shah755</b> [5166], <b>abram_calen</b> [5167], <b>greenvaldstaf</b> [5169], <b>jamijon</b> [5170], <b>Олим</b> [5171], <b>azizkhanuzb</b> [5172], <b>Компот</b> [5173], <b>Unofficial</b> [5174], <b>Bekzod</b> [5175], <b>Anonim1703</b> [5177], <b>sotvoldi</b> [5178], <b>sar_</b> [5182], <b>Kappanev</b> [5185], <b>XOJELI</b> [5184], <b>hika</b> [5186], <b>xvatitttt</b> [5188], <b>XAЦKER</b> [5192], <b>### Ruslan</b> [5190], <b>zakkwyldebls</b> [5193], <b>Muzaffar0587</b> [5194], <b>pinokio</b> [5195], <b>Dead М@з@й</b> [5196], <b>HDBit</b> [5201], <b>Jupiter (2)</b> [5202], <b>begzod.bek1</b> [5203], <b>Beko0o</b> [5204], <b>Марат</b> [5205], <b>Bezobrazie</b> [5206], <b>sinema_uz</b> [5209], <b>ismoilbek</b> [5210], <b>Mura_oka</b> [5211], <b>Dos</b> [5212], <b>Ghost</b> [5215], <b>d1zzy</b> [5217], <b>The PhoeniXXX</b> [5231], <b>AkoshUZ</b> [5220], <b>Testing</b> [5221], <b>cnn</b> [5232], <b>Ibrohim_777</b> [5226], <b>Yoshlar</b> [5227], <b>Jams</b> [5228], <b>MAXIMUS87</b> [5229], <b>mennial</b> [5230], <b>atham</b> [5233], <b>sarvar</b> [5234], <b>Rahimjan</b> [5235], <b>kashkaldakk</b> [5236], <b>ozodbi</b> [5237], <b>_Wonder</b> [5239], <b>Дмитрий</b> [5240], <b>ciiacuteji</b> [5241], <b>KlassniyTIP</b> [5242], <b>Knyaz_1337</b> [5243], <b>shoxruz2011</b> [5244], <b>DexLine</b> [5245], <b>uk8aec</b> [5246], <b>soipov7595</b> [5247], <b>mish@nya</b> [5249], <b>Alexander</b> [5250], <b>Михаил</b> [5251], <b>shrek-aka</b> [5254], <b>Русотуристо</b> [5255], <b>Akmal0117</b> [5257], <b>я миха</b> [5276], <b>FingFangFong</b> [5258], <b>SWMAN</b> [5259], <b>logan7272</b> [5260], <b>Goyik</b> [5262], <b>IzzI</b> [5263], <b>uzbelyor</b> [5264], <b>Salamat</b> [5265], <b>AxmaD</b> [5267], <b>KoJI6aCa</b> [5268], <b>Android743</b> [5269], <b>God of War</b> [5270], <b>vadim_0795</b> [5271], <b>nodir5929</b> [5272], <b>UZBlave</b> [5273], <b>scroodgee1112</b> [5274], <b>fakel25</b> [5275], <b>NOLOVE</b> [5277], <b>Caine</b> [5278], <b>mirzayev14</b> [5279], <b>Hakerjon</b> [5281], <b>11111</b> [5283], <b>djali777</b> [5282], <b>warrior134</b> [5284], <b>Besyarik</b> [5286], <b>utorrent</b> [5287], <b>izmayl</b> [5288], <b>Bekzodjon</b> [5291], <b>Soldier</b> [5292], <b>Najmiddins1999</b> [5293], <b>BKNZR</b> [5294], <b>docmusics</b> [5295], <b>jamil-3</b> [5296], <b>chort</b> [5297], <b>javauz</b> [5298], <b>Jonni</b> [5299], <b>komil</b> [5300], <b>qoosimov</b> [5301], <b>dsafdseaw</b> [5302], <b>garegre</b> [5303], <b>SHOXRUX</b> [5304], <b>Jupiter(2)</b> [5305], <b>Jack</b> [5309], <b>ZmR</b> [5307], <b>KDM</b> [5310], <b>ibratbek</b> [5330], <b>darkwin</b> [5311], <b>BoboMUROD</b> [5312], <b>Doston11138</b> [5316], <b>Meliodas</b> [5313], <b>game_zone_2016</b> [5314], <b>ReLaX</b> [5315], <b>mrdis</b> [5317], <b>Baxrom</b> [5319], <b>WORLD</b> [5320], <b>akbarkhan</b> [5321], <b>Шавкат0077</b> [5337], <b>Doc2001</b> [5322], <b>Сухроб</b> [5323], <b>Roha</b> [5324], <b>javlon</b> [5339], <b>Perfectiv</b> [5326], <b>Core</b> [5331], <b>Javodbek</b> [5332], <b>MaGnum</b> [5333], <b>Фазилов</b> [5334], <b>mansur1990</b> [5335], <b>axtam</b> [5336], <b>adminstrator</b> [5338], <b>Codex</b> [5340], <b>Абдулла Махмудов</b> [5342], <b>Hojiakbar</b> [5343], <b>eldor.tas-ix</b> [5347], <b>Stallion</b> [5346], <b>an4ous84</b> [5348], <b>Blatnoy</b> [5353], <b>ravshan84</b> [5349], <b>armagidon</b> [5350], <b>JustKill777</b> [5351], <b>Denjirius</b> [5352], <b>Alibobo</b> [5383], <b>schamno</b> [5358], <b>Sam</b> [5357], <b>snjrt</b> [5354], <b>Alisher</b> [5368], <b>sardor</b> [5356], <b>shaxzod</b> [5379], <b>DimaN_713</b> [5359], <b>Qurel</b> [5360], <b>Pudge</b> [5376], <b>relax1984</b> [5363], <b>Abdulaziz1312</b> [5362], <b>Akmal_invest</b> [5366], <b>Toyota_Avalon</b> [5364], <b>Aziko 0000</b> [5365], <b>desantura</b> [5367], <b>muxamed</b> [5369], <b>Farrux</b> [5370], <b>INFERNOCAT</b> [5372], <b>rapcore</b> [5373], <b>Jamshid</b> [5375], <b>Jahongir09</b> [5377], <b>danikcorei5</b> [5378], <b>pashahan</b> [5380], <b>Windman</b> [5382], <b>nbv1966</b> [5384], <b>Avazbek</b> [5385], <b>Wolf</b> [5398], <b>mi_1085</b> [5386], <b>GoodJoob</b> [5387], <b>tongs</b> [5389], <b>Denjerus</b> [5392], <b>Shahbozbek96</b> [5393], <b>Leonitus</b> [5394], <b>HERICON</b> [5395], <b>Ruslan</b> [5399], <b>Kenjayev77</b> [5402], <b>tima</b> [5400], <b>XAYRICK</b> [5401], <b>DRUGKEEPER</b> [5407], <b>Brutal007</b> [5427], <b>Meloman</b> [5429], <b>nodirhajiev</b> [5433], <b>Mustang</b> [5438], <b>ABDUHOLIK</b> [5439], <b>pulatov</b> [5442], <b>Ulugbek_414</b> [5450], <b>shelbytv3</b> [5451], <b>Charlesprior</b> [5453], <b>selena.ig</b> [5454], <b>valeriebr3</b> [5455], <b>Wileymusia</b> [5456], <b>ofitserjohn</b> [5457], <b>Azikazik1</b> [5458], <b>BeJimmieBat</b> [5459], <b>bigmarket</b> [5460], <b>kax.abbos</b> [5461], <b>KevinWop</b> [5462], <b>cloystix</b> [5463], <b>MOMO</b> [5464], <b>denkamalet</b> [5465], <b>HermanbiC</b> [5466], <b>kxusniddin</b> [5467], <b>Вячеслав</b> [5468], <b>RosalieHam</b> [5469], <b>Dilshod</b> [5470], <b>NewPartnersBus</b> [5479], <b>Evgeny</b> [5473], <b>GregoryLig</b> [5474], <b>NDM</b> [5475], <b>Boburjon Sharifboyev</b> [5476], <b>khadiroff</b> [5480], <b>AlinaBus</b> [5481], <b>alexisze2</b> [5484], <b>Kredit_Bus</b> [5483], <b>rahmanio666</b> [5485], <b>ZHU</b> [5486], <b>soft84</b> [5488], <b>Uchquduq</b> [5487], <b>DeweyEcole</b> [5489], <b>noellewl11</b> [5491], <b>ImageSendg206</b> [5494], <b>ronaldrj11</b> [5493], <b>ForeverLinm96</b> [5495], <b>clarapi16</b> [5496], <b>Randallboymn</b> [5497], <b>Oleg Domm</b> [5498], <b>Uzdiyor1505</b> [5499], <b>christinevn18</b> [5501], <b>ArafeRuml66</b> [5502], <b>LionaHumh40</b> [5503], <b>MartinTed</b> [6198], <b>NovosadovSP</b> [6199], <b>fomish</b> [6200], <b>Alwaysmeele</b> [6201], <b>JamesCrend</b> [6203], <b>BruceKab</b> [6204], <b>AnthonyJap</b> [6205], <b>Allenfof</b> [6206], <b>OscarGK</b> [6207], <b>Sol-casinolam</b> [6208], <b>reklamaWed</b> [6209], <b>sancho1117</b> [6210], <b>MarilynEreva</b> [6211], <b>Andrewson</b> [6212], <b>FDRussell</b> [6213], <b>KulIkA</b> [6214], <b>FrankHeply</b> [6215], <b>Azim</b> [6216], <b>Miguelfluom</b> [6217], <b>aMiraaa</b> [6218], <b>glokks</b> [6219], <b>Williambluff</b> [6220], <b>gruppi</b> [6221], <b>BarbaraEdisa</b> [6222], <b>Justinbug</b> [6223], <b>Socorrotroum</b> [6224], <b>ForexKa</b> [6225], <b>painfuldeathh</b> [6226], <b>OONelson</b> [6227], <b>SteveFus</b> [6228], <b>Kennethwrowl</b> [6229], <b>qkqidgmw</b> [6230], <b>Guelacug</b> [6231], <b>HowardFus</b> [6232], <b>Alisher.Xikmanov</b> [6233], <b>объявленияBaf</b> [6235], <b>Robertloarl</b> [6283], <b>killer2014</b> [6236], <b>Mariox765</b> [6237], <b>MichaelAmota</b> [6238], <b>FrankPal</b> [6239], <b>bexzoda</b> [6241], <b>MUCaleb</b> [6242], <b>Phillipsmova</b> [6243], <b>JoeRG</b> [6254], <b>AllenNut</b> [6244], <b>romaa282</b> [6246], <b>9wap94</b> [6245], <b>Stephenjosse</b> [6247], <b>ANWinston</b> [6248], <b>Frier</b> [6831], <b>BessieSeeri</b> [6249], <b>StanleyAlien</b> [6250], <b>LauraTap</b> [6251], <b>PPNickolas</b> [6252], <b>Williamlex</b> [6253], <b>Rigelcreah</b> [6255], <b>GABernard</b> [6256], <b>XODW0_Niz</b> [6257], <b>Joshuasek</b> [6259], <b>GabrielSlult</b> [6260], <b>DouglasLog</b> [6262], <b>Coreyenarf</b> [6264], <b>Ziyodulla</b> [6265], <b>VincentMY</b> [6266], <b>НДМ</b> [6267], <b>Wojtekunsox</b> [6268], <b>Victoria777ner</b> [6270], <b>Eminescence</b> [6271], <b>anon</b> [6605], <b>husan</b> [6272], <b>aysxphri</b> [6274], <b>xattab1ch</b> [6276], <b>ophhtxkm</b> [6277], <b>nndbtvng</b> [6278], <b>Baxtiy</b> [6279], <b>AnthonyLot</b> [6280], <b>Nathanfam</b> [6282], <b>dsmttavm</b> [6284], <b>btomxvon</b> [6285], <b>ejqzljek</b> [6286], <b>maruf-01</b> [6287], <b>joycainoroorb</b> [6454], <b>Robertwroth</b> [6288], <b>metwfvxo</b> [6290], <b>lcfgxtur</b> [6291], <b>Garit583</b> [6292], <b>PeterSmala</b> [6293], <b>WillieKam</b> [6294], <b>Ravzspourf</b> [6295], <b>uafzgbkk</b> [6296], <b>Leapold</b> [6297], <b>obinmiat</b> [6298], <b>xkvgwact</b> [6300], <b>Игорь</b> [6301], <b>Larih579</b> [6302], <b>Abdulaziz</b> [6303], <b>yrjeezal</b> [6304], <b>Iarin22</b> [6306], <b>Carlosmop</b> [6307], <b>kzwiueqp</b> [6308], <b>ymvkyhzo</b> [6309], <b>bek2808</b> [6310], <b>pabmomyi</b> [6311], <b>flclhmzg</b> [6312], <b>eqlwqzma</b> [6313], <b>kegpexdc</b> [6314], <b>mvssjsia</b> [6315], <b>tbboyudg</b> [6316], <b>alsoA</b> [6317], <b>nqemlsix</b> [6318], <b>btrlmadv</b> [6319], <b>xhusotgw</b> [6320], <b>Bobbysen</b> [6321], <b>dncrfwzd</b> [6322], <b>tykeaarz</b> [6323], <b>elvdiwof</b> [6324], <b>oqvvzugk</b> [6325], <b>luaqffht</b> [6326], <b>xeasgmam</b> [6327], <b>iehlbkde</b> [6328], <b>bynhtftl</b> [6329], <b>tnqjgufs</b> [6330], <b>ogedolifqeki</b> [6331], <b>ekusocosao</b> [6332], <b>coura</b> [6333], <b>bjiligca</b> [6334], <b>cijtqacy</b> [6335], <b>njwvgdhx</b> [6336], <b>Aaronmop</b> [6337], <b>sherxan</b> [6338], <b>cyriaqqe</b> [6348], <b>zazu</b> [6339], <b>den4ik</b> [6340], <b>dwxnrmtr</b> [6341], <b>Kennethicoth</b> [6342], <b>vjfuqzcu</b> [6343], <b>JamesAI</b> [6344], <b>Nicolebut</b> [6345], <b>jetatjmr</b> [6346], <b>bfmqtkbl</b> [6349], <b>hdlfhsml</b> [6350], <b>Wario785</b> [6351], <b>rwfxrgia</b> [6352], <b>dachastef</b> [6353], <b>ownpdkjm</b> [6355], <b>FqasdoOpPr</b> [6357], <b>novoelecteemn</b> [6358], <b>sashapas81</b> [7311], <b>rdvepner</b> [6360], <b>gemza</b> [6361], <b>dpawzzjq</b> [6362], <b>vvulkanstarznip</b> [6363], <b>flgtxjxt</b> [6365], <b>umoyvrpg</b> [6370], <b>PddJaPpPr</b> [6367], <b>xushnud</b> [6368], <b>pffoltym</b> [6369], <b>akrufofo</b> [6371], <b>xujksysd</b> [6372], <b>TimothySlity</b> [6373], <b>Vulcanovex</b> [6374], <b>Timurbek</b> [6375], <b>Bernardpep</b> [6376], <b>ViktopBof</b> [6377], <b>baur</b> [6379], <b>alishernurjamolov@gmail.c</b> [6380], <b>x_rich</b> [6381], <b>IofJjayPr</b> [6382], <b>Ильдар</b> [6383], <b>Casinoonlinewew</b> [6384], <b>casinoxGuapy</b> [6387], <b>VictorSmume</b> [6388], <b>dima93_93</b> [6389], <b>Odilbek</b> [6390], <b>IzaTaugh</b> [6391], <b>shazam45547800</b> [6393], <b>karinarow</b> [6392], <b>Doston</b> [6394], <b>koxejacutu</b> [6395], <b>Gancasinosfag</b> [6405], <b>inamopiwe</b> [6396], <b>ofimawo</b> [6397], <b>etadcet</b> [6398], <b>peter-t-s</b> [6399], <b>Nodir</b> [6400], <b>isik9116</b> [6401], <b>platinumzeR</b> [6402], <b>Akinbek</b> [6403], <b>getusacax</b> [6404], <b>Elenamog</b> [6406], <b>Jasonplorp</b> [6407], <b>AlexMenserrsmido</b> [6408], <b>ExBanDit</b> [6409], <b>Vintjag</b> [6410], <b>nifty</b> [6418], <b>enduzon</b> [6411], <b>vilkiko</b> [6412], <b>dashhaulya</b> [6413], <b>AndrewBot</b> [6414], <b>HarryGen</b> [6415], <b>ShokhrukhK</b> [6416], <b>SHEZAR</b> [6417], <b>RobertOccum</b> [6419], <b>lord096</b> [6420], <b>veuron</b> [6421], <b>Patrickroula</b> [6424], <b>RobertItads</b> [6425], <b>KenCreedmoorTaurl</b> [6430], <b>JasonIllum</b> [6426], <b>Danilchaix</b> [6427], <b>MichaelNax</b> [6429], <b>shahzod</b> [6431], <b>Makaron25</b> [6432], <b>anikjan</b> [6433], <b>zver5959</b> [6434], <b>Basmac4</b> [6435], <b>Jaksilik</b> [6440], <b>mashrab nurkeldiev</b> [6436], <b>VitalikNed</b> [6437], <b>igor70sed</b> [6438], <b>roma</b> [6441], <b>dark</b> [7364], <b>PatrickHor</b> [6443], <b>Jerrypuh</b> [6444], <b>katzumoto</b> [6445], <b>abdusamadbelliy</b> [6446], <b>nitron</b> [6447], <b>oyba12345</b> [6448], <b>RobertFeaky</b> [6449], <b>bahodir1924</b> [6450], <b>AlexMes</b> [6453], <b>MariaFup</b> [6456], <b>ASDaniel</b> [6455], <b>sedna</b> [6459], <b>Игорь777</b> [6460], <b>withoutfaces</b> [6461], <b>DetmebWed</b> [6462], <b>ThomasLom</b> [6463], <b>Oluhnov56</b> [6464], <b>Infinitus</b> [6465], <b>Georgeslaps</b> [6467], <b>boho</b> [6468], <b>Farii178</b> [6470], <b>zver334</b> [6471], <b>lacetti_123</b> [6472], <b>Dethgun0908</b> [6474], <b>Goodwinsluch</b> [6473], <b>Izzatbek</b> [6475], <b>BobbyRax</b> [6476], <b>EddieGib</b> [6477], <b>contractormop</b> [6478], <b>BedroomWed</b> [6479], <b>vadim_kek</b> [6480], <b>YeseniaDof</b> [6481], <b>pokerDomKah</b> [6484], <b>LudaViona</b> [6482], <b>OfismebWed</b> [6483], <b>ladestation_</b> [6485], <b>abubakr</b> [6486], <b>scarfuck858</b> [6487], <b>Williamclelp</b> [6488], <b>HallwayWed</b> [6489], <b>Edgarinnob</b> [6490], <b>Brianzitty</b> [6491], <b>tradem</b> [6492], <b>Ramz</b> [6493], <b>Abraham</b> [6495], <b>aloneelf</b> [6496], <b>Inteli</b> [6497], <b>samar_96</b> [6498], <b>tpcvmauy</b> [6499], <b>alinuriddinov1@gmail.com</b> [6501], <b>tima.azimov.22</b> [6502], <b>assbeater</b> [7646], <b>Bekhzod</b> [7310], <b>СкайМаг</b> [7309], <b>TitaniumTT</b> [6507], <b>baheee</b> [6508], <b>JohannasStinkeFotzedamma</b> [6509], <b>tahir</b> [6511], <b>5plusbow</b> [6512], <b>RCDaniel</b> [6713], <b>sharpa</b> [6513], <b>NikolayOweds</b> [6514], <b>EverleeWoorp</b> [6515], <b>newadidasss</b> [6521], <b>sapayev_0203</b> [6516], <b>Ника</b> [7319], <b>Michaeljep</b> [6518], <b>maniiya</b> [6519], <b>seoGon</b> [6520], <b>loverandhate90</b> [7313], <b>AqvaVin</b> [6522], <b>bakhsaraz</b> [6639], <b>velichko</b> [6523], <b>rodi_95</b> [6524], <b>chiefcoco24</b> [6525], <b>имяипароль</b> [6526], <b>NQudbiyev</b> [6527], <b>wulkan24Six</b> [6528], <b>ilyosbek</b> [6529], <b>FrankTA</b> [6530], <b>hunters</b> [6531], <b>SolDM</b> [6533], <b>sardorxaxa</b> [7174], <b>Hater</b> [6537], <b>hasanboy</b> [6538], <b>BostixRU</b> [6539], <b>diman</b> [6540], <b>lfhFinok</b> [6541], <b>OlegDen</b> [6542], <b>qibggrto</b> [6543], <b>borisfishinov</b> [6545], <b>WilliamBiz</b> [6546], <b>jamshid190</b> [6573], <b>mrbitret</b> [6547], <b>sh.ohunov</b> [6548], <b>labedroomcoste</b> [6549], <b>yanaromkina</b> [6560], <b>valio</b> [6550], <b>bestowal</b> [6569], <b>Harrybof</b> [6551], <b>LutherZex</b> [6552], <b>AndrewGidly</b> [6553], <b>Matthewbax</b> [6554], <b>DavidWag</b> [6555], <b>KennethBip</b> [6556], <b>T0BY666</b> [6557], <b>oserialpost</b> [6558], <b>Азиз</b> [7304], <b>Lutfullo</b> [6567], <b>Saracloda</b> [6561], <b>gogapiletov</b> [6562], <b>abuwkiy</b> [6564], <b>DavidCH</b> [6568], <b>makemkv</b> [6565], <b>Glebplugh</b> [6566], <b>mebelnom</b> [6570], <b>Malik</b> [6571], <b>Turok</b> [6572], <b>Акром</b> [6574], <b>Robertdaymn</b> [6575], <b>ctmri</b> [6576], <b>monyhka</b> [6578], <b>maya_sh</b> [6577], <b>DarkGladx</b> [6579], <b>DyblikrNop</b> [6728], <b>Priscillaneunc</b> [6580], <b>NoraLem</b> [6581], <b>Farhod Zaripov</b> [6583], <b>Raymondnaile</b> [6584], <b>RubenDealp</b> [6585], <b>Normancab</b> [6586], <b>urunpzsy</b> [6587], <b>Rwalden</b> [6588], <b>GTA5Mandiugh</b> [6589], <b>Kevinlip</b> [6590], <b>MartinB</b> [6591], <b>Ethangasty</b> [6592], <b>Robertkathy</b> [6593], <b>DobriyG</b> [6594], <b>Eldor</b> [6595], <b>ibrohim</b> [6596], <b>ThomasNouch</b> [6650], <b>AliFoorm</b> [6597], <b>TerryHib</b> [6598], <b>faith2999</b> [6599], <b>sol-dorcet</b> [6601], <b>ErnestKryoiyer_2555</b> [6602], <b>RAMPAGA</b> [6603], <b>JamesGak</b> [6604], <b>swe</b> [6606], <b>messi5566</b> [6607], <b>booiInolf</b> [6615], <b>Doniddin</b> [7316], <b>jonyhunt</b> [7314], <b>Michaelmexia</b> [6610], <b>CharlesVab</b> [6611], <b>Charlespudge</b> [6612], <b>Stevemuh</b> [6613], <b>dilshod3</b> [6614], <b>KeofiGrori</b> [6770], <b>Aziz-jon</b> [6616], <b>Robertoceah</b> [6617], <b>Jeffreybet</b> [6618], <b>MichaelErype</b> [6619], <b>abdvkh</b> [6620], <b>Alex-1703</b> [6621], <b>AZAMJON</b> [6622], <b>Kamoliddin</b> [6623], <b>LQOscar</b> [6625], <b>Ivandiose</b> [6627], <b>KaitlynWoorp</b> [6628], <b>Kaban20002</b> [6629], <b>alextosh</b> [6630], <b>klizma</b> [6632], <b>JamesNeusy</b> [6633], <b>hjfkluxx</b> [6634], <b>DON</b> [6635], <b>Sandracef</b> [6636], <b>humoyun2006</b> [6638], <b>shoxa_anderson</b> [6637], <b>professor65307</b> [6641], <b>Ady Wolverine</b> [6642], <b>3aplus63bacle</b> [6643], <b>minselxoz23</b> [6644], <b>nematov</b> [6645], <b>shodiya</b> [6646], <b>hkqawyhh</b> [6648], <b>alixan.kerimov@bk.ru</b> [6649], <b>kirhab</b> [6651], <b>Mansory_044</b> [6652], <b>BernardMM</b> [6653], <b>HHLeonardo</b> [6654], <b>lmotienp</b> [6655], <b>3maggot3</b> [6659], <b>jamshiddurdiyev</b> [6820], <b>RaymondQA</b> [6660], <b>ReneYX</b> [6661], <b>glbktshh</b> [6664], <b>abduwka1204</b> [6665], <b>MalcolmNO</b> [6666], <b>Bio777</b> [6669], <b>Charlesabilk</b> [6667], <b>JerryWib</b> [6668], <b>halfdeadavocado</b> [6670], <b>Leditinder</b> [6671], <b>lolamaznova</b> [6672], <b>miraziz89</b> [6673], <b>aeshare</b> [6674], <b>Lazizjon</b> [6675], <b>DonaldNY</b> [6676], <b>GDAllan</b> [6678], <b>ouroboros</b> [6683], <b>Utkir</b> [6679], <b>Doyletib</b> [6680], <b>BHMarco</b> [6681], <b>Bradleyvep</b> [6682], <b>alex0004</b> [6684], <b>Aziz0430</b> [6685], <b>Martinsom</b> [6686], <b>AnthonyInded</b> [6687], <b>FrancisYE</b> [6688], <b>AKUz</b> [6689], <b>AIRobert</b> [6690], <b>B1VCK</b> [6691], <b>azbest</b> [6692], <b>scroll_34</b> [6693], <b>tolaboev-mo</b> [6694], <b>Murat</b> [6695], <b>MelcosoDup</b> [6696], <b>StewartFab</b> [6697], <b>asatovz</b> [6698], <b>HarleyIZ</b> [6699], <b>GeorgeTruch</b> [6700], <b>Yana</b> [6701], <b>asd</b> [6702], <b>klinktak</b> [6703], <b>GeraldOwego</b> [6704], <b>A.V.P.</b> [6705], <b>IncichaeArirl</b> [6706], <b>aplayZongE</b> [6707], <b>vitinnromain</b> [6708], <b>crocen777</b> [6709], <b>gorakirilov</b> [6711], <b>CostaMesafumn</b> [6712], <b>pokaxontes</b> [6714], <b>nurali1981</b> [6747], <b>ama</b> [6715], <b>slark</b> [6716], <b>bob</b> [6717], <b>jasur</b> [6718], <b>TTDavid</b> [6719], <b>magil</b> [6720], <b>Raymond</b> [6721], <b>маарон255</b> [6722], <b>Amandatisee</b> [6723], <b>Decr1t</b> [6725], <b>norgit</b> [6726], <b>HIKMATILLO 90</b> [6727], <b>CarloDet</b> [6729], <b>Robetrem</b> [6730], <b>CorocipEryPe</b> [6731], <b>mplegendpost</b> [6732], <b>Columbusduh</b> [6733], <b>kirill00</b> [6734], <b>malytka</b> [6735], <b>MixyWib</b> [6736], <b>Robertrek</b> [6737], <b>кама</b> [6738], <b>Streamline</b> [6740], <b>Jessicafaw</b> [6741], <b>Alibek</b> [6742], <b>shoxxx166</b> [6981], <b>Megarush</b> [6743], <b>Константин</b> [6744], <b>Aplaysal</b> [6745], <b>grihsau</b> [6746], <b>Noniideof</b> [6748], <b>huzimefezna</b> [6861], <b>Michelka</b> [6749], <b>DramXrenPax</b> [6763], <b>doradikaya</b> [6751], <b>Bruceboori</b> [6752], <b>отабек</b> [6753], <b>RonaldFef</b> [6754], <b>Plandem@mail.ru</b> [6755], <b>Jimmybig</b> [6756], <b>kiramashkina</b> [6757], <b>fridya</b> [6758], <b>JahongirNematov</b> [6760], <b>prayer</b> [6761], <b>student12</b> [6762], <b>DonchikPonchik</b> [6764], <b>elianaGef</b> [6766], <b>oberonNum</b> [6767], <b>RuonlinOrawl</b> [6768], <b>moshkass</b> [6769], <b>Lewishoold</b> [6771], <b>Michaelscalp</b> [6780], <b>JamesLix</b> [6772], <b>lycan</b> [6773], <b>akomaronip</b> [6774], <b>murzikk</b> [6775], <b>Никитаааааа</b> [6776], <b>rovshan2</b> [6777], <b>Ramaskiwourl</b> [6778], <b>RichardB</b> [6779], <b>Frankspelf</b> [6781], <b>Epnpromocode</b> [6782], <b>Aarondlkn</b> [6783], <b>JacobStiff</b> [6784], <b>proshch</b> [6785], <b>Torrancefumn</b> [6786], <b>mirpromlnifE</b> [6787], <b>shavkat81</b> [6788], <b>Omahafumn</b> [6789], <b>Lazizbek</b> [6790], <b>shuhrat20</b> [6791], <b>Abdurauf</b> [6792], <b>Sasorcosliny</b> [6793], <b>Рамиз</b> [6794], <b>RalphWS</b> [6795], <b>MelvinTrina</b> [6796], <b>Freelancernikprohom</b> [6797], <b>RalphW</b> [6798], <b>JoshuaMeeds</b> [6799], <b>kamolaPheby</b> [6800], <b>vasyaliyy</b> [6884], <b>Shakh</b> [7318], <b>sherzod0690</b> [6802], <b>animeslurb</b> [6803], <b>kh575</b> [6804], <b>HYKevin</b> [6806], <b>DanielTit</b> [6807], <b>saad</b> [6809], <b>MQRichard</b> [6808], <b>Dulwd</b> [6813], <b>MorrisUR</b> [6811], <b>laylobut</b> [6812], <b>XVBradley</b> [6814], <b>razvodkatya</b> [6815], <b>fatecenTarly</b> [6816], <b>KasynGon</b> [6818], <b>shovkatu</b> [6819], <b>XRobert</b> [6821], <b>Abdushukur</b> [6823], <b>ibra</b> [6824], <b>oliasmirrnova</b> [6828], <b>Brianminee</b> [6825], <b>JryWib</b> [6827], <b>ConradAxomy</b> [6829], <b>umka_omide</b> [6843], <b>Matthewvaw</b> [6830], <b>EdwardNuary</b> [6832], <b>Xayrullayev001</b> [6833], <b>ManuelYQ</b> [6834], <b>Toirbek</b> [6835], <b>Farrux880</b> [6916], <b>Otabek</b> [6836], <b>shoxruxbek</b> [6837], <b>sferuz23</b> [6838], <b>KVdward</b> [6839], <b>shahzaib_spi</b> [6840], <b>RodneyElurf</b> [6841], <b>AnthonyNoipt</b> [6842], <b>Jameslew</b> [6844], <b>mralexaloc</b> [6845], <b>Edwardasype</b> [6886], <b>ENERGY80</b> [6846], <b>Brucenot</b> [6847], <b>ukatamupamxa</b> [6848], <b>PedroDix</b> [6849], <b>ulevuzilekuf</b> [6850], <b>ejeratni</b> [6851], <b>usexosefomak</b> [6852], <b>inodomuha</b> [6853], <b>ocufyoluucezo</b> [6854], <b>eleemarkina</b> [6855], <b>Varlamvic</b> [6856], <b>KXRaymond</b> [6857], <b>oluzb</b> [6858], <b>ranovaScecy</b> [6859], <b>максим1300</b> [6860], <b>Lamoz</b> [6862], <b>RobertFer</b> [6863], <b>akhmet</b> [6864], <b>CLiMAX_</b> [6865], <b>watchesmaster</b> [6866], <b>Jamesspepe</b> [6867], <b>John</b> [6868], <b>dimicon</b> [6869], <b>Nancykal</b> [6870], <b>ZEMartin</b> [6871], <b>bekzod_8904</b> [6872], <b>Danielslamp</b> [6873], <b>Javanni2</b> [6874], <b>Damontiz</b> [6875], <b>tetradOntow</b> [6876], <b>Anthonyfum</b> [6877], <b>Clayf</b> [6985], <b>musaev</b> [6878], <b>Williamopica</b> [6879], <b>Said7147200</b> [6880], <b>Erarwodia</b> [6881], <b>Mike</b> [6882], <b>Charlesden</b> [6883], <b>wolf1661</b> [6885], <b>Spencerpat</b> [6887], <b>Raymondnuh</b> [6888], <b>prettylinka</b> [6889], <b>tatta</b> [6891], <b>SteaM</b> [6893], <b>visionicloud</b> [6894], <b>Helenlorie</b> [6895], <b>dynalytkina</b> [6896], <b>MartinFus</b> [6897], <b>yuldash</b> [6899], <b>JoshuaFus</b> [6898], <b>Damir077</b> [6901], <b>RafaelNem</b> [6903], <b>Edwinlix</b> [6904], <b>Davigum</b> [6905], <b>СloudSkick</b> [6906], <b>ivaylo8000</b> [6907], <b>azamhonchik</b> [6908], <b>xusniddin89-89</b> [6909], <b>RetroDragon</b> [6910], <b>mrPars</b> [6912], <b>GustavoDib</b> [6913], <b>Taddy</b> [6914], <b>SuxrobRKO</b> [6915], <b>Fantacolniy</b> [6917], <b>Умид</b> [6918], <b>ArturoAnync</b> [6920], <b>Izzatbekdron</b> [6921], <b>DxclDevil</b> [6922], <b>KRB</b> [6923], <b>diyor_201</b> [6924], <b>furnitureFrult</b> [6925], <b>Thomasnop</b> [6926], <b>corianhaf</b> [6927], <b>Claranox</b> [6928], <b>shurasklyarov</b> [6929], <b>Michaelslamp</b> [6931], <b>aleninjal</b> [6932], <b>cirafedkova</b> [6933], <b>ajack</b> [6935], <b>Тимур</b> [6936], <b>franklin</b> [6937], <b>Маркул</b> [6938], <b>bahtigep</b> [6939], <b>SHAKHBOZ</b> [6940], <b>FrancesJew</b> [6941], <b>Donaldbrup</b> [6942], <b>Adrianquamn</b> [6943], <b>timm116</b> [6945], <b>shodmon</b> [6946], <b>PHilosopher</b> [6947], <b>Pavel1996it</b> [6948], <b>kamoliddin007</b> [6949], <b>abdulloh77</b> [7235], <b>Ali1985</b> [7231], <b>Red_Devill</b> [6951], <b>bugman</b> [6989], <b>tocif64954</b> [6952], <b>bek19-821</b> [6953], <b>said</b> [6954], <b>jagger aziz</b> [6955], <b>Arxip</b> [6956], <b>azat</b> [6957], <b>aziko1985</b> [6958], <b>Evgeney</b> [6959], <b>eli55673</b> [6961], <b>BVR999</b> [6974], <b>Razor</b> [6962], <b>Abdula</b> [7023], <b>kamal</b> [7032], <b>ev1LSenpai</b> [6963], <b>lord</b> [6964], <b>turobpanda</b> [6967], <b>hacker.max</b> [6968], <b>dadakhujaev</b> [7000], <b>Игорь Лих</b> [6969], <b>xoliqov.bekzod</b> [6970], <b>MRTusa</b> [6972], <b>saultralnifE</b> [6973], <b>primermir</b> [6975], <b>evans13</b> [6976], <b>Тимур_25</b> [6977], <b>Mohirjon</b> [6978], <b>das71</b> [6979], <b>Aezil</b> [6980], <b>Арутюн</b> [6982], <b>Farruh8296</b> [6983], <b>Fullprist</b> [6986], <b>platinumka</b> [6987]');
INSERT INTO `bb_log` (`log_type_id`, `log_user_id`, `log_username`, `log_user_ip`, `log_forum_id`, `log_forum_id_new`, `log_topic_id`, `log_topic_id_new`, `log_topic_title`, `log_topic_title_new`, `log_time`, `log_msg`) VALUES
(7, 2, 'Admin', '7f000001', 0, 0, 0, 0, '', '', 1691092752, '<b>Ruslan317</b> [6988], <b>MerkiSib</b> [6990], <b>asli</b> [6991], <b>gosgnil</b> [6992], <b>Alexsteel</b> [6993], <b>Isfandiyor</b> [6994], <b>sirojiddin</b> [6995], <b>shaol1n</b> [6996], <b>Laziz</b> [6997], <b>Zaripov Farhod</b> [6998], <b>Рустам</b> [6999], <b>Axibed</b> [7001], <b>SheparD</b> [7003], <b>marsy.anyn</b> [7004], <b>Konka</b> [7005], <b>habibullo.03</b> [7006], <b>Rollex8484</b> [7007], <b>alex1504</b> [7008], <b>Shohjaxon</b> [7009], <b>Durbek</b> [7010], <b>Алекс</b> [7011], <b>Svig</b> [7012], <b>ep1iq</b> [7013], <b>313йфсф</b> [7015], <b>uria12</b> [7017], <b>Bobur</b> [7018], <b>.::BlackStream::.</b> [7019], <b>Rustam</b> [7021], <b>Dionisi</b> [7022], <b>Ibragim</b> [7024], <b>erzya</b> [7025], <b>erkinyusupov16@gmail.com</b> [7026], <b>_Firebol_</b> [7027], <b>KARA</b> [7028], <b>ZAFARJON</b> [7029], <b>Danila</b> [7030], <b>shakirovich</b> [7031], <b>Nodir99</b> [7033], <b>megafresh</b> [7034], <b>timur</b> [7035], <b>makavelli_31</b> [7036], <b>waxa</b> [7037], <b>SIDAR</b> [7038], <b>limano</b> [7039], <b>qak</b> [7040], <b>Bobur622</b> [7215], <b>dalikh</b> [7042], <b>Артем</b> [7043], <b>NikkiForest</b> [7044], <b>diishka</b> [7045], <b>Kunka</b> [7046], <b>anton</b> [7047], <b>NegaTIV</b> [7048], <b>alexanderomg</b> [7049], <b>mafucu</b> [7050], <b>Muhammad</b> [7051], <b>Bekuzbek</b> [7052], <b>ibrohim28tn</b> [7053], <b>dj.mario</b> [7054], <b>yakovuzb</b> [7055], <b>izzer10</b> [7057], <b>Артёём269715</b> [7058], <b>a.soxobataliyev</b> [7242], <b>qwerty</b> [7059], <b>askarov</b> [7060], <b>ikrom522</b> [7061], <b>Kristina</b> [7064], <b>sssss</b> [7062], <b>izzat</b> [7063], <b>ded</b> [7418], <b>Данил</b> [7065], <b>Divx</b> [7066], <b>elwismelwis</b> [7067], <b>Фуркат</b> [7068], <b>Hasanbek</b> [7069], <b>xandreix</b> [7070], <b>kotmore27245</b> [7071], <b>larin161</b> [7097], <b>Амаль</b> [7072], <b>remmo12</b> [7073], <b>hamster44</b> [7074], <b>TORrenTOR</b> [7075], <b>Duffman</b> [7292], <b>mincher</b> [7076], <b>serj100</b> [7077], <b>jonny333</b> [7078], <b>Ulugbek</b> [7079], <b>xojiakbar</b> [7080], <b>FPSarmin</b> [7082], <b>DEN</b> [7083], <b>Blackwolf</b> [7084], <b>tttttttt</b> [7085], <b>mail1988</b> [7086], <b>booster</b> [7087], <b>Begzod Muzafarov</b> [7088], <b>jandos</b> [7089], <b>Muhammadjon6842</b> [7090], <b>jamesjbarr</b> [7091], <b>AAAyubhon</b> [7092], <b>reflan</b> [7093], <b>souldeath</b> [7095], <b>zmboxan</b> [7096], <b>Doston 264</b> [7098], <b>suslik12345</b> [7125], <b>ziyod9090</b> [7099], <b>drewsha</b> [7100], <b>shoxrux94</b> [7101], <b>rama1978</b> [7103], <b>mansur saydaliev</b> [7104], <b>Восток</b> [7105], <b>Ikhtiyor</b> [7106], <b>Merzlya</b> [7116], <b>C-Note</b> [7107], <b>Agentt</b> [7110], <b>3akon</b> [7108], <b>otojon</b> [7109], <b>Николай</b> [7111], <b>RODION3838</b> [7114], <b>Javlon1307</b> [7168], <b>maksikgalaksik</b> [7115], <b>Asliddin</b> [7117], <b>Aleksey</b> [7118], <b>bodyakin</b> [7207], <b>GrayDAN</b> [7120], <b>ismoil</b> [7121], <b>squirrrell</b> [7145], <b>abulov</b> [7123], <b>azz</b> [7124], <b>Wandabep</b> [7126], <b>joker555</b> [7132], <b>Шахбоз</b> [7127], <b>Ethelmus</b> [7128], <b>allin2611</b> [7129], <b>Shukrullo1992</b> [7301], <b>bekzod_john</b> [7130], <b>Narek</b> [7131], <b>manod16</b> [7133], <b>Жамол</b> [7134], <b>je4 l2</b> [7135], <b>TalatovIbragim</b> [7136], <b>Vladimir</b> [7137], <b>zohidm</b> [7138], <b>Afina</b> [7139], <b>Аббос</b> [7140], <b>woxrux</b> [7141], <b>Jackiecum</b> [7142], <b>fafakar</b> [7144], <b>Socio</b> [7143], <b>DemidenkO</b> [7146], <b>ibrat</b> [7147], <b>kazakh0499</b> [7148], <b>AKSUL</b> [7149], <b>Crash.1979</b> [7150], <b>oyatillo</b> [7151], <b>Saidakhmadps</b> [7351], <b>ros555</b> [7163], <b>wefa</b> [7152], <b>pazdnik</b> [7153], <b>abbos</b> [7154], <b>telman4ik</b> [7156], <b>Vehsat</b> [7157], <b>mziyodjon</b> [7158], <b>LonnieFug</b> [7159], <b>yakdon</b> [7161], <b>Ботир</b> [7160], <b>Дамир</b> [7162], <b>Алишер</b> [7164], <b>azitro11985</b> [7165], <b>maqsud1</b> [7166], <b>Dilmurod</b> [7167], <b>Ferzstyle</b> [7169], <b>fgjui5687@gmail.com</b> [7170], <b>gamover</b> [7171], <b>Territhott</b> [7172], <b>ilia1975</b> [7173], <b>Yori</b> [7285], <b>MZakarya</b> [7175], <b>Adrianomog</b> [7176], <b>abotik93</b> [7177], <b>Lindaskype</b> [7179], <b>Laziz20</b> [7180], <b>bkmZ)</b> [7181], <b>Evgeniy2020</b> [7219], <b>abbosjonukam</b> [7183], <b>арчи</b> [7184], <b>jandos2000</b> [7185], <b>911666699</b> [7186], <b>Kama</b> [7187], <b>VanessaQuose</b> [7188], <b>spook1987</b> [7190], <b>senpairuses</b> [7192], <b>jamoliddin</b> [7315], <b>leocesk</b> [7193], <b>frakibov</b> [7194], <b>Fxranger</b> [7195], <b>Muzaffar_0404</b> [7196], <b>zafar</b> [7197], <b>lol123</b> [7198], <b>DeniXxX</b> [7199], <b>nickon</b> [7200], <b>wonderFLY</b> [7202], <b>Muhammad455</b> [7203], <b>FaPToBbIu</b> [7204], <b>Swat</b> [7205], <b>Hurik</b> [7206], <b>Arman</b> [7208], <b>eto_ambivert</b> [7209], <b>safoev</b> [7210], <b>Миша</b> [7211], <b>Амир</b> [7212], <b>Роман</b> [7213], <b>gegunchik</b> [7214], <b>Вотдрэ</b> [7216], <b>rellax</b> [7217], <b>Фаррух</b> [7218], <b>alexnext</b> [7220], <b>shir6338</b> [7221], <b>Akmal001</b> [7222], <b>esuholenko</b> [7223], <b>лола</b> [7224], <b>askingaleaxndria</b> [7225], <b>musurmonov_rb</b> [7226], <b>Qobil</b> [7228], <b>Dostonbek023</b> [7230], <b>sahkaa</b> [7232], <b>luciferxcx</b> [7233], <b>Gnom123123</b> [7234], <b>fantom</b> [7236], <b>dred</b> [7237], <b>павел</b> [7238], <b>Junior</b> [7239], <b>NicetExame</b> [7240], <b>Abduraxmon</b> [7241], <b>sedoy22</b> [7243], <b>kratsayra</b> [7244], <b>Javokhir</b> [7245], <b>GK691</b> [7246], <b>DragoSFire</b> [7247], <b>JavohirMadraimov</b> [7248], <b>Борис</b> [7250], <b>ulugbekollaquliyev2888</b> [7251], <b>savage</b> [7252], <b>Kawasaki</b> [7254], <b>Personadentalclinic</b> [7255], <b>ilyosfozilov01</b> [7256], <b>porn videos</b> [7257], <b>Soldner</b> [7258], <b>DopeBoy</b> [7260], <b>11111hshshs</b> [7261], <b>Dima3925830</b> [7262], <b>rahhim</b> [7373], <b>ClayMore</b> [7263], <b>davron</b> [7264], <b>ffzs</b> [7265], <b>onson</b> [7266], <b>Annihilation</b> [7267], <b>avtech12345</b> [7268], <b>drinf2</b> [7269], <b>burak</b> [7270], <b>Sulton Aralov</b> [7272], <b>aleksey7</b> [7273], <b>RRA</b> [7278], <b>Андрей</b> [7275], <b>00YourBoss00</b> [7276], <b>Zoirov797</b> [7277], <b>Bahtiyor411</b> [7279], <b>Mirzahayot</b> [7280], <b>Azerbon</b> [7281], <b>SmokeDoggyDogg</b> [7283], <b>temakotov89</b> [7284], <b>smirnovarchi</b> [7294], <b>Abdumansur</b> [7287], <b>Omonbek</b> [7288], <b>tiron</b> [7289], <b>Lega2332</b> [7290], <b>MiriPlayBoy</b> [7291], <b>timlarrson</b> [7293], <b>ulugbek6449954</b> [7296], <b>Sobmen</b> [7297], <b>top15</b> [7298], <b>rajabovtohir</b> [7425], <b>JimmyDiuth</b> [7302], <b>Serega11</b> [7320], <b>Slava1972</b> [7321], <b>khodja0880</b> [7322], <b>T.Muhammadjon</b> [7323], <b>Alex1703</b> [7324], <b>bsv14</b> [7375], <b>D e e L</b> [7325], <b>luka121212</b> [7326], <b>Azamat4588</b> [7328], <b>steveblvck</b> [7329], <b>sahaha</b> [7330], <b>hugecnpog</b> [7331], <b>dadosh</b> [7332], <b>Saidkhulov</b> [7334], <b>юрий</b> [7333], <b>miha</b> [7335], <b>sanf0r</b> [7336], <b>dahar</b> [7338], <b>Noxly</b> [7339], <b>роспуск</b> [7340], <b>Anvar_AKA</b> [7341], <b>Eddi</b> [7342], <b>jofee</b> [7343], <b>ulughbek</b> [7346], <b>Elbek</b> [7370], <b>baxa84</b> [7358], <b>Richardhep</b> [7344], <b>MaGGoT6</b> [7345], <b>asa3312</b> [7347], <b>AntiHacker</b> [7348], <b>nicolay</b> [7349], <b>markmorado</b> [7350], <b>PduuaFfeaPr</b> [7352], <b>Sardor99</b> [7353], <b>Behzod77</b> [7354], <b>braga</b> [7355], <b>sigor52</b> [7356], <b>Michealevido</b> [7357], <b>Keroll</b> [7394], <b>AbrimaSM</b> [7359], <b>Глюк2727</b> [7360], <b>insignia</b> [7361], <b>Streamline7</b> [7362], <b>bumen</b> [7369], <b>Katagari</b> [7366], <b>GerardoCiz</b> [7374], <b>kokosha24171120</b> [7367], <b>Anvar</b> [7372], <b>dj95.3boxo</b> [7376], <b>colacola</b> [7377], <b>bobur8732</b> [7378], <b>AERODRON</b> [7379], <b>sane225</b> [7381], <b>nargel</b> [7390], <b>aventador</b> [7450], <b>Grom</b> [7383], <b>doctor.a</b> [7389], <b>Ramzan535</b> [7385], <b>Makishimu Akuma</b> [7386], <b>900139991</b> [7388], <b>sepeso</b> [7391], <b>fizy</b> [7393], <b>Umidbek23</b> [7397], <b>yulbax</b> [7402], <b>AnSov</b> [7399], <b>sergo2</b> [7400], <b>begcool</b> [7603], <b>unnamed</b> [7401], <b>Nosir</b> [7403], <b>RobbieTot</b> [7404], <b>saas</b> [7417], <b>Price97</b> [7406], <b>shompa</b> [7407], <b>baburbek</b> [7408], <b>shahzodlogin</b> [7409], <b>roma99</b> [7410], <b>jiuer7845</b> [7411], <b>yusuf1999</b> [7412], <b>sparco</b> [7413], <b>RuComix_4</b> [7414], <b>Farhod</b> [7415], <b>shaxa99</b> [7496], <b>HemartennyCem</b> [7416], <b>abdumuminova</b> [7608], <b>dionis79</b> [7440], <b>hermes26</b> [7584], <b>InvillVop</b> [7422], <b>bittopSlumn</b> [7423], <b>Gafur75</b> [7424], <b>Aqiprate</b> [7426], <b>Hanteray</b> [7427], <b>ruslan.shoh@</b> [7428], <b>Polite.Cat</b> [7429], <b>Usagi</b> [7430], <b>azizlutfiv</b> [7431], <b>nastya2009</b> [7432], <b>TrueSUB</b> [7433], <b>ZqrilsEndaf</b> [7434], <b>RBH</b> [7609], <b>NiBUS</b> [7435], <b>Azizhoja</b> [7436], <b>miheymihas</b> [7437], <b>Алпамыс</b> [7439], <b>rellax84</b> [7438], <b>FLEXOGON</b> [7444], <b>reizigersverkee</b> [7442], <b>Xurshidbek</b> [7443], <b>kobil</b> [7445], <b>olimjonsp</b> [7446], <b>Hideru</b> [7447], <b>sunnnn24</b> [7448], <b>aslon1213</b> [7449], <b>shkurchenkod</b> [7451], <b>Otabek1407</b> [7452], <b>ZIKO</b> [7567], <b>Izzatillo</b> [7453], <b>mirjalol</b> [7527], <b>sharof</b> [7454], <b>Нурислом</b> [7455], <b>sancho_infinity</b> [7456], <b>farruxnb</b> [7458], <b>ali986</b> [7459], <b>Radmir02</b> [7460], <b>igorek2</b> [7461], <b>Bakhrom</b> [7462], <b>ben87</b> [7463], <b>firemaker725</b> [7464], <b>StaceyAmeni</b> [7465], <b>Velval</b> [7466], <b>tboborahmat</b> [7468], <b>Jasurakilov</b> [7469], <b>vladlen394</b> [7470], <b>llyvvyll</b> [7471], <b>Jin</b> [7472], <b>Maco_rako</b> [7474], <b>djakhongir</b> [7475], <b>AlexRakh34</b> [7476], <b>azizr</b> [7477], <b>Rampage1333</b> [7478], <b>DishDish</b> [7479], <b>iamtolib</b> [7480], <b>samshon</b> [7481], <b>Anvar9468</b> [7482], <b>Faiz</b> [7483], <b>lazizbekbozorov</b> [7484], <b>Sueta</b> [7485], <b>ins1de</b> [7486], <b>Gago</b> [7487], <b>Ruslan2222</b> [7488], <b>Khasan27</b> [7489], <b>Skandik</b> [7490], <b>Zippo</b> [7491], <b>Amir</b> [7492], <b>mirali1313</b> [7493], <b>cams4videos</b> [7549], <b>sirstat777</b> [7494], <b>Курбан</b> [7495], <b>LeriaAminc</b> [7593], <b>Ростик</b> [7497], <b>Sardor91</b> [7498], <b>kir2120</b> [7500], <b>onlyone_kama</b> [7501], <b>Freedman</b> [7502], <b>alex245</b> [7503], <b>wafflee</b> [7504], <b>Fazikjons</b> [7623], <b>kadirov</b> [7505], <b>dimka81</b> [7506], <b>rx-570</b> [7507], <b>tRapJon</b> [7508], <b>tolib</b> [7509], <b>hsky333</b> [7510], <b>Juzef</b> [7511], <b>russtar73</b> [7512], <b>ChrisGof</b> [7513], <b>Bahman</b> [7514], <b>ilya</b> [7515], <b>AZZHV133</b> [7516], <b>Exclusivenotbad</b> [7517], <b>ramzz</b> [7518], <b>Michaelmep</b> [7519], <b>teensmov</b> [7562], <b>emirhan</b> [7521], <b>AnjelaAlork</b> [7522], <b>islam5828859</b> [7523], <b>d2.ansom@gmail.com</b> [7524], <b>Red555</b> [7525], <b>alexxxxxdrum</b> [7526], <b>Илья</b> [7529], <b>Azzad</b> [7559], <b>qasder</b> [7530], <b>Asilbek Rustamov</b> [7531], <b>Hamid</b> [7532], <b>Begzod021</b> [7533], <b>polon84</b> [7534], <b>Staf</b> [7535], <b>Elidal</b> [7536], <b>abduaziz</b> [7537], <b>Jookeerdawoon</b> [7538], <b>nikk</b> [7539], <b>abdurasul</b> [7541], <b>Davletov</b> [7634], <b>NoobGuy</b> [7542], <b>gguuff</b> [7543], <b>bummer</b> [7545], <b>Aitzhan</b> [7546], <b>Adrianatege</b> [7547], <b>shox</b> [7548], <b>TurboMegaBlaster</b> [7550], <b>sobit</b> [7551], <b>17ace</b> [7552], <b>Ruslan0503</b> [7553], <b>ibesiop</b> [7554], <b>urbanuf</b> [7555], <b>windowsss</b> [7556], <b>admin_7777</b> [7557], <b>MrBlack</b> [7558], <b>Islya_</b> [7560], <b>komilgofurov</b> [7561], <b>beganas</b> [7563], <b>anvar1111</b> [7564], <b>Xayrulla</b> [7566], <b>BillGAZ</b> [7568], <b>threexvideo</b> [7569], <b>anshal</b> [7570], <b>skidrow</b> [7571], <b>Doniyor7</b> [7572], <b>Coyote</b> [7573], <b>nazarbek</b> [7574], <b>vlad</b> [7575], <b>Sasha64</b> [7576], <b>Phin</b> [7577], <b>Тимур Пардаев</b> [7578], <b>TheKiteRunner</b> [7580], <b>Ziyom</b> [7581], <b>copilot</b> [7582], <b>maratbek</b> [7585], <b>IvanovDef</b> [7586], <b>ta9987</b> [7587], <b>Diraani</b> [7588], <b>Moonwolf45</b> [7590], <b>DeathBlooms</b> [7591], <b>per4ik1984</b> [7592], <b>mirkhasan</b> [7594], <b>xxFatezz</b> [7595], <b>dividend</b> [7596], <b>anilibrik</b> [7598], <b>Sexavet</b> [7599], <b>windows1</b> [7616], <b>Ramzes77</b> [7600], <b>djalil</b> [7601], <b>egamberdi_yev_</b> [7602], <b>qaz1</b> [7604], <b>snovak</b> [7605], <b>Mareenahes</b> [7606], <b>InvillKah</b> [7607], <b>viktar</b> [7610], <b>Saidnosir</b> [7611], <b>xakn</b> [7612], <b>sapphire</b> [7624], <b>Oleh</b> [7614], <b>shuxrat7187</b> [7615], <b>KACATKA</b> [7617], <b>HLLWD</b> [7618], <b>Mirik</b> [7619], <b>mukhammadjon</b> [7620], <b>makspias</b> [7621], <b>0relax</b> [7643], <b>DonasH07</b> [7622], <b>ishhor</b> [7627], <b>hovli</b> [7628], <b>Shukurjonov</b> [7629], <b>Aziz886</b> [7630], <b>dosabu89</b> [7631], <b>aimjan</b> [7632], <b>saidjon5577</b> [7633], <b>markus_gosha</b> [7636], <b>damik13</b> [7637], <b>Alisherbek1234</b> [7638], <b>ChIpA96</b> [7645], <b>igfesiz</b> [7641], <b>agcijev</b> [7642], <b>TaTUnA</b> [7644], <b>bunyod</b> [7647], <b>Таир</b> [7648], <b>irukandji</b> [7649], <b>MaxStone</b> [7650], <b>docha</b> [7651], <b>tursunboy</b> [7652], <b>umid_55555@mail.ru</b> [7653], <b>rhll0r</b> [7654], <b>Temur2021</b> [7655], <b>BeyOnd</b> [7656], <b>KnvpllKah</b> [7657], <b>JdvmllKah</b> [7658], <b>KvvillKah</b> [7659], <b>елена1987</b> [7660], <b>basteroid</b> [7661], <b>ozargarov</b> [7662], <b>bakhtee</b> [7663], <b>SdvillKah</b> [7664], <b>Мит</b> [7665], <b>Jacob</b> [7666], <b>Farhodsher</b> [7667], <b>ilyos</b> [7668], <b>Sunnat</b> [7669], <b>nultahirki</b> [7670], <b>MSCoweta</b> [7671]');

-- --------------------------------------------------------

--
-- Структура таблицы `bb_medal`
--

CREATE TABLE IF NOT EXISTS `bb_medal` (
  `medal_id` mediumint(8) unsigned NOT NULL AUTO_INCREMENT,
  `cat_id` mediumint(8) unsigned NOT NULL DEFAULT '1',
  `medal_name` varchar(40) NOT NULL,
  `medal_description` varchar(255) NOT NULL,
  `medal_image` varchar(40) DEFAULT NULL,
  PRIMARY KEY (`medal_id`)
) ENGINE=MyISAM  DEFAULT CHARSET=utf8 AUTO_INCREMENT=205 ;

--
-- Дамп данных таблицы `bb_medal`
--

INSERT INTO `bb_medal` (`medal_id`, `cat_id`, `medal_name`, `medal_description`, `medal_image`) VALUES
(156, 16, 'Активный релизер 3', 'Выдается релизерам UzTor.PW, создавшим 300 релизов', 'styles/images/medals/m2.gif'),
(154, 16, 'Активный релизер 2', 'Выдается релизерам UzTor.PW, создавшим 100 релизов', 'styles/images/medals/m3.gif'),
(153, 16, 'Активный релизер 1', 'Выдается релизерам UzTor.PW, создавшим 50 релизов', 'styles/images/medals/m1.gif'),
(157, 16, 'Активный релизер 4', 'Выдается релизерам UzTor.PW, создавшим 400 релизов', 'styles/images/medals/m4.gif'),
(148, 15, 'Орденоносец 3 степени', 'Даётся за получение 15 или более положительных медалей', '/styles/images/medals/post50.gif'),
(149, 15, 'Почетный орденоносец', 'Даётся за получение 25 или более положительных медалей', '/styles/images/medals/post200.gif'),
(164, 6, '1 место', 'Выдается за победу в конкурсах занявших Призовое 1 Место', 'styles/images/medals/1-mesto.gif'),
(158, 16, 'Активный релизер 5', 'Выдается релизерам UzTor.PW, создавшим 500 релизов', 'styles/images/medals/m5.gif'),
(166, 6, '3 Место', 'Выдается за победу в конкурсах занявших Призовое 3 Место', 'styles/images/medals/3-mesto.gif'),
(167, 6, 'Чемпион', 'Вручается с 1 местом за победу в конкурсе', 'styles/images/medals/cb4.gif'),
(168, 6, 'VIP 1', 'VIP приобретён 1 раз', 'styles/images/medals/VIP.gif'),
(147, 15, 'Орденоносец 2 степени', 'Даётся за получение 10 или более положительных медалей', '/styles/images/medals/345.gif'),
(140, 13, 'Лайк 200', 'За 200 "лайков" в профиле пользователя', '/styles/images/medals/zh2.gif'),
(143, 13, 'Лайк 500', 'За 500 "лайков" в профиле пользователя', '/styles/images/medals/zh6.gif'),
(141, 13, 'Спасибо 5000', 'За 5000 "спасибо" в профиле пользователя', '/styles/images/medals/zh3.gif'),
(142, 13, 'Лайк 300', 'За 300 "лайков" в профиле пользователя', '/styles/images/medals/zh5.gif'),
(144, 13, 'Спасибо 3000', 'За 3000 "спасибо" в профиле пользователя', '/styles/images/medals/zh1.gif'),
(145, 10, 'Мудрец', 'Выдается за 10000 сообщений на форуме', '/styles/images/medals/mdr.gif'),
(146, 15, 'Орденоносец 1 степени', 'Даётся за получение 5 или более положительных медалей', '/styles/images/medals/post100.gif'),
(133, 13, 'Знаменитость форума 2', 'Выдается за +300 в репутацию на форуме', '/styles/images/medals/1/300+.gif'),
(132, 13, 'Знаменитость форума 1', 'Выдается за +150 в репутацию на форуме', '/styles/images/medals/1/150+.gif'),
(134, 13, 'Знаменитость форума 3', 'Выдается за +500 в репутацию на форуме', '/styles/images/medals/1/500+.gif'),
(135, 13, 'Знаменитость форума 4', 'Выдается за +750 в репутацию на форуме', '/styles/images/medals/1/750+.gif'),
(136, 13, 'Знаменитость форума 5', 'Выдается за +1000 в репутацию на форуме', '/styles/images/medals/1/1000+.gif'),
(105, 10, 'Активный Форумчанин 1', 'Выдается за 500 сообщений на форуме', '/styles/images/medals/1/500sms.gif'),
(106, 10, 'Активный Форумчанин 2', 'Выдается за 1000 сообщений на форуме', '/styles/images/medals/1/1000sms.gif'),
(107, 10, 'Активный Форумчанин 3', 'Выдается за 2000 сообщений на форуме', '/styles/images/medals/1/2000sms.gif'),
(108, 10, 'Активный Форумчанин 4', 'Выдается за 3000 сообщений на форуме', '/styles/images/medals/1/3000sms.gif'),
(109, 10, 'Активный Форумчанин 5', 'Выдается за 5000 сообщений на форуме', '/styles/images/medals/1/5000sms.gif'),
(115, 11, 'Тех. Админ', 'Вручается Тех. Администраторам Трекера', 'styles/images/medals/tech_adm.gif'),
(126, 12, 'Активный сидер 2', 'Активный сидер, раздал 1 TB', 'styles/images/medals/g2.gif'),
(119, 11, 'Авторитет', 'Авторитет', 'styles/images/medals/aktivnix.gif'),
(114, 11, 'Дизайнер', 'Вручается Дизайнерам Трекера', 'styles/images/medals/2000 sms.gif'),
(127, 12, 'Активный сидер 3', 'Активный сидер, раздал 5 TB', 'styles/images/medals/metal.gif'),
(129, 12, 'Активный сидер 5', 'Активный сидер, раздал 20 TB', 'styles/images/medals/100-gb.gif'),
(128, 12, 'Активный сидер 4', 'Активный сидер, раздал 10 TB', 'styles/images/medals/3000 sms.gif'),
(125, 12, 'Активный сидер 1', 'Активный сидер, раздал 500 GB', 'styles/images/medals/g1.gif'),
(159, 16, 'Мега релизер', 'Выдается релизерам UzTor.PW, создавшим 1000 релизов', 'styles/images/medals/activ3000.gif'),
(169, 6, 'VIP 2', 'VIP приобретён 2 раза', 'styles/images/medals/VIP7.gif'),
(161, 6, 'Кубок Достоинства', 'Вручается достойному трекерчанину', 'styles/images/medals/medal2.gif'),
(165, 6, '2 место', 'Выдается за победу в конкурсах занявших Призовое 2 Место', 'styles/images/medals/2-mesto.gif'),
(170, 6, 'VIP 3', 'VIP приобретен 3 раза и больше', 'styles/images/medals/VIP1.gif'),
(171, 6, 'Победитель в мини конкурсе', 'За победы в мини конкурсах', 'styles/images/medals/1 (1).gif'),
(172, 11, 'Легенда', 'Вручается за неоценимый вклад в развитие трекера', 'styles/images/medals/medal8.gif'),
(175, 17, 'Почетный Репортёр', 'Выдается за развитие раздела новостей', 'styles/images/medals/journal.gif'),
(174, 17, 'Ни дня без новостей', 'Выдается за активное и регулярное размещение новостей', 'styles/images/medals/Rep.gif'),
(176, 18, 'S.T.A.L.K.E.R', 'Опытным Сталкерам знающих "Зону"', 'styles/images/medals/Stl.gif'),
(179, 18, 'Киноман', 'Выдается любителям кино', 'styles/images/medals/400 100.gif'),
(178, 18, 'Аниме', 'Любителям Аниме', 'styles/images/medals/anime.gif'),
(180, 18, 'Меломан', 'Любителю музыки', 'styles/images/medals/music.gif'),
(183, 18, 'Фанат футбола', 'Футбольный фанат', 'styles/images/medals/gol.gif'),
(182, 18, 'Сериалист', 'Любителю сериалов', 'styles/images/medals/68l.gif'),
(184, 18, 'Любителям животных', 'Любителям животных', 'styles/images/medals/8da185972668.gif'),
(185, 18, 'Друг трекера', 'Друг (партнёр)', 'styles/images/medals/0.gif'),
(186, 18, 'Soft', 'Релизёрам софта', 'styles/images/medals/Soft.gif'),
(187, 18, 'Speedy', 'За хорошую скорость отдачи', 'styles/images/medals/8.gif'),
(188, 18, 'Игроман', 'Любителям Игр', 'styles/images/medals/msnt.gif'),
(189, 18, 'Металлист', 'Pure Fucking Metal', 'styles/images/medals/Mtl.gif'),
(193, 19, 'Примерный модератор', 'Выдается модераторам, за порядок в разделе', 'styles/images/medals/5000 sms.gif'),
(194, 19, 'Активный Модератор', 'Вручается модератору за активность', 'styles/images/medals/100tb.gif'),
(192, 19, 'Модератор', 'Вручается всем модераторам трекера', 'styles/images/medals/aft.gif'),
(195, 11, 'Admin', 'Вручается Администраторам Трекера', 'styles/images/medals/Exemplary.gif'),
(196, 20, 'Lady Butterfly', 'Для творческих девушек', 'styles/images/medals/girl55.gif'),
(197, 20, 'Активная девушка', 'Active girl', 'styles/images/medals/girl99.gif'),
(198, 20, 'Бандитка', 'Для девушек хулиганок', 'styles/images/medals/girl44.gif'),
(199, 20, 'Красотка', 'Красотка', 'styles/images/medals/girl11.gif'),
(200, 20, 'Мисс Очарование', 'Очаровательным девушкам', 'styles/images/medals/girl66.gif'),
(201, 20, 'Мисс Элегантность', 'Элегантным девушкам', 'styles/images/medals/girl22.gif'),
(202, 20, 'Прикольная девчонка', 'Для прикольных девушек', 'styles/images/medals/girl33.gif'),
(204, 20, 'Рок Леди', 'Rock Lady', 'styles/images/medals/girl88.gif');

-- --------------------------------------------------------

--
-- Структура таблицы `bb_medal_cat`
--

CREATE TABLE IF NOT EXISTS `bb_medal_cat` (
  `cat_id` mediumint(8) unsigned NOT NULL AUTO_INCREMENT,
  `cat_title` varchar(100) NOT NULL,
  `cat_order` mediumint(8) unsigned NOT NULL DEFAULT '0',
  PRIMARY KEY (`cat_id`),
  KEY `cat_order` (`cat_order`)
) ENGINE=MyISAM  DEFAULT CHARSET=utf8 AUTO_INCREMENT=21 ;

--
-- Дамп данных таблицы `bb_medal_cat`
--

INSERT INTO `bb_medal_cat` (`cat_id`, `cat_title`, `cat_order`) VALUES
(13, 'Знаменитость форума', 90),
(12, 'Топ сидеры', 50),
(11, 'Элитные награды', 10),
(6, 'Победители и VIP', 30),
(10, 'Активный Форумчанин', 80),
(15, 'Орденоносец', 40),
(16, 'Активный релизер', 60),
(17, 'Репортёрам', 100),
(18, 'Разные', 110),
(19, 'Модератор', 20),
(20, 'Девушкам', 70);

-- --------------------------------------------------------

--
-- Структура таблицы `bb_medal_mod`
--

CREATE TABLE IF NOT EXISTS `bb_medal_mod` (
  `mod_id` mediumint(8) unsigned NOT NULL AUTO_INCREMENT,
  `medal_id` mediumint(8) unsigned NOT NULL,
  `user_id` mediumint(8) unsigned NOT NULL,
  PRIMARY KEY (`mod_id`)
) ENGINE=MyISAM  DEFAULT CHARSET=utf8 AUTO_INCREMENT=47 ;

--
-- Дамп данных таблицы `bb_medal_mod`
--

INSERT INTO `bb_medal_mod` (`mod_id`, `medal_id`, `user_id`) VALUES
(1, 102, 5056),
(2, 24, 5056),
(3, 69, 5056),
(4, 98, 5056),
(5, 99, 5056),
(6, 100, 5056),
(7, 101, 5056),
(8, 76, 5056),
(9, 77, 5056),
(10, 97, 5056),
(11, 70, 5056),
(12, 71, 5056),
(13, 72, 5056),
(14, 73, 5056),
(15, 74, 5056),
(16, 94, 5056),
(17, 96, 5056),
(18, 12, 5056),
(19, 13, 5056),
(20, 14, 5056),
(21, 83, 5056),
(22, 81, 5056),
(23, 21, 5056),
(24, 91, 5056),
(25, 86, 5056),
(26, 82, 5056),
(27, 87, 5056),
(28, 88, 5056),
(29, 90, 5056),
(30, 48, 5056),
(31, 104, 5056),
(32, 22, 5056),
(33, 84, 5056),
(34, 80, 5056),
(35, 85, 5056),
(36, 65, 5056),
(37, 64, 5056),
(38, 45, 5056),
(39, 31, 5056),
(40, 32, 5056),
(41, 92, 5056),
(42, 79, 5056),
(43, 93, 5056),
(44, 193, 5055),
(45, 194, 5055),
(46, 192, 5055);

-- --------------------------------------------------------

--
-- Структура таблицы `bb_medal_user`
--

CREATE TABLE IF NOT EXISTS `bb_medal_user` (
  `issue_id` mediumint(8) unsigned NOT NULL AUTO_INCREMENT,
  `medal_id` mediumint(8) unsigned NOT NULL,
  `user_id` mediumint(8) unsigned NOT NULL,
  `issue_reason` varchar(255) NOT NULL,
  `issue_time` int(11) NOT NULL,
  PRIMARY KEY (`issue_id`)
) ENGINE=MyISAM  DEFAULT CHARSET=utf8 AUTO_INCREMENT=169 ;

--
-- Дамп данных таблицы `bb_medal_user`
--

INSERT INTO `bb_medal_user` (`issue_id`, `medal_id`, `user_id`, `issue_reason`, `issue_time`) VALUES
(9, 81, 5056, '', 1549889488),
(8, 93, 5056, '', 1549889463),
(7, 24, 5056, '', 1549889451),
(15, 69, 5056, '', 1550071677),
(10, 21, 5056, '', 1549889498),
(11, 80, 5056, '', 1549889509),
(12, 102, 5057, '', 1549889546),
(13, 24, 2, '', 1549889580),
(14, 24, 5065, '', 1549889591),
(16, 110, 5057, '', 1550083998),
(21, 130, 5057, '', 1550131377),
(30, 175, 5061, '', 1550339391),
(19, 115, 5057, '', 1550084085),
(20, 114, 5057, '', 1550084116),
(22, 119, 5057, '', 1550131467),
(23, 117, 5057, '', 1550131495),
(24, 130, 5065, '', 1550131521),
(26, 119, 5056, '', 1550157864),
(31, 174, 5061, '', 1550339410),
(28, 117, 5056, '', 1550157874),
(29, 115, 5056, '', 1550157880),
(32, 125, 5063, '', 1550339458),
(33, 125, 5061, '', 1550339465),
(34, 125, 5057, '', 1550339482),
(35, 126, 5057, '', 1550339500),
(65, 187, 5138, '', 1550772773),
(64, 187, 5056, '', 1550772762),
(63, 187, 5219, '', 1550772751),
(62, 172, 5056, '', 1550769866),
(107, 153, 5056, '', 1558449461),
(87, 136, 5057, '', 1551298015),
(86, 136, 5057, '', 1551298015),
(59, 180, 5055, '', 1550680761),
(44, 172, 5057, '', 1550340023),
(45, 146, 5057, '', 1550340108),
(46, 147, 5057, '', 1550340121),
(92, 188, 5061, '', 1552069689),
(48, 133, 5061, '', 1550340201),
(49, 133, 5064, '', 1550340344),
(50, 153, 5064, '', 1550340377),
(51, 172, 5064, '', 1550340385),
(52, 132, 5063, '', 1550343696),
(53, 132, 5063, '', 1550343696),
(61, 130, 5056, '', 1550769769),
(58, 153, 5057, '', 1550597651),
(56, 135, 5056, '', 1550343785),
(57, 146, 5056, '', 1550343814),
(66, 187, 5065, '', 1550772782),
(67, 187, 5214, '', 1550772864),
(68, 188, 5057, '', 1550772895),
(69, 179, 5057, '', 1550772933),
(70, 183, 5057, '', 1550772950),
(71, 182, 5057, '', 1550772981),
(72, 189, 5057, '', 1550773002),
(73, 178, 5057, '', 1550773024),
(74, 148, 5057, '', 1550773093),
(75, 195, 2, '', 1550774031),
(76, 195, 5057, '', 1550774039),
(77, 195, 5056, '', 1550774052),
(78, 195, 5065, '', 1550774058),
(79, 125, 5219, '', 1550780537),
(100, 186, 5224, '', 1553002864),
(93, 127, 5219, '', 1552115575),
(82, 192, 5064, '', 1550812491),
(83, 119, 2, '', 1550832415),
(84, 126, 5219, '', 1550853486),
(85, 192, 5223, '', 1551297937),
(88, 185, 5165, '', 1551548983),
(89, 185, 5144, '', 1551548993),
(97, 187, 5261, '', 1552816648),
(91, 154, 5057, '', 1551817963),
(94, 184, 5104, '', 1552816330),
(95, 172, 5061, '', 1552816404),
(96, 146, 5061, '', 1552816463),
(98, 187, 5256, '', 1552816693),
(99, 187, 5224, '', 1552816760),
(101, 186, 5056, '', 1553002875),
(102, 154, 5064, '', 1553788608),
(103, 179, 5064, '', 1555207568),
(104, 193, 5055, '', 1557308866),
(105, 192, 5055, '', 1557308875),
(106, 194, 5055, '', 1557308879),
(108, 153, 5261, '', 1559315250),
(109, 132, 5261, '', 1559315262),
(110, 125, 5064, 'Поздравляю', 1560356872),
(111, 126, 5064, '', 1560356894),
(112, 156, 5064, '', 1561303223),
(113, 134, 5064, '', 1561303363),
(114, 125, 5224, '', 1564475682),
(115, 126, 5224, '', 1564475697),
(116, 127, 5224, '', 1564475714),
(117, 127, 5057, '', 1564475731),
(118, 128, 5224, '', 1564475760),
(119, 128, 5057, '', 1564475780),
(120, 146, 5224, '', 1564475850),
(121, 125, 5064, '', 1566058422),
(122, 126, 5064, '', 1566058428),
(123, 127, 5064, '', 1566058434),
(124, 128, 5064, '', 1566058439),
(125, 157, 5064, '', 1566058544),
(126, 105, 5064, '', 1566058564),
(132, 184, 5478, '', 1567483516),
(131, 180, 5477, '', 1567483504),
(130, 180, 5478, '', 1567483490),
(133, 184, 5477, '', 1567483524),
(134, 196, 5477, '', 1567486476),
(135, 197, 5477, '', 1567486479),
(136, 198, 5477, '', 1567486483),
(137, 199, 5477, '', 1567486486),
(138, 200, 5477, '', 1567486490),
(139, 201, 5477, '', 1567486493),
(140, 202, 5477, '', 1567486497),
(141, 196, 5478, '', 1567486510),
(142, 197, 5478, '', 1567486515),
(143, 198, 5478, '', 1567486521),
(144, 199, 5478, '', 1567486528),
(145, 200, 5478, '', 1567486533),
(146, 201, 5478, '', 1567486540),
(147, 202, 5478, '', 1567486545),
(154, 153, 5575, '', 1602655851),
(149, 129, 5224, '', 1568728610),
(150, 186, 5575, '', 1575393986),
(151, 187, 5575, '', 1575394055),
(152, 176, 7112, '', 1594273073),
(153, 195, 5064, '', 1598180696),
(155, 154, 5575, '', 1602655860),
(156, 186, 5189, '', 1602655906),
(157, 125, 5575, '', 1609821217),
(158, 126, 5575, '', 1609821222),
(159, 129, 5064, '', 1609821345),
(160, 153, 5055, '', 1609821813),
(161, 154, 5055, '', 1609821818),
(162, 125, 5055, '', 1609821854),
(163, 126, 5055, '', 1609821862),
(164, 132, 5055, '', 1609821916),
(165, 133, 5055, '', 1609821923),
(166, 134, 5055, '', 1609821929),
(167, 135, 5055, '', 1609821936),
(168, 153, 5189, '', 1612500892);

-- --------------------------------------------------------

--
-- Структура таблицы `bb_order`
--

CREATE TABLE IF NOT EXISTS `bb_order` (
  `id` int(11) unsigned NOT NULL AUTO_INCREMENT,
  `forum_id` int(11) NOT NULL DEFAULT '0',
  `topic_id` int(11) NOT NULL DEFAULT '0',
  `user_id` int(11) NOT NULL DEFAULT '0',
  `poster_id` int(11) NOT NULL DEFAULT '0',
  `title` varchar(200) NOT NULL,
  `description` text,
  `time` int(11) NOT NULL DEFAULT '0',
  `vote` int(11) NOT NULL DEFAULT '0',
  PRIMARY KEY (`id`)
) ENGINE=MyISAM  DEFAULT CHARSET=utf8 AUTO_INCREMENT=3 ;

--
-- Дамп данных таблицы `bb_order`
--

INSERT INTO `bb_order` (`id`, `forum_id`, `topic_id`, `user_id`, `poster_id`, `title`, `description`, `time`, `vote`) VALUES
(1, 130, 229, 19, 19, 'Помогите качать с мира Новая винда', 'Помогите качать с мира Новая винда', 1474985655, 1),
(2, 45, 123, 19, 19, 'Люди икс на BDRip', 'Люди икс на BDRip8', 1475053900, 0);

-- --------------------------------------------------------

--
-- Структура таблицы `bb_order_vote`
--

CREATE TABLE IF NOT EXISTS `bb_order_vote` (
  `id` int(11) NOT NULL DEFAULT '0',
  `user_id` int(11) NOT NULL DEFAULT '0',
  KEY `id` (`id`)
) ENGINE=MyISAM DEFAULT CHARSET=utf8;

--
-- Дамп данных таблицы `bb_order_vote`
--

INSERT INTO `bb_order_vote` (`id`, `user_id`) VALUES
(1, 19),
(1, 19),
(1, 19);

-- --------------------------------------------------------

--
-- Структура таблицы `bb_poll_users`
--

CREATE TABLE IF NOT EXISTS `bb_poll_users` (
  `topic_id` int(10) unsigned NOT NULL,
  `user_id` int(11) NOT NULL,
  `vote_ip` varchar(32) NOT NULL,
  `vote_dt` int(11) NOT NULL DEFAULT '0',
  PRIMARY KEY (`topic_id`,`user_id`)
) ENGINE=MyISAM DEFAULT CHARSET=utf8;

-- --------------------------------------------------------

--
-- Структура таблицы `bb_poll_votes`
--

CREATE TABLE IF NOT EXISTS `bb_poll_votes` (
  `topic_id` int(10) unsigned NOT NULL,
  `vote_id` tinyint(4) unsigned NOT NULL,
  `vote_text` varchar(255) NOT NULL,
  `vote_result` mediumint(8) unsigned NOT NULL,
  PRIMARY KEY (`topic_id`,`vote_id`)
) ENGINE=MyISAM DEFAULT CHARSET=utf8;

-- --------------------------------------------------------

--
-- Структура таблицы `bb_posts`
--

CREATE TABLE IF NOT EXISTS `bb_posts` (
  `post_id` mediumint(8) unsigned NOT NULL AUTO_INCREMENT,
  `topic_id` mediumint(8) unsigned NOT NULL DEFAULT '0',
  `forum_id` smallint(5) unsigned NOT NULL DEFAULT '0',
  `poster_id` mediumint(8) NOT NULL DEFAULT '0',
  `post_time` int(11) NOT NULL DEFAULT '0',
  `poster_ip` char(32) CHARACTER SET utf8 COLLATE utf8_bin NOT NULL DEFAULT '',
  `poster_rg_id` mediumint(8) NOT NULL DEFAULT '0',
  `attach_rg_sig` tinyint(4) NOT NULL DEFAULT '0',
  `post_username` varchar(25) NOT NULL DEFAULT '',
  `post_edit_time` int(11) NOT NULL DEFAULT '0',
  `post_edit_count` smallint(5) unsigned NOT NULL DEFAULT '0',
  `post_attachment` tinyint(1) NOT NULL DEFAULT '0',
  `user_post` tinyint(1) NOT NULL DEFAULT '1',
  `mc_comment` text,
  `mc_type` tinyint(1) NOT NULL DEFAULT '0',
  `mc_user_id` mediumint(8) NOT NULL DEFAULT '0',
  `posts_count` tinyint(1) NOT NULL DEFAULT '1',
  `like_for_post` int(10) NOT NULL DEFAULT '0',
  `post_reported` tinyint(1) NOT NULL DEFAULT '0',
  PRIMARY KEY (`post_id`),
  KEY `topic_id` (`topic_id`),
  KEY `poster_id` (`poster_id`),
  KEY `post_time` (`post_time`),
  KEY `forum_id_post_time` (`forum_id`,`post_time`)
) ENGINE=MyISAM  DEFAULT CHARSET=utf8 AUTO_INCREMENT=4877 ;

--
-- Дамп данных таблицы `bb_posts`
--

INSERT INTO `bb_posts` (`post_id`, `topic_id`, `forum_id`, `poster_id`, `post_time`, `poster_ip`, `poster_rg_id`, `attach_rg_sig`, `post_username`, `post_edit_time`, `post_edit_count`, `post_attachment`, `user_post`, `mc_comment`, `mc_type`, `mc_user_id`, `posts_count`, `like_for_post`, `post_reported`) VALUES
(48, 41, 200, 5057, 1545125437, 'd5e65667', 0, 0, '', 0, 0, 0, 1, NULL, 0, 0, 1, 0, 0),
(39, 32, 200, 5057, 1545125019, 'd5e65667', 0, 0, '', 0, 0, 0, 1, NULL, 0, 0, 1, 0, 0),
(40, 33, 200, 5057, 1545125123, 'd5e65667', 0, 0, '', 0, 0, 0, 1, NULL, 0, 0, 1, 0, 0),
(41, 34, 200, 5057, 1545125128, 'd5e65667', 0, 0, '', 0, 0, 0, 1, NULL, 0, 0, 1, 0, 0),
(42, 35, 200, 5057, 1545125145, 'd5e65667', 0, 0, '', 0, 0, 0, 1, NULL, 0, 0, 1, 0, 0),
(43, 36, 200, 5057, 1545125234, 'd5e65667', 0, 0, '', 0, 0, 0, 1, NULL, 0, 0, 1, 0, 0),
(44, 37, 200, 5057, 1545125245, 'd5e65667', 0, 0, '', 0, 0, 0, 1, NULL, 0, 0, 1, 0, 0),
(45, 38, 168, 5057, 1545125369, 'd5e65667', 0, 0, '', 0, 0, 0, 1, NULL, 0, 0, 1, 0, 0),
(46, 39, 168, 5057, 1545125383, 'd5e65667', 0, 0, '', 0, 0, 0, 1, NULL, 0, 0, 1, 0, 0),
(47, 40, 168, 5057, 1545125413, 'd5e65667', 0, 0, '', 0, 0, 0, 1, NULL, 0, 0, 1, 0, 0),
(49, 42, 200, 5057, 1545125565, 'd5e65667', 0, 0, '', 0, 0, 0, 1, NULL, 0, 0, 1, 0, 0),
(51, 44, 200, 5057, 1545125779, 'd5e65667', 0, 0, '', 0, 0, 0, 1, NULL, 0, 0, 1, 0, 0),
(54, 47, 200, 5057, 1545125921, 'd5e65667', 0, 0, '', 0, 0, 0, 1, NULL, 0, 0, 1, 0, 0),
(59, 52, 200, 5057, 1545126315, 'd5e65667', 0, 0, '', 0, 0, 0, 1, NULL, 0, 0, 1, 0, 0),
(61, 54, 200, 5057, 1545126560, 'd5e65667', 0, 0, '', 0, 0, 0, 1, NULL, 0, 0, 1, 0, 0),
(68, 61, 200, 5057, 1545127739, 'd5e65667', 0, 0, '', 0, 0, 0, 1, NULL, 0, 0, 1, 0, 0),
(1014, 639, 95, 5055, 1554009761, 'd5e67336', 0, 0, '', 0, 0, 0, 1, NULL, 0, 0, 1, 0, 0),
(1012, 637, 93, 5055, 1554009509, 'd5e67336', 0, 0, '', 0, 0, 0, 1, NULL, 0, 0, 1, 0, 0),
(1013, 638, 93, 5055, 1554009611, 'd5e67336', 0, 0, '', 0, 0, 0, 1, NULL, 0, 0, 1, 0, 0),
(732, 481, 11, 5223, 1551374562, '1f87d282', 0, 0, '', 0, 0, 0, 1, NULL, 0, 0, 1, 0, 0),
(734, 483, 359, 5223, 1551374997, '1f87d282', 0, 0, '', 0, 0, 0, 1, NULL, 0, 0, 1, 0, 0),
(735, 483, 359, -746, 1551375543, '7f000001', 0, 0, '', 0, 0, 0, 1, NULL, 0, 0, 1, 0, 0),
(1446, 905, 168, 5261, 1559366050, '3ed1872b', 0, 0, '', 0, 0, 0, 1, NULL, 0, 0, 1, 0, 0),
(1463, 920, 168, 5261, 1559622344, '3ed1872b', 0, 0, '', 1559622664, 1, 0, 1, NULL, 0, 0, 1, 0, 0),
(1464, 921, 262, 5261, 1559623136, '3ed1872b', 0, 0, '', 0, 0, 0, 1, NULL, 0, 0, 1, 0, 0),
(2343, 1594, 359, 5057, 1569938455, '54365d7c', 0, 0, '', 0, 0, 0, 1, NULL, 0, 0, 1, 0, 0),
(2344, 1595, 359, 5057, 1569938497, '54365d7c', 0, 0, '', 0, 0, 0, 1, NULL, 0, 0, 1, 0, 0),
(2346, 1597, 359, 5057, 1569939497, '54365d7c', 0, 0, '', 0, 0, 0, 1, NULL, 0, 0, 1, 0, 0);

-- --------------------------------------------------------

--
-- Структура таблицы `bb_posts_html`
--

CREATE TABLE IF NOT EXISTS `bb_posts_html` (
  `post_id` mediumint(9) NOT NULL DEFAULT '0',
  `post_html_time` timestamp NOT NULL DEFAULT CURRENT_TIMESTAMP ON UPDATE CURRENT_TIMESTAMP,
  `post_html` longtext NOT NULL,
  PRIMARY KEY (`post_id`)
) ENGINE=MyISAM DEFAULT CHARSET=utf8;

-- --------------------------------------------------------

--
-- Структура таблицы `bb_posts_search`
--

CREATE TABLE IF NOT EXISTS `bb_posts_search` (
  `post_id` mediumint(8) unsigned NOT NULL DEFAULT '0',
  `search_words` text NOT NULL,
  PRIMARY KEY (`post_id`),
  FULLTEXT KEY `search_words` (`search_words`)
) ENGINE=MyISAM DEFAULT CHARSET=utf8;

-- --------------------------------------------------------

--
-- Структура таблицы `bb_posts_text`
--

CREATE TABLE IF NOT EXISTS `bb_posts_text` (
  `post_id` mediumint(8) unsigned NOT NULL DEFAULT '0',
  `post_text` longtext NOT NULL,
  PRIMARY KEY (`post_id`)
) ENGINE=MyISAM DEFAULT CHARSET=utf8;

--
-- Дамп данных таблицы `bb_posts_text`
--

INSERT INTO `bb_posts_text` (`post_id`, `post_text`) VALUES
(48, '[hr]\n[align=center][img]https://img.alltor.me/img/2018-10/28/nhu40itcvf6dvtj102sh6i8iu.png[/img][/align]\n[hr]\n[spoiler="Mental Hospital: Eastern Bloc"]\n[size=28][align=center][b] [font="Georgia"][color=#245BA3]⋘ Mental Hospital: Eastern Bloc ⋙[/color][/font][/b][/align][/size]\n[hr]\n\n[img=right]https://img.alltor.me/img/2018-10/28/4y7umv30qc4mepxynktmj6hid.png[/img]\n\n[font="Century Gothic"][size=13][b][color=#245BA3][u]➥ Год выпуска:[u][/color][/b] [color=#666666][font="Georgia"][b][color=#EB0005][size=17]08.05.2015[/size][/color][/b][/font][/color]\n[b][color=#245BA3][u]➥ Жанр:[u][/color][/b] [color=green][b][size=17]Хорроры[/size][/b][/color]\n[b][color=#245BA3][u]➥ Версия:[u][/color][/b] [color=#9500EB][font="Georgia"][b][size=17]v2.05.99[/size][/b][/font][/color]\n[b][color=#245BA3][u]➥ Интернет:[/u][/color][/b] [color=#666666][font="Georgia"][color=#EE1B5A][b][size=17]Нет[/size][/b][/color][/font][/color]\n[b][color=#245BA3][u]➥ Разработчик:[/u][/color][/b][color=#404441] [b][size=17]AGaming+[/size][/b][/color]\n[b][color=#245BA3][u]➥ Разрешения экрана:[/u][/color][/b] [color=#666666][color=#EB8100][b][font="Comic Sans MS"][size=17]Любое[/size][/font][/b][/color][/color]\n[b][color=#245BA3][u]➥ Системные требования:[/u][/color][/b] [color=#666666][font="Georgia"][color=#EE1B5A][b][size=17]Android 2.3+[/size][/b][/color][/font][/color]\n[b][color=#245BA3][u]➥ Язык интерфейса:[u][/color][/b] [color=#00EB02][b][size=17]ENG[/size][/b] [/color]\n[b][color=#245BA3][u]➥ Таблэтка:[u][/color][/b] [color=#4D00B8][b][size=17]Не требуется[/size][/b][/color]\n[b][color=#245BA3][u]➥ Тип установщика:[u][/color][/b] [color=#B83000][b][size=17]Apk[/size][/b][/color]\n[b][color=#245BA3][u]➥ Цена в Google Play:[u][/color][/b] [color=#666666][font="Georgia"][b][color=#EB0005][size=17]25р[/size][/color][/b][/font][/color]\n[hr]\n[color=#245BA3][b][u]➥[u][/b][/color]  [img]https://alltor.me/pictures/d3d75ca660feec88e8f8cced13e429a7.png[/img] [img]https://alltor.me/pictures/4b8419beb8cff438f5a76013556a8c5e.png[/img] [img]https://alltor.me/pictures/c61e028d93e8ca640bd6ca232d397fe0.png[/img] [img]https://alltor.me/pictures/3d33242e8a4deebff4d6303219c3e55f.png[/img]\n[url=https://play.google.com/store/apps/details?id=com.agaming.hospital][img]http://img.uz/d/2018/07/5b5f529e71989.png[/img][/url][/align][hr]\n[b] [color=#245BA3]➥ Описание:[/color][/b]\n[color=#404441]Mental Hospital: Eastern Bloc - игра на андроид, в которой вы попадете в заброшенную психиатрическую больницу, и будете блуждать там в полной темноте. Вам захочется поскорее выбраться от туда, но сделать это можно будет только, после того как вы полностью исследуете всю больницу. Но вы еще не знаете что творится за этими зловещими стенами, так что быстрее ищите выход из больницы.\n[spoiler="Порядок установки:"]\n[color=darkred]1) Установить APK\n2) Скопировать папку кэша в [b]SD/ Android/obb /[/b]\nЕсли у вас нет этой папки, создайте ее при помощи любого файлового менеджера\n3) В итоге получится[/color] [b][color=darkred]SD/ Android/obb / [/color][color=red]папка_кэша[/color][color=darkred]/файлы[/color][/b]\n[color=darkred]4) Запустить приложение[/color]\n[/spoiler]\n[/color][/size][/font]\n[hr][align=center]\n[img]https://alltor.me/pictures/2ede6902f233d0863d6537cd65830648.jpg[/img]\n[/align]\n[align=center]\n[thumb]https://img.alltor.me/img/2018-10/28/535d5mxh7slv0w1a0g2p85a06.jpg[/thumb]\n[thumb]https://img.alltor.me/img/2018-10/28/fh2c3r7vlapxuf0fv7fuc802a.jpg[/thumb]\n[thumb]https://img.alltor.me/img/2018-10/28/0wfgoh06euhea63yq9xvdisj4.jpg[/thumb]\n[/align]\n[/spoiler]\n[hr]\n[spoiler="Mental Hospital II"]\n[size=28][align=center][b] [font="Georgia"][color=#245BA3]⋘ Mental Hospital II ⋙[/color][/font][/b][/align][/size]\n[hr]\n\n[img=right]https://img.alltor.me/img/2018-10/28/czm3ugm0zks1vpz76pt8bg3u4.png[/img]\n\n[font="Century Gothic"][size=13][b][color=#245BA3][u]➥ Год выпуска:[u][/color][/b] [color=#666666][font="Georgia"][b][color=#EB0005][size=17]24.02.2016[/size][/color][/b][/font][/color]\n[b][color=#245BA3][u]➥ Жанр:[u][/color][/b] [color=green][b][size=17]Хорроры[/size][/b][/color]\n[b][color=#245BA3][u]➥ Версия:[u][/color][/b] [color=#9500EB][font="Georgia"][b][size=17]v1.01.17[/size][/b][/font][/color]\n[b][color=#245BA3][u]➥ Интернет:[/u][/color][/b] [color=#666666][font="Georgia"][color=#EE1B5A][b][size=17]Нет[/size][/b][/color][/font][/color]\n[b][color=#245BA3][u]➥ Разработчик:[/u][/color][/b][color=#404441] [b][size=17]AGaming+[/size][/b][/color]\n[b][color=#245BA3][u]➥ Разрешения экрана:[/u][/color][/b] [color=#666666][color=#EB8100][b][font="Comic Sans MS"][size=17]Любое[/size][/font][/b][/color][/color]\n[b][color=#245BA3][u]➥ Системные требования:[/u][/color][/b] [color=#666666][font="Georgia"][color=#EE1B5A][b][size=17]Android 4.0+[/size][/b][/color][/font][/color]\n[b][color=#245BA3][u]➥ Язык интерфейса:[u][/color][/b] [color=#00EB02][b][size=17]RUS[/size][/b] [/color]\n[b][color=#245BA3][u]➥ Таблэтка:[u][/color][/b] [color=#4D00B8][b][size=17]Не требуется[/size][/b][/color]\n[b][color=#245BA3][u]➥ Тип установщика:[u][/color][/b] [color=#B83000][b][size=17]Apk[/size][/b][/color]\n[b][color=#245BA3][u]➥ Цена в Google Play:[u][/color][/b] [color=#666666][font="Georgia"][b][color=#EB0005][size=17]Бесплатно[/size][/color][/b][/font][/color]\n[hr]\n[color=#245BA3][b][u]➥[u][/b][/color]  [img]https://alltor.me/pictures/d3d75ca660feec88e8f8cced13e429a7.png[/img] [img]https://alltor.me/pictures/4b8419beb8cff438f5a76013556a8c5e.png[/img] [img]https://alltor.me/pictures/c61e028d93e8ca640bd6ca232d397fe0.png[/img] [img]https://alltor.me/pictures/3d33242e8a4deebff4d6303219c3e55f.png[/img]\n[url=https://play.google.com/store/apps/details?id=com.agaming.mentalhospitallite&amp;hl=en][img]http://img.uz/d/2018/07/5b5f529e71989.png[/img][/url][/align][hr]\n[b] [color=#245BA3]➥ Описание:[/color][/b]\n[color=#404441]Mental Hospital II – вторая часть захватывающего хоррора на андроид, где вам предстоит провести репортера по темным коридорам психиатрической больницы. Наш герой решил снять репортаж про заброшенную больницу и отправился исследовать ее, блуждая по мрачным комнатам и коридорам здания. Исследуйте все помещения и собирайте нужные вам ключи, чтобы открыть все двери и выбраться на свободу. Внимательно и осторожно открывайте все двери и остерегайтесь встречи с призраками и монстрами, которые преследуют героя, как только он попал в здание. Не позволяйте призракам приблизиться к репортеру и навредить ему. Для полного погружения в игру играйте в полной темноте и в наушниках.\n[spoiler="Порядок установки:"]\n[color=darkred]1) Установить APK\n2) Скопировать папку кэша в [b]SD/ Android/obb /[/b]\nЕсли у вас нет этой папки, создайте ее при помощи любого файлового менеджера\n3) В итоге получится[/color] [b][color=darkred]SD/ Android/obb / [/color][color=red]папка_кэша[/color][color=darkred]/файлы[/color][/b]\n[color=darkred]4) Запустить приложение[/color]\n[/spoiler]\n[/color][/size][/font]\n[hr][align=center]\n[img]https://alltor.me/pictures/2ede6902f233d0863d6537cd65830648.jpg[/img]\n[/align]\n[align=center]\n[thumb]https://img.alltor.me/img/2018-10/28/40fvi5vy0wfnmctyr0fhmj0g7.jpg[/thumb]\n[thumb]https://img.alltor.me/img/2018-10/28/kuipetjdy6mtqatdg8piqezpj.jpg[/thumb]\n[thumb]https://img.alltor.me/img/2018-10/28/82t89qhsyxwi8183drjdamk83.jpg[/thumb]\n[/align]\n[/spoiler]\n[hr]\n[spoiler="Mental Hospital III"]\n[size=28][align=center][b] [font="Georgia"][color=#245BA3]⋘ Mental Hospital III ⋙[/color][/font][/b][/align][/size]\n[hr]\n\n[img=right]https://img.alltor.me/img/2018-10/28/yd9lqdizt5nt0vg1tpwyjba03.png[/img]\n\n[font="Century Gothic"][size=13][b][color=#245BA3][u]➥ Год выпуска:[u][/color][/b] [color=#666666][font="Georgia"][b][color=#EB0005][size=17]27.08.2017[/size][/color][/b][/font][/color]\n[b][color=#245BA3][u]➥ Жанр:[u][/color][/b] [color=green][b][size=17]Хорроры[/size][/b][/color]\n[b][color=#245BA3][u]➥ Версия:[u][/color][/b] [color=#9500EB][font="Georgia"][b][size=17]v1.01.02[/size][/b][/font][/color]\n[b][color=#245BA3][u]➥ Интернет:[/u][/color][/b] [color=#666666][font="Georgia"][color=#EE1B5A][b][size=17]Нет[/size][/b][/color][/font][/color]\n[b][color=#245BA3][u]➥ Разработчик:[/u][/color][/b][color=#404441] [b][size=17]AGaming+[/size][/b][/color]\n[b][color=#245BA3][u]➥ Разрешения экрана:[/u][/color][/b] [color=#666666][color=#EB8100][b][font="Comic Sans MS"][size=17]Любое[/size][/font][/b][/color][/color]\n[b][color=#245BA3][u]➥ Системные требования:[/u][/color][/b] [color=#666666][font="Georgia"][color=#EE1B5A][b][size=17]Android 4.2+[/size][/b][/color][/font][/color]\n[b][color=#245BA3][u]➥ Язык интерфейса:[u][/color][/b] [color=#00EB02][b][size=17]RUS[/size][/b] [/color]\n[b][color=#245BA3][u]➥ Таблэтка:[u][/color][/b] [color=#4D00B8][b][size=17]Не требуется[/size][/b][/color]\n[b][color=#245BA3][u]➥ Тип установщика:[u][/color][/b] [color=#B83000][b][size=17]Apk[/size][/b][/color]\n[b][color=#245BA3][u]➥ Цена в Google Play:[u][/color][/b] [color=#666666][font="Georgia"][b][color=#EB0005][size=17]15р[/size][/color][/b][/font][/color]\n[hr]\n[color=#245BA3][b][u]➥[u][/b][/color]  [img]https://alltor.me/pictures/d3d75ca660feec88e8f8cced13e429a7.png[/img] [img]https://alltor.me/pictures/4b8419beb8cff438f5a76013556a8c5e.png[/img] [img]https://alltor.me/pictures/c61e028d93e8ca640bd6ca232d397fe0.png[/img] [img]https://alltor.me/pictures/3d33242e8a4deebff4d6303219c3e55f.png[/img]\n[url=https://play.google.com/store/apps/details?id=com.agaming.mentalhospitaliii][img]http://img.uz/d/2018/07/5b5f529e71989.png[/img][/url][/align][hr]\n[b] [color=#245BA3]➥ Описание:[/color][/b]\n[color=#404441]Mental Hospital III - ужасающий хоррор на Андроид, где вам предстоит исследовать всю психбольницу и найти выход из нее. История началась с того что вам как журналисту предложили снять захват больницы в которой проводятся незаконные опыты над больными. Вы сразу согласились, ведь это казалось так легко, но на деле это было не так. Ваш день не задался с самого начала, проблемы в редакции, ужасная погода и машина не хотела вас слушаться, глохла на каждом повороте, из-за этого вы опоздали. Добравшись до больницы, на месте уже ни кого не было и вы решили сами пробраться вовнутрь, чтобы хоть немножко заснять информации. Эта была плохая идея и теперь вашей задачей будет выбраться от туда живым.\n[spoiler="Порядок установки:"]\n[color=darkred]1) Установить APK\n2) Скопировать папку кэша в [b]SD/ Android/obb /[/b]\nЕсли у вас нет этой папки, создайте ее при помощи любого файлового менеджера\n3) В итоге получится[/color] [b][color=darkred]SD/ Android/obb / [/color][color=red]папка_кэша[/color][color=darkred]/файлы[/color][/b]\n[color=darkred]4) Запустить приложение[/color]\n[/spoiler]\n[/color][/size][/font]\n[hr][align=center]\n[img]https://alltor.me/pictures/2ede6902f233d0863d6537cd65830648.jpg[/img]\n[/align]\n[align=center]\n[thumb]https://img.alltor.me/img/2018-10/28/1j95nih2uxuq8oiwnywyudvre.jpg[/thumb]\n[thumb]https://img.alltor.me/img/2018-10/28/8ad5swv2upf3x7nkr4i6c5j1r.jpg[/thumb]\n[thumb]https://img.alltor.me/img/2018-10/28/8lus4zq43lmo7e0mj20gfkx0t.jpg[/thumb]\n[/align]\n[/spoiler]\n[hr]\n[spoiler="Mental Hospital IV"]\n[size=28][align=center][b] [font="Georgia"][color=#245BA3]⋘ Mental Hospital IV ⋙[/color][/font][/b][/align][/size]\n[hr]\n\n[img=right]https://img.alltor.me/img/2018-10/28/83ga5fa32cgzs3d0muaslc2nm.jpg[/img]\n\n[font="Century Gothic"][size=13][b][color=#245BA3][u]➥ Год выпуска:[u][/color][/b] [color=#666666][font="Georgia"][b][color=#EB0005][size=17]22.03.2016[/size][/color][/b][/font][/color]\n[b][color=#245BA3][u]➥ Жанр:[u][/color][/b] [color=green][b][size=17]Хорроры[/size][/b][/color]\n[b][color=#245BA3][u]➥ Версия:[u][/color][/b] [color=#9500EB][font="Georgia"][b][size=17]v1.07[/size][/b][/font][/color]\n[b][color=#245BA3][u]➥ Интернет:[/u][/color][/b] [color=#666666][font="Georgia"][color=#EE1B5A][b][size=17]Нет[/size][/b][/color][/font][/color]\n[b][color=#245BA3][u]➥ Разработчик:[/u][/color][/b][color=#404441] [b][size=17]AGaming+[/size][/b][/color]\n[b][color=#245BA3][u]➥ Разрешения экрана:[/u][/color][/b] [color=#666666][color=#EB8100][b][font="Comic Sans MS"][size=17]Любое[/size][/font][/b][/color][/color]\n[b][color=#245BA3][u]➥ Системные требования:[/u][/color][/b] [color=#666666][font="Georgia"][color=#EE1B5A][b][size=17]Android 4.0+[/size][/b][/color][/font][/color]\n[b][color=#245BA3][u]➥ Язык интерфейса:[u][/color][/b] [color=#00EB02][b][size=17]RUS[/size][/b] [/color]\n[b][color=#245BA3][u]➥ Таблэтка:[u][/color][/b] [color=#4D00B8][b][size=17]Не требуется[/size][/b][/color]\n[b][color=#245BA3][u]➥ Тип установщика:[u][/color][/b] [color=#B83000][b][size=17]Apk[/size][/b][/color]\n[b][color=#245BA3][u]➥ Цена в Google Play:[u][/color][/b] [color=#666666][font="Georgia"][b][color=#EB0005][size=17]25р[/size][/color][/b][/font][/color]\n[hr]\n[color=#245BA3][b][u]➥[u][/b][/color]  [img]https://alltor.me/pictures/d3d75ca660feec88e8f8cced13e429a7.png[/img] [img]https://alltor.me/pictures/4b8419beb8cff438f5a76013556a8c5e.png[/img] [img]https://alltor.me/pictures/c61e028d93e8ca640bd6ca232d397fe0.png[/img] [img]https://alltor.me/pictures/3d33242e8a4deebff4d6303219c3e55f.png[/img]\n[url=https://play.google.com/store/apps/details?id=com.agaming.mentalhospitaliv][img]http://img.uz/d/2018/07/5b5f529e71989.png[/img][/url][/align][hr]\n[b] [color=#245BA3]➥ Описание:[/color][/b]\n[color=#404441]Mental Hospital IV - И снова всеми любимый ужастик на андроид. Разработчики игры предлагают игроком снова окунутся в таинственную и зловещую атмосферу заброшенных зданий, прогуляться по темным коридорам и разгадать пару загадок. История этой серии игры начинается спустя некоторое время после нашумевших событий третей части этой игры. Полиция как всегда не может найти какие-либо зацепки, газеты предпочитали молчать, а нашему герою не давала покоя история, случившаяся в больнице Святого Петра. Но вскоре появилась не большая надежда разобраться во всем этом. Неизвестный человек, позвонив по телефону, сказал что у него есть важная информация и расскажет при личной встрече. И вы отправляетесь к больнице Святого Петра...\n[spoiler="Порядок установки:"]\n[color=darkred]1) Установить APK\n2) Скопировать папку кэша в [b]SD/ Android/obb /[/b]\nЕсли у вас нет этой папки, создайте ее при помощи любого файлового менеджера\n3) В итоге получится[/color] [b][color=darkred]SD/ Android/obb / [/color][color=red]папка_кэша[/color][color=darkred]/файлы[/color][/b]\n[color=darkred]4) Запустить приложение[/color]\n[/spoiler]\n[/color][/size][/font]\n[hr][align=center]\n[img]https://alltor.me/pictures/2ede6902f233d0863d6537cd65830648.jpg[/img]\n[/align]\n[align=center]\n[thumb]https://img.alltor.me/img/2018-10/28/wi27hzkmxlbyj8pesvxmfgvf6.jpg[/thumb]\n[thumb]https://img.alltor.me/img/2018-10/28/5lsyc2lkshris5646td40ilu6.jpg[/thumb]\n[thumb]https://img.alltor.me/img/2018-10/28/y1cj68ehp4jheu1mb9675y3o3.jpg[/thumb]\n[/align]\n[/spoiler]\n[hr]\n[spoiler="Mental Hospital V"]\n[size=28][align=center][b] [font="Georgia"][color=#245BA3]⋘ Mental Hospital V ⋙[/color][/font][/b][/align][/size]\n[hr]\n\n[img=right]https://img.alltor.me/img/2018-10/28/ex3ihkam7ca0ekov7uxafhfi7.png[/img]\n\n[font="Century Gothic"][size=13][b][color=#245BA3][u]➥ Год выпуска:[u][/color][/b] [color=#666666][font="Georgia"][b][color=#EB0005][size=17]21.11.2016[/size][/color][/b][/font][/color]\n[b][color=#245BA3][u]➥ Жанр:[u][/color][/b] [color=green][b][size=17]Хорроры[/size][/b][/color]\n[b][color=#245BA3][u]➥ Версия:[u][/color][/b] [color=#9500EB][font="Georgia"][b][size=17]v1.04[/size][/b][/font][/color]\n[b][color=#245BA3][u]➥ Интернет:[/u][/color][/b] [color=#666666][font="Georgia"][color=#EE1B5A][b][size=17]Нет[/size][/b][/color][/font][/color]\n[b][color=#245BA3][u]➥ Разработчик:[/u][/color][/b][color=#404441] [b][size=17]AGaming+[/size][/b][/color]\n[b][color=#245BA3][u]➥ Разрешения экрана:[/u][/color][/b] [color=#666666][color=#EB8100][b][font="Comic Sans MS"][size=17]Любое[/size][/font][/b][/color][/color]\n[b][color=#245BA3][u]➥ Системные требования:[/u][/color][/b] [color=#666666][font="Georgia"][color=#EE1B5A][b][size=17]Android 4.2+[/size][/b][/color][/font][/color]\n[b][color=#245BA3][u]➥ Язык интерфейса:[u][/color][/b] [color=#00EB02][b][size=17]RUS[/size][/b] [/color]\n[b][color=#245BA3][u]➥ Таблэтка:[u][/color][/b] [color=#4D00B8][b][size=17]Не требуется[/size][/b][/color]\n[b][color=#245BA3][u]➥ Тип установщика:[u][/color][/b] [color=#B83000][b][size=17]Apk[/size][/b][/color]\n[b][color=#245BA3][u]➥ Цена в Google Play:[u][/color][/b] [color=#666666][font="Georgia"][b][color=#EB0005][size=17]15р[/size][/color][/b][/font][/color]\n[hr]\n[color=#245BA3][b][u]➥[u][/b][/color]  [img]https://alltor.me/pictures/d3d75ca660feec88e8f8cced13e429a7.png[/img] [img]https://alltor.me/pictures/4b8419beb8cff438f5a76013556a8c5e.png[/img] [img]https://alltor.me/pictures/c61e028d93e8ca640bd6ca232d397fe0.png[/img] [img]https://alltor.me/pictures/3d33242e8a4deebff4d6303219c3e55f.png[/img]\n[url=https://play.google.com/store/apps/details?id=com.agaming.mentalhospitalV][img]http://img.uz/d/2018/07/5b5f529e71989.png[/img][/url][/align][hr]\n[b] [color=#245BA3]➥ Описание:[/color][/b]\n[color=#404441]Mental Hospital V – хоррор от первого лица на андроид, где вы будете исследовать психиатрическую лечебницу. Запутанная история этой игры начинается с того что журналист по имени Марк бесследно исчезает в психиатрической больнице, а всю группу людей участвующую в проекте находят мертвую. Для того чтобы найти Марка в больницу приезжает его брат которому выпадет непростая учесть исследовать мрачные и темные помещения здания и раскрыть все тайны. В этой игре вы узнаете, кто такая Элис и сделаете решающий выбор спасти жизнь брата или свою собственную. Найдите выход из этой пугающей и опасной ситуации и сделайте выбор.\n[spoiler="Порядок установки:"]\n[color=darkred]1) Установить APK\n2) Скопировать папку кэша в [b]SD/ Android/obb /[/b]\nЕсли у вас нет этой папки, создайте ее при помощи любого файлового менеджера\n3) В итоге получится[/color] [b][color=darkred]SD/ Android/obb / [/color][color=red]папка_кэша[/color][color=darkred]/файлы[/color][/b]\n[color=darkred]4) Запустить приложение[/color]\n[/spoiler]\n[/color][/size][/font]\n[hr][align=center]\n[img]https://alltor.me/pictures/2ede6902f233d0863d6537cd65830648.jpg[/img]\n[/align]\n[align=center]\n[thumb]https://img.alltor.me/img/2018-10/28/clh1ko7gshg7pu3t6wcn65kmu.jpg[/thumb]\n[thumb]https://img.alltor.me/img/2018-10/28/ipm6jogrv73a49sbfoq1haw4c.jpg[/thumb]\n[thumb]https://img.alltor.me/img/2018-10/28/0z8jbrsq5n1iti4qa5j0mke21.jpg[/thumb]\n[/align]\n[/spoiler]\n[hr]'),
(39, '[hr]\n[align=center][img]https://img.alltor.me/img/2018-10/28/nhu40itcvf6dvtj102sh6i8iu.png[/img][/align]\n[hr]\n[spoiler="Mental Hospital: Eastern Bloc"]\n[size=28][align=center][b] [font="Georgia"][color=#245BA3]⋘ Mental Hospital: Eastern Bloc ⋙[/color][/font][/b][/align][/size]\n[hr]\n\n[img=right]https://img.alltor.me/img/2018-10/28/4y7umv30qc4mepxynktmj6hid.png[/img]\n\n[font="Century Gothic"][size=13][b][color=#245BA3][u]➥ Год выпуска:[u][/color][/b] [color=#666666][font="Georgia"][b][color=#EB0005][size=17]08.05.2015[/size][/color][/b][/font][/color]\n[b][color=#245BA3][u]➥ Жанр:[u][/color][/b] [color=green][b][size=17]Хорроры[/size][/b][/color]\n[b][color=#245BA3][u]➥ Версия:[u][/color][/b] [color=#9500EB][font="Georgia"][b][size=17]v2.05.99[/size][/b][/font][/color]\n[b][color=#245BA3][u]➥ Интернет:[/u][/color][/b] [color=#666666][font="Georgia"][color=#EE1B5A][b][size=17]Нет[/size][/b][/color][/font][/color]\n[b][color=#245BA3][u]➥ Разработчик:[/u][/color][/b][color=#404441] [b][size=17]AGaming+[/size][/b][/color]\n[b][color=#245BA3][u]➥ Разрешения экрана:[/u][/color][/b] [color=#666666][color=#EB8100][b][font="Comic Sans MS"][size=17]Любое[/size][/font][/b][/color][/color]\n[b][color=#245BA3][u]➥ Системные требования:[/u][/color][/b] [color=#666666][font="Georgia"][color=#EE1B5A][b][size=17]Android 2.3+[/size][/b][/color][/font][/color]\n[b][color=#245BA3][u]➥ Язык интерфейса:[u][/color][/b] [color=#00EB02][b][size=17]ENG[/size][/b] [/color]\n[b][color=#245BA3][u]➥ Таблэтка:[u][/color][/b] [color=#4D00B8][b][size=17]Не требуется[/size][/b][/color]\n[b][color=#245BA3][u]➥ Тип установщика:[u][/color][/b] [color=#B83000][b][size=17]Apk[/size][/b][/color]\n[b][color=#245BA3][u]➥ Цена в Google Play:[u][/color][/b] [color=#666666][font="Georgia"][b][color=#EB0005][size=17]25р[/size][/color][/b][/font][/color]\n[hr]\n[color=#245BA3][b][u]➥[u][/b][/color]  [img]https://alltor.me/pictures/d3d75ca660feec88e8f8cced13e429a7.png[/img] [img]https://alltor.me/pictures/4b8419beb8cff438f5a76013556a8c5e.png[/img] [img]https://alltor.me/pictures/c61e028d93e8ca640bd6ca232d397fe0.png[/img] [img]https://alltor.me/pictures/3d33242e8a4deebff4d6303219c3e55f.png[/img]\n[url=https://play.google.com/store/apps/details?id=com.agaming.hospital][img]http://img.uz/d/2018/07/5b5f529e71989.png[/img][/url][/align][hr]\n[b] [color=#245BA3]➥ Описание:[/color][/b]\n[color=#404441]Mental Hospital: Eastern Bloc - игра на андроид, в которой вы попадете в заброшенную психиатрическую больницу, и будете блуждать там в полной темноте. Вам захочется поскорее выбраться от туда, но сделать это можно будет только, после того как вы полностью исследуете всю больницу. Но вы еще не знаете что творится за этими зловещими стенами, так что быстрее ищите выход из больницы.\n[spoiler="Порядок установки:"]\n[color=darkred]1) Установить APK\n2) Скопировать папку кэша в [b]SD/ Android/obb /[/b]\nЕсли у вас нет этой папки, создайте ее при помощи любого файлового менеджера\n3) В итоге получится[/color] [b][color=darkred]SD/ Android/obb / [/color][color=red]папка_кэша[/color][color=darkred]/файлы[/color][/b]\n[color=darkred]4) Запустить приложение[/color]\n[/spoiler]\n[/color][/size][/font]\n[hr][align=center]\n[img]https://alltor.me/pictures/2ede6902f233d0863d6537cd65830648.jpg[/img]\n[/align]\n[align=center]\n[thumb]https://img.alltor.me/img/2018-10/28/535d5mxh7slv0w1a0g2p85a06.jpg[/thumb]\n[thumb]https://img.alltor.me/img/2018-10/28/fh2c3r7vlapxuf0fv7fuc802a.jpg[/thumb]\n[thumb]https://img.alltor.me/img/2018-10/28/0wfgoh06euhea63yq9xvdisj4.jpg[/thumb]\n[/align]\n[/spoiler]\n[hr]\n[spoiler="Mental Hospital II"]\n[size=28][align=center][b] [font="Georgia"][color=#245BA3]⋘ Mental Hospital II ⋙[/color][/font][/b][/align][/size]\n[hr]\n\n[img=right]https://img.alltor.me/img/2018-10/28/czm3ugm0zks1vpz76pt8bg3u4.png[/img]\n\n[font="Century Gothic"][size=13][b][color=#245BA3][u]➥ Год выпуска:[u][/color][/b] [color=#666666][font="Georgia"][b][color=#EB0005][size=17]24.02.2016[/size][/color][/b][/font][/color]\n[b][color=#245BA3][u]➥ Жанр:[u][/color][/b] [color=green][b][size=17]Хорроры[/size][/b][/color]\n[b][color=#245BA3][u]➥ Версия:[u][/color][/b] [color=#9500EB][font="Georgia"][b][size=17]v1.01.17[/size][/b][/font][/color]\n[b][color=#245BA3][u]➥ Интернет:[/u][/color][/b] [color=#666666][font="Georgia"][color=#EE1B5A][b][size=17]Нет[/size][/b][/color][/font][/color]\n[b][color=#245BA3][u]➥ Разработчик:[/u][/color][/b][color=#404441] [b][size=17]AGaming+[/size][/b][/color]\n[b][color=#245BA3][u]➥ Разрешения экрана:[/u][/color][/b] [color=#666666][color=#EB8100][b][font="Comic Sans MS"][size=17]Любое[/size][/font][/b][/color][/color]\n[b][color=#245BA3][u]➥ Системные требования:[/u][/color][/b] [color=#666666][font="Georgia"][color=#EE1B5A][b][size=17]Android 4.0+[/size][/b][/color][/font][/color]\n[b][color=#245BA3][u]➥ Язык интерфейса:[u][/color][/b] [color=#00EB02][b][size=17]RUS[/size][/b] [/color]\n[b][color=#245BA3][u]➥ Таблэтка:[u][/color][/b] [color=#4D00B8][b][size=17]Не требуется[/size][/b][/color]\n[b][color=#245BA3][u]➥ Тип установщика:[u][/color][/b] [color=#B83000][b][size=17]Apk[/size][/b][/color]\n[b][color=#245BA3][u]➥ Цена в Google Play:[u][/color][/b] [color=#666666][font="Georgia"][b][color=#EB0005][size=17]Бесплатно[/size][/color][/b][/font][/color]\n[hr]\n[color=#245BA3][b][u]➥[u][/b][/color]  [img]https://alltor.me/pictures/d3d75ca660feec88e8f8cced13e429a7.png[/img] [img]https://alltor.me/pictures/4b8419beb8cff438f5a76013556a8c5e.png[/img] [img]https://alltor.me/pictures/c61e028d93e8ca640bd6ca232d397fe0.png[/img] [img]https://alltor.me/pictures/3d33242e8a4deebff4d6303219c3e55f.png[/img]\n[url=https://play.google.com/store/apps/details?id=com.agaming.mentalhospitallite&amp;hl=en][img]http://img.uz/d/2018/07/5b5f529e71989.png[/img][/url][/align][hr]\n[b] [color=#245BA3]➥ Описание:[/color][/b]\n[color=#404441]Mental Hospital II – вторая часть захватывающего хоррора на андроид, где вам предстоит провести репортера по темным коридорам психиатрической больницы. Наш герой решил снять репортаж про заброшенную больницу и отправился исследовать ее, блуждая по мрачным комнатам и коридорам здания. Исследуйте все помещения и собирайте нужные вам ключи, чтобы открыть все двери и выбраться на свободу. Внимательно и осторожно открывайте все двери и остерегайтесь встречи с призраками и монстрами, которые преследуют героя, как только он попал в здание. Не позволяйте призракам приблизиться к репортеру и навредить ему. Для полного погружения в игру играйте в полной темноте и в наушниках.\n[spoiler="Порядок установки:"]\n[color=darkred]1) Установить APK\n2) Скопировать папку кэша в [b]SD/ Android/obb /[/b]\nЕсли у вас нет этой папки, создайте ее при помощи любого файлового менеджера\n3) В итоге получится[/color] [b][color=darkred]SD/ Android/obb / [/color][color=red]папка_кэша[/color][color=darkred]/файлы[/color][/b]\n[color=darkred]4) Запустить приложение[/color]\n[/spoiler]\n[/color][/size][/font]\n[hr][align=center]\n[img]https://alltor.me/pictures/2ede6902f233d0863d6537cd65830648.jpg[/img]\n[/align]\n[align=center]\n[thumb]https://img.alltor.me/img/2018-10/28/40fvi5vy0wfnmctyr0fhmj0g7.jpg[/thumb]\n[thumb]https://img.alltor.me/img/2018-10/28/kuipetjdy6mtqatdg8piqezpj.jpg[/thumb]\n[thumb]https://img.alltor.me/img/2018-10/28/82t89qhsyxwi8183drjdamk83.jpg[/thumb]\n[/align]\n[/spoiler]\n[hr]\n[spoiler="Mental Hospital III"]\n[size=28][align=center][b] [font="Georgia"][color=#245BA3]⋘ Mental Hospital III ⋙[/color][/font][/b][/align][/size]\n[hr]\n\n[img=right]https://img.alltor.me/img/2018-10/28/yd9lqdizt5nt0vg1tpwyjba03.png[/img]\n\n[font="Century Gothic"][size=13][b][color=#245BA3][u]➥ Год выпуска:[u][/color][/b] [color=#666666][font="Georgia"][b][color=#EB0005][size=17]27.08.2017[/size][/color][/b][/font][/color]\n[b][color=#245BA3][u]➥ Жанр:[u][/color][/b] [color=green][b][size=17]Хорроры[/size][/b][/color]\n[b][color=#245BA3][u]➥ Версия:[u][/color][/b] [color=#9500EB][font="Georgia"][b][size=17]v1.01.02[/size][/b][/font][/color]\n[b][color=#245BA3][u]➥ Интернет:[/u][/color][/b] [color=#666666][font="Georgia"][color=#EE1B5A][b][size=17]Нет[/size][/b][/color][/font][/color]\n[b][color=#245BA3][u]➥ Разработчик:[/u][/color][/b][color=#404441] [b][size=17]AGaming+[/size][/b][/color]\n[b][color=#245BA3][u]➥ Разрешения экрана:[/u][/color][/b] [color=#666666][color=#EB8100][b][font="Comic Sans MS"][size=17]Любое[/size][/font][/b][/color][/color]\n[b][color=#245BA3][u]➥ Системные требования:[/u][/color][/b] [color=#666666][font="Georgia"][color=#EE1B5A][b][size=17]Android 4.2+[/size][/b][/color][/font][/color]\n[b][color=#245BA3][u]➥ Язык интерфейса:[u][/color][/b] [color=#00EB02][b][size=17]RUS[/size][/b] [/color]\n[b][color=#245BA3][u]➥ Таблэтка:[u][/color][/b] [color=#4D00B8][b][size=17]Не требуется[/size][/b][/color]\n[b][color=#245BA3][u]➥ Тип установщика:[u][/color][/b] [color=#B83000][b][size=17]Apk[/size][/b][/color]\n[b][color=#245BA3][u]➥ Цена в Google Play:[u][/color][/b] [color=#666666][font="Georgia"][b][color=#EB0005][size=17]15р[/size][/color][/b][/font][/color]\n[hr]\n[color=#245BA3][b][u]➥[u][/b][/color]  [img]https://alltor.me/pictures/d3d75ca660feec88e8f8cced13e429a7.png[/img] [img]https://alltor.me/pictures/4b8419beb8cff438f5a76013556a8c5e.png[/img] [img]https://alltor.me/pictures/c61e028d93e8ca640bd6ca232d397fe0.png[/img] [img]https://alltor.me/pictures/3d33242e8a4deebff4d6303219c3e55f.png[/img]\n[url=https://play.google.com/store/apps/details?id=com.agaming.mentalhospitaliii][img]http://img.uz/d/2018/07/5b5f529e71989.png[/img][/url][/align][hr]\n[b] [color=#245BA3]➥ Описание:[/color][/b]\n[color=#404441]Mental Hospital III - ужасающий хоррор на Андроид, где вам предстоит исследовать всю психбольницу и найти выход из нее. История началась с того что вам как журналисту предложили снять захват больницы в которой проводятся незаконные опыты над больными. Вы сразу согласились, ведь это казалось так легко, но на деле это было не так. Ваш день не задался с самого начала, проблемы в редакции, ужасная погода и машина не хотела вас слушаться, глохла на каждом повороте, из-за этого вы опоздали. Добравшись до больницы, на месте уже ни кого не было и вы решили сами пробраться вовнутрь, чтобы хоть немножко заснять информации. Эта была плохая идея и теперь вашей задачей будет выбраться от туда живым.\n[spoiler="Порядок установки:"]\n[color=darkred]1) Установить APK\n2) Скопировать папку кэша в [b]SD/ Android/obb /[/b]\nЕсли у вас нет этой папки, создайте ее при помощи любого файлового менеджера\n3) В итоге получится[/color] [b][color=darkred]SD/ Android/obb / [/color][color=red]папка_кэша[/color][color=darkred]/файлы[/color][/b]\n[color=darkred]4) Запустить приложение[/color]\n[/spoiler]\n[/color][/size][/font]\n[hr][align=center]\n[img]https://alltor.me/pictures/2ede6902f233d0863d6537cd65830648.jpg[/img]\n[/align]\n[align=center]\n[thumb]https://img.alltor.me/img/2018-10/28/1j95nih2uxuq8oiwnywyudvre.jpg[/thumb]\n[thumb]https://img.alltor.me/img/2018-10/28/8ad5swv2upf3x7nkr4i6c5j1r.jpg[/thumb]\n[thumb]https://img.alltor.me/img/2018-10/28/8lus4zq43lmo7e0mj20gfkx0t.jpg[/thumb]\n[/align]\n[/spoiler]\n[hr]\n[spoiler="Mental Hospital IV"]\n[size=28][align=center][b] [font="Georgia"][color=#245BA3]⋘ Mental Hospital IV ⋙[/color][/font][/b][/align][/size]\n[hr]\n\n[img=right]https://img.alltor.me/img/2018-10/28/83ga5fa32cgzs3d0muaslc2nm.jpg[/img]\n\n[font="Century Gothic"][size=13][b][color=#245BA3][u]➥ Год выпуска:[u][/color][/b] [color=#666666][font="Georgia"][b][color=#EB0005][size=17]22.03.2016[/size][/color][/b][/font][/color]\n[b][color=#245BA3][u]➥ Жанр:[u][/color][/b] [color=green][b][size=17]Хорроры[/size][/b][/color]\n[b][color=#245BA3][u]➥ Версия:[u][/color][/b] [color=#9500EB][font="Georgia"][b][size=17]v1.07[/size][/b][/font][/color]\n[b][color=#245BA3][u]➥ Интернет:[/u][/color][/b] [color=#666666][font="Georgia"][color=#EE1B5A][b][size=17]Нет[/size][/b][/color][/font][/color]\n[b][color=#245BA3][u]➥ Разработчик:[/u][/color][/b][color=#404441] [b][size=17]AGaming+[/size][/b][/color]\n[b][color=#245BA3][u]➥ Разрешения экрана:[/u][/color][/b] [color=#666666][color=#EB8100][b][font="Comic Sans MS"][size=17]Любое[/size][/font][/b][/color][/color]\n[b][color=#245BA3][u]➥ Системные требования:[/u][/color][/b] [color=#666666][font="Georgia"][color=#EE1B5A][b][size=17]Android 4.0+[/size][/b][/color][/font][/color]\n[b][color=#245BA3][u]➥ Язык интерфейса:[u][/color][/b] [color=#00EB02][b][size=17]RUS[/size][/b] [/color]\n[b][color=#245BA3][u]➥ Таблэтка:[u][/color][/b] [color=#4D00B8][b][size=17]Не требуется[/size][/b][/color]\n[b][color=#245BA3][u]➥ Тип установщика:[u][/color][/b] [color=#B83000][b][size=17]Apk[/size][/b][/color]\n[b][color=#245BA3][u]➥ Цена в Google Play:[u][/color][/b] [color=#666666][font="Georgia"][b][color=#EB0005][size=17]25р[/size][/color][/b][/font][/color]\n[hr]\n[color=#245BA3][b][u]➥[u][/b][/color]  [img]https://alltor.me/pictures/d3d75ca660feec88e8f8cced13e429a7.png[/img] [img]https://alltor.me/pictures/4b8419beb8cff438f5a76013556a8c5e.png[/img] [img]https://alltor.me/pictures/c61e028d93e8ca640bd6ca232d397fe0.png[/img] [img]https://alltor.me/pictures/3d33242e8a4deebff4d6303219c3e55f.png[/img]\n[url=https://play.google.com/store/apps/details?id=com.agaming.mentalhospitaliv][img]http://img.uz/d/2018/07/5b5f529e71989.png[/img][/url][/align][hr]\n[b] [color=#245BA3]➥ Описание:[/color][/b]\n[color=#404441]Mental Hospital IV - И снова всеми любимый ужастик на андроид. Разработчики игры предлагают игроком снова окунутся в таинственную и зловещую атмосферу заброшенных зданий, прогуляться по темным коридорам и разгадать пару загадок. История этой серии игры начинается спустя некоторое время после нашумевших событий третей части этой игры. Полиция как всегда не может найти какие-либо зацепки, газеты предпочитали молчать, а нашему герою не давала покоя история, случившаяся в больнице Святого Петра. Но вскоре появилась не большая надежда разобраться во всем этом. Неизвестный человек, позвонив по телефону, сказал что у него есть важная информация и расскажет при личной встрече. И вы отправляетесь к больнице Святого Петра...\n[spoiler="Порядок установки:"]\n[color=darkred]1) Установить APK\n2) Скопировать папку кэша в [b]SD/ Android/obb /[/b]\nЕсли у вас нет этой папки, создайте ее при помощи любого файлового менеджера\n3) В итоге получится[/color] [b][color=darkred]SD/ Android/obb / [/color][color=red]папка_кэша[/color][color=darkred]/файлы[/color][/b]\n[color=darkred]4) Запустить приложение[/color]\n[/spoiler]\n[/color][/size][/font]\n[hr][align=center]\n[img]https://alltor.me/pictures/2ede6902f233d0863d6537cd65830648.jpg[/img]\n[/align]\n[align=center]\n[thumb]https://img.alltor.me/img/2018-10/28/wi27hzkmxlbyj8pesvxmfgvf6.jpg[/thumb]\n[thumb]https://img.alltor.me/img/2018-10/28/5lsyc2lkshris5646td40ilu6.jpg[/thumb]\n[thumb]https://img.alltor.me/img/2018-10/28/y1cj68ehp4jheu1mb9675y3o3.jpg[/thumb]\n[/align]\n[/spoiler]\n[hr]\n[spoiler="Mental Hospital V"]\n[size=28][align=center][b] [font="Georgia"][color=#245BA3]⋘ Mental Hospital V ⋙[/color][/font][/b][/align][/size]\n[hr]\n\n[img=right]https://img.alltor.me/img/2018-10/28/ex3ihkam7ca0ekov7uxafhfi7.png[/img]\n\n[font="Century Gothic"][size=13][b][color=#245BA3][u]➥ Год выпуска:[u][/color][/b] [color=#666666][font="Georgia"][b][color=#EB0005][size=17]21.11.2016[/size][/color][/b][/font][/color]\n[b][color=#245BA3][u]➥ Жанр:[u][/color][/b] [color=green][b][size=17]Хорроры[/size][/b][/color]\n[b][color=#245BA3][u]➥ Версия:[u][/color][/b] [color=#9500EB][font="Georgia"][b][size=17]v1.04[/size][/b][/font][/color]\n[b][color=#245BA3][u]➥ Интернет:[/u][/color][/b] [color=#666666][font="Georgia"][color=#EE1B5A][b][size=17]Нет[/size][/b][/color][/font][/color]\n[b][color=#245BA3][u]➥ Разработчик:[/u][/color][/b][color=#404441] [b][size=17]AGaming+[/size][/b][/color]\n[b][color=#245BA3][u]➥ Разрешения экрана:[/u][/color][/b] [color=#666666][color=#EB8100][b][font="Comic Sans MS"][size=17]Любое[/size][/font][/b][/color][/color]\n[b][color=#245BA3][u]➥ Системные требования:[/u][/color][/b] [color=#666666][font="Georgia"][color=#EE1B5A][b][size=17]Android 4.2+[/size][/b][/color][/font][/color]\n[b][color=#245BA3][u]➥ Язык интерфейса:[u][/color][/b] [color=#00EB02][b][size=17]RUS[/size][/b] [/color]\n[b][color=#245BA3][u]➥ Таблэтка:[u][/color][/b] [color=#4D00B8][b][size=17]Не требуется[/size][/b][/color]\n[b][color=#245BA3][u]➥ Тип установщика:[u][/color][/b] [color=#B83000][b][size=17]Apk[/size][/b][/color]\n[b][color=#245BA3][u]➥ Цена в Google Play:[u][/color][/b] [color=#666666][font="Georgia"][b][color=#EB0005][size=17]15р[/size][/color][/b][/font][/color]\n[hr]\n[color=#245BA3][b][u]➥[u][/b][/color]  [img]https://alltor.me/pictures/d3d75ca660feec88e8f8cced13e429a7.png[/img] [img]https://alltor.me/pictures/4b8419beb8cff438f5a76013556a8c5e.png[/img] [img]https://alltor.me/pictures/c61e028d93e8ca640bd6ca232d397fe0.png[/img] [img]https://alltor.me/pictures/3d33242e8a4deebff4d6303219c3e55f.png[/img]\n[url=https://play.google.com/store/apps/details?id=com.agaming.mentalhospitalV][img]http://img.uz/d/2018/07/5b5f529e71989.png[/img][/url][/align][hr]\n[b] [color=#245BA3]➥ Описание:[/color][/b]\n[color=#404441]Mental Hospital V – хоррор от первого лица на андроид, где вы будете исследовать психиатрическую лечебницу. Запутанная история этой игры начинается с того что журналист по имени Марк бесследно исчезает в психиатрической больнице, а всю группу людей участвующую в проекте находят мертвую. Для того чтобы найти Марка в больницу приезжает его брат которому выпадет непростая учесть исследовать мрачные и темные помещения здания и раскрыть все тайны. В этой игре вы узнаете, кто такая Элис и сделаете решающий выбор спасти жизнь брата или свою собственную. Найдите выход из этой пугающей и опасной ситуации и сделайте выбор.\n[spoiler="Порядок установки:"]\n[color=darkred]1) Установить APK\n2) Скопировать папку кэша в [b]SD/ Android/obb /[/b]\nЕсли у вас нет этой папки, создайте ее при помощи любого файлового менеджера\n3) В итоге получится[/color] [b][color=darkred]SD/ Android/obb / [/color][color=red]папка_кэша[/color][color=darkred]/файлы[/color][/b]\n[color=darkred]4) Запустить приложение[/color]\n[/spoiler]\n[/color][/size][/font]\n[hr][align=center]\n[img]https://alltor.me/pictures/2ede6902f233d0863d6537cd65830648.jpg[/img]\n[/align]\n[align=center]\n[thumb]https://img.alltor.me/img/2018-10/28/clh1ko7gshg7pu3t6wcn65kmu.jpg[/thumb]\n[thumb]https://img.alltor.me/img/2018-10/28/ipm6jogrv73a49sbfoq1haw4c.jpg[/thumb]\n[thumb]https://img.alltor.me/img/2018-10/28/0z8jbrsq5n1iti4qa5j0mke21.jpg[/thumb]\n[/align]\n[/spoiler]\n[hr]');
INSERT INTO `bb_posts_text` (`post_id`, `post_text`) VALUES
(40, '[hr]\n[align=center][img]https://img.alltor.me/img/2018-10/28/nhu40itcvf6dvtj102sh6i8iu.png[/img][/align]\n[hr]\n[spoiler="Mental Hospital: Eastern Bloc"]\n[size=28][align=center][b] [font="Georgia"][color=#245BA3]⋘ Mental Hospital: Eastern Bloc ⋙[/color][/font][/b][/align][/size]\n[hr]\n\n[img=right]https://img.alltor.me/img/2018-10/28/4y7umv30qc4mepxynktmj6hid.png[/img]\n\n[font="Century Gothic"][size=13][b][color=#245BA3][u]➥ Год выпуска:[u][/color][/b] [color=#666666][font="Georgia"][b][color=#EB0005][size=17]08.05.2015[/size][/color][/b][/font][/color]\n[b][color=#245BA3][u]➥ Жанр:[u][/color][/b] [color=green][b][size=17]Хорроры[/size][/b][/color]\n[b][color=#245BA3][u]➥ Версия:[u][/color][/b] [color=#9500EB][font="Georgia"][b][size=17]v2.05.99[/size][/b][/font][/color]\n[b][color=#245BA3][u]➥ Интернет:[/u][/color][/b] [color=#666666][font="Georgia"][color=#EE1B5A][b][size=17]Нет[/size][/b][/color][/font][/color]\n[b][color=#245BA3][u]➥ Разработчик:[/u][/color][/b][color=#404441] [b][size=17]AGaming+[/size][/b][/color]\n[b][color=#245BA3][u]➥ Разрешения экрана:[/u][/color][/b] [color=#666666][color=#EB8100][b][font="Comic Sans MS"][size=17]Любое[/size][/font][/b][/color][/color]\n[b][color=#245BA3][u]➥ Системные требования:[/u][/color][/b] [color=#666666][font="Georgia"][color=#EE1B5A][b][size=17]Android 2.3+[/size][/b][/color][/font][/color]\n[b][color=#245BA3][u]➥ Язык интерфейса:[u][/color][/b] [color=#00EB02][b][size=17]ENG[/size][/b] [/color]\n[b][color=#245BA3][u]➥ Таблэтка:[u][/color][/b] [color=#4D00B8][b][size=17]Не требуется[/size][/b][/color]\n[b][color=#245BA3][u]➥ Тип установщика:[u][/color][/b] [color=#B83000][b][size=17]Apk[/size][/b][/color]\n[b][color=#245BA3][u]➥ Цена в Google Play:[u][/color][/b] [color=#666666][font="Georgia"][b][color=#EB0005][size=17]25р[/size][/color][/b][/font][/color]\n[hr]\n[color=#245BA3][b][u]➥[u][/b][/color]  [img]https://alltor.me/pictures/d3d75ca660feec88e8f8cced13e429a7.png[/img] [img]https://alltor.me/pictures/4b8419beb8cff438f5a76013556a8c5e.png[/img] [img]https://alltor.me/pictures/c61e028d93e8ca640bd6ca232d397fe0.png[/img] [img]https://alltor.me/pictures/3d33242e8a4deebff4d6303219c3e55f.png[/img]\n[url=https://play.google.com/store/apps/details?id=com.agaming.hospital][img]http://img.uz/d/2018/07/5b5f529e71989.png[/img][/url][/align][hr]\n[b] [color=#245BA3]➥ Описание:[/color][/b]\n[color=#404441]Mental Hospital: Eastern Bloc - игра на андроид, в которой вы попадете в заброшенную психиатрическую больницу, и будете блуждать там в полной темноте. Вам захочется поскорее выбраться от туда, но сделать это можно будет только, после того как вы полностью исследуете всю больницу. Но вы еще не знаете что творится за этими зловещими стенами, так что быстрее ищите выход из больницы.\n[spoiler="Порядок установки:"]\n[color=darkred]1) Установить APK\n2) Скопировать папку кэша в [b]SD/ Android/obb /[/b]\nЕсли у вас нет этой папки, создайте ее при помощи любого файлового менеджера\n3) В итоге получится[/color] [b][color=darkred]SD/ Android/obb / [/color][color=red]папка_кэша[/color][color=darkred]/файлы[/color][/b]\n[color=darkred]4) Запустить приложение[/color]\n[/spoiler]\n[/color][/size][/font]\n[hr][align=center]\n[img]https://alltor.me/pictures/2ede6902f233d0863d6537cd65830648.jpg[/img]\n[/align]\n[align=center]\n[thumb]https://img.alltor.me/img/2018-10/28/535d5mxh7slv0w1a0g2p85a06.jpg[/thumb]\n[thumb]https://img.alltor.me/img/2018-10/28/fh2c3r7vlapxuf0fv7fuc802a.jpg[/thumb]\n[thumb]https://img.alltor.me/img/2018-10/28/0wfgoh06euhea63yq9xvdisj4.jpg[/thumb]\n[/align]\n[/spoiler]\n[hr]\n[spoiler="Mental Hospital II"]\n[size=28][align=center][b] [font="Georgia"][color=#245BA3]⋘ Mental Hospital II ⋙[/color][/font][/b][/align][/size]\n[hr]\n\n[img=right]https://img.alltor.me/img/2018-10/28/czm3ugm0zks1vpz76pt8bg3u4.png[/img]\n\n[font="Century Gothic"][size=13][b][color=#245BA3][u]➥ Год выпуска:[u][/color][/b] [color=#666666][font="Georgia"][b][color=#EB0005][size=17]24.02.2016[/size][/color][/b][/font][/color]\n[b][color=#245BA3][u]➥ Жанр:[u][/color][/b] [color=green][b][size=17]Хорроры[/size][/b][/color]\n[b][color=#245BA3][u]➥ Версия:[u][/color][/b] [color=#9500EB][font="Georgia"][b][size=17]v1.01.17[/size][/b][/font][/color]\n[b][color=#245BA3][u]➥ Интернет:[/u][/color][/b] [color=#666666][font="Georgia"][color=#EE1B5A][b][size=17]Нет[/size][/b][/color][/font][/color]\n[b][color=#245BA3][u]➥ Разработчик:[/u][/color][/b][color=#404441] [b][size=17]AGaming+[/size][/b][/color]\n[b][color=#245BA3][u]➥ Разрешения экрана:[/u][/color][/b] [color=#666666][color=#EB8100][b][font="Comic Sans MS"][size=17]Любое[/size][/font][/b][/color][/color]\n[b][color=#245BA3][u]➥ Системные требования:[/u][/color][/b] [color=#666666][font="Georgia"][color=#EE1B5A][b][size=17]Android 4.0+[/size][/b][/color][/font][/color]\n[b][color=#245BA3][u]➥ Язык интерфейса:[u][/color][/b] [color=#00EB02][b][size=17]RUS[/size][/b] [/color]\n[b][color=#245BA3][u]➥ Таблэтка:[u][/color][/b] [color=#4D00B8][b][size=17]Не требуется[/size][/b][/color]\n[b][color=#245BA3][u]➥ Тип установщика:[u][/color][/b] [color=#B83000][b][size=17]Apk[/size][/b][/color]\n[b][color=#245BA3][u]➥ Цена в Google Play:[u][/color][/b] [color=#666666][font="Georgia"][b][color=#EB0005][size=17]Бесплатно[/size][/color][/b][/font][/color]\n[hr]\n[color=#245BA3][b][u]➥[u][/b][/color]  [img]https://alltor.me/pictures/d3d75ca660feec88e8f8cced13e429a7.png[/img] [img]https://alltor.me/pictures/4b8419beb8cff438f5a76013556a8c5e.png[/img] [img]https://alltor.me/pictures/c61e028d93e8ca640bd6ca232d397fe0.png[/img] [img]https://alltor.me/pictures/3d33242e8a4deebff4d6303219c3e55f.png[/img]\n[url=https://play.google.com/store/apps/details?id=com.agaming.mentalhospitallite&amp;hl=en][img]http://img.uz/d/2018/07/5b5f529e71989.png[/img][/url][/align][hr]\n[b] [color=#245BA3]➥ Описание:[/color][/b]\n[color=#404441]Mental Hospital II – вторая часть захватывающего хоррора на андроид, где вам предстоит провести репортера по темным коридорам психиатрической больницы. Наш герой решил снять репортаж про заброшенную больницу и отправился исследовать ее, блуждая по мрачным комнатам и коридорам здания. Исследуйте все помещения и собирайте нужные вам ключи, чтобы открыть все двери и выбраться на свободу. Внимательно и осторожно открывайте все двери и остерегайтесь встречи с призраками и монстрами, которые преследуют героя, как только он попал в здание. Не позволяйте призракам приблизиться к репортеру и навредить ему. Для полного погружения в игру играйте в полной темноте и в наушниках.\n[spoiler="Порядок установки:"]\n[color=darkred]1) Установить APK\n2) Скопировать папку кэша в [b]SD/ Android/obb /[/b]\nЕсли у вас нет этой папки, создайте ее при помощи любого файлового менеджера\n3) В итоге получится[/color] [b][color=darkred]SD/ Android/obb / [/color][color=red]папка_кэша[/color][color=darkred]/файлы[/color][/b]\n[color=darkred]4) Запустить приложение[/color]\n[/spoiler]\n[/color][/size][/font]\n[hr][align=center]\n[img]https://alltor.me/pictures/2ede6902f233d0863d6537cd65830648.jpg[/img]\n[/align]\n[align=center]\n[thumb]https://img.alltor.me/img/2018-10/28/40fvi5vy0wfnmctyr0fhmj0g7.jpg[/thumb]\n[thumb]https://img.alltor.me/img/2018-10/28/kuipetjdy6mtqatdg8piqezpj.jpg[/thumb]\n[thumb]https://img.alltor.me/img/2018-10/28/82t89qhsyxwi8183drjdamk83.jpg[/thumb]\n[/align]\n[/spoiler]\n[hr]\n[spoiler="Mental Hospital III"]\n[size=28][align=center][b] [font="Georgia"][color=#245BA3]⋘ Mental Hospital III ⋙[/color][/font][/b][/align][/size]\n[hr]\n\n[img=right]https://img.alltor.me/img/2018-10/28/yd9lqdizt5nt0vg1tpwyjba03.png[/img]\n\n[font="Century Gothic"][size=13][b][color=#245BA3][u]➥ Год выпуска:[u][/color][/b] [color=#666666][font="Georgia"][b][color=#EB0005][size=17]27.08.2017[/size][/color][/b][/font][/color]\n[b][color=#245BA3][u]➥ Жанр:[u][/color][/b] [color=green][b][size=17]Хорроры[/size][/b][/color]\n[b][color=#245BA3][u]➥ Версия:[u][/color][/b] [color=#9500EB][font="Georgia"][b][size=17]v1.01.02[/size][/b][/font][/color]\n[b][color=#245BA3][u]➥ Интернет:[/u][/color][/b] [color=#666666][font="Georgia"][color=#EE1B5A][b][size=17]Нет[/size][/b][/color][/font][/color]\n[b][color=#245BA3][u]➥ Разработчик:[/u][/color][/b][color=#404441] [b][size=17]AGaming+[/size][/b][/color]\n[b][color=#245BA3][u]➥ Разрешения экрана:[/u][/color][/b] [color=#666666][color=#EB8100][b][font="Comic Sans MS"][size=17]Любое[/size][/font][/b][/color][/color]\n[b][color=#245BA3][u]➥ Системные требования:[/u][/color][/b] [color=#666666][font="Georgia"][color=#EE1B5A][b][size=17]Android 4.2+[/size][/b][/color][/font][/color]\n[b][color=#245BA3][u]➥ Язык интерфейса:[u][/color][/b] [color=#00EB02][b][size=17]RUS[/size][/b] [/color]\n[b][color=#245BA3][u]➥ Таблэтка:[u][/color][/b] [color=#4D00B8][b][size=17]Не требуется[/size][/b][/color]\n[b][color=#245BA3][u]➥ Тип установщика:[u][/color][/b] [color=#B83000][b][size=17]Apk[/size][/b][/color]\n[b][color=#245BA3][u]➥ Цена в Google Play:[u][/color][/b] [color=#666666][font="Georgia"][b][color=#EB0005][size=17]15р[/size][/color][/b][/font][/color]\n[hr]\n[color=#245BA3][b][u]➥[u][/b][/color]  [img]https://alltor.me/pictures/d3d75ca660feec88e8f8cced13e429a7.png[/img] [img]https://alltor.me/pictures/4b8419beb8cff438f5a76013556a8c5e.png[/img] [img]https://alltor.me/pictures/c61e028d93e8ca640bd6ca232d397fe0.png[/img] [img]https://alltor.me/pictures/3d33242e8a4deebff4d6303219c3e55f.png[/img]\n[url=https://play.google.com/store/apps/details?id=com.agaming.mentalhospitaliii][img]http://img.uz/d/2018/07/5b5f529e71989.png[/img][/url][/align][hr]\n[b] [color=#245BA3]➥ Описание:[/color][/b]\n[color=#404441]Mental Hospital III - ужасающий хоррор на Андроид, где вам предстоит исследовать всю психбольницу и найти выход из нее. История началась с того что вам как журналисту предложили снять захват больницы в которой проводятся незаконные опыты над больными. Вы сразу согласились, ведь это казалось так легко, но на деле это было не так. Ваш день не задался с самого начала, проблемы в редакции, ужасная погода и машина не хотела вас слушаться, глохла на каждом повороте, из-за этого вы опоздали. Добравшись до больницы, на месте уже ни кого не было и вы решили сами пробраться вовнутрь, чтобы хоть немножко заснять информации. Эта была плохая идея и теперь вашей задачей будет выбраться от туда живым.\n[spoiler="Порядок установки:"]\n[color=darkred]1) Установить APK\n2) Скопировать папку кэша в [b]SD/ Android/obb /[/b]\nЕсли у вас нет этой папки, создайте ее при помощи любого файлового менеджера\n3) В итоге получится[/color] [b][color=darkred]SD/ Android/obb / [/color][color=red]папка_кэша[/color][color=darkred]/файлы[/color][/b]\n[color=darkred]4) Запустить приложение[/color]\n[/spoiler]\n[/color][/size][/font]\n[hr][align=center]\n[img]https://alltor.me/pictures/2ede6902f233d0863d6537cd65830648.jpg[/img]\n[/align]\n[align=center]\n[thumb]https://img.alltor.me/img/2018-10/28/1j95nih2uxuq8oiwnywyudvre.jpg[/thumb]\n[thumb]https://img.alltor.me/img/2018-10/28/8ad5swv2upf3x7nkr4i6c5j1r.jpg[/thumb]\n[thumb]https://img.alltor.me/img/2018-10/28/8lus4zq43lmo7e0mj20gfkx0t.jpg[/thumb]\n[/align]\n[/spoiler]\n[hr]\n[spoiler="Mental Hospital IV"]\n[size=28][align=center][b] [font="Georgia"][color=#245BA3]⋘ Mental Hospital IV ⋙[/color][/font][/b][/align][/size]\n[hr]\n\n[img=right]https://img.alltor.me/img/2018-10/28/83ga5fa32cgzs3d0muaslc2nm.jpg[/img]\n\n[font="Century Gothic"][size=13][b][color=#245BA3][u]➥ Год выпуска:[u][/color][/b] [color=#666666][font="Georgia"][b][color=#EB0005][size=17]22.03.2016[/size][/color][/b][/font][/color]\n[b][color=#245BA3][u]➥ Жанр:[u][/color][/b] [color=green][b][size=17]Хорроры[/size][/b][/color]\n[b][color=#245BA3][u]➥ Версия:[u][/color][/b] [color=#9500EB][font="Georgia"][b][size=17]v1.07[/size][/b][/font][/color]\n[b][color=#245BA3][u]➥ Интернет:[/u][/color][/b] [color=#666666][font="Georgia"][color=#EE1B5A][b][size=17]Нет[/size][/b][/color][/font][/color]\n[b][color=#245BA3][u]➥ Разработчик:[/u][/color][/b][color=#404441] [b][size=17]AGaming+[/size][/b][/color]\n[b][color=#245BA3][u]➥ Разрешения экрана:[/u][/color][/b] [color=#666666][color=#EB8100][b][font="Comic Sans MS"][size=17]Любое[/size][/font][/b][/color][/color]\n[b][color=#245BA3][u]➥ Системные требования:[/u][/color][/b] [color=#666666][font="Georgia"][color=#EE1B5A][b][size=17]Android 4.0+[/size][/b][/color][/font][/color]\n[b][color=#245BA3][u]➥ Язык интерфейса:[u][/color][/b] [color=#00EB02][b][size=17]RUS[/size][/b] [/color]\n[b][color=#245BA3][u]➥ Таблэтка:[u][/color][/b] [color=#4D00B8][b][size=17]Не требуется[/size][/b][/color]\n[b][color=#245BA3][u]➥ Тип установщика:[u][/color][/b] [color=#B83000][b][size=17]Apk[/size][/b][/color]\n[b][color=#245BA3][u]➥ Цена в Google Play:[u][/color][/b] [color=#666666][font="Georgia"][b][color=#EB0005][size=17]25р[/size][/color][/b][/font][/color]\n[hr]\n[color=#245BA3][b][u]➥[u][/b][/color]  [img]https://alltor.me/pictures/d3d75ca660feec88e8f8cced13e429a7.png[/img] [img]https://alltor.me/pictures/4b8419beb8cff438f5a76013556a8c5e.png[/img] [img]https://alltor.me/pictures/c61e028d93e8ca640bd6ca232d397fe0.png[/img] [img]https://alltor.me/pictures/3d33242e8a4deebff4d6303219c3e55f.png[/img]\n[url=https://play.google.com/store/apps/details?id=com.agaming.mentalhospitaliv][img]http://img.uz/d/2018/07/5b5f529e71989.png[/img][/url][/align][hr]\n[b] [color=#245BA3]➥ Описание:[/color][/b]\n[color=#404441]Mental Hospital IV - И снова всеми любимый ужастик на андроид. Разработчики игры предлагают игроком снова окунутся в таинственную и зловещую атмосферу заброшенных зданий, прогуляться по темным коридорам и разгадать пару загадок. История этой серии игры начинается спустя некоторое время после нашумевших событий третей части этой игры. Полиция как всегда не может найти какие-либо зацепки, газеты предпочитали молчать, а нашему герою не давала покоя история, случившаяся в больнице Святого Петра. Но вскоре появилась не большая надежда разобраться во всем этом. Неизвестный человек, позвонив по телефону, сказал что у него есть важная информация и расскажет при личной встрече. И вы отправляетесь к больнице Святого Петра...\n[spoiler="Порядок установки:"]\n[color=darkred]1) Установить APK\n2) Скопировать папку кэша в [b]SD/ Android/obb /[/b]\nЕсли у вас нет этой папки, создайте ее при помощи любого файлового менеджера\n3) В итоге получится[/color] [b][color=darkred]SD/ Android/obb / [/color][color=red]папка_кэша[/color][color=darkred]/файлы[/color][/b]\n[color=darkred]4) Запустить приложение[/color]\n[/spoiler]\n[/color][/size][/font]\n[hr][align=center]\n[img]https://alltor.me/pictures/2ede6902f233d0863d6537cd65830648.jpg[/img]\n[/align]\n[align=center]\n[thumb]https://img.alltor.me/img/2018-10/28/wi27hzkmxlbyj8pesvxmfgvf6.jpg[/thumb]\n[thumb]https://img.alltor.me/img/2018-10/28/5lsyc2lkshris5646td40ilu6.jpg[/thumb]\n[thumb]https://img.alltor.me/img/2018-10/28/y1cj68ehp4jheu1mb9675y3o3.jpg[/thumb]\n[/align]\n[/spoiler]\n[hr]\n[spoiler="Mental Hospital V"]\n[size=28][align=center][b] [font="Georgia"][color=#245BA3]⋘ Mental Hospital V ⋙[/color][/font][/b][/align][/size]\n[hr]\n\n[img=right]https://img.alltor.me/img/2018-10/28/ex3ihkam7ca0ekov7uxafhfi7.png[/img]\n\n[font="Century Gothic"][size=13][b][color=#245BA3][u]➥ Год выпуска:[u][/color][/b] [color=#666666][font="Georgia"][b][color=#EB0005][size=17]21.11.2016[/size][/color][/b][/font][/color]\n[b][color=#245BA3][u]➥ Жанр:[u][/color][/b] [color=green][b][size=17]Хорроры[/size][/b][/color]\n[b][color=#245BA3][u]➥ Версия:[u][/color][/b] [color=#9500EB][font="Georgia"][b][size=17]v1.04[/size][/b][/font][/color]\n[b][color=#245BA3][u]➥ Интернет:[/u][/color][/b] [color=#666666][font="Georgia"][color=#EE1B5A][b][size=17]Нет[/size][/b][/color][/font][/color]\n[b][color=#245BA3][u]➥ Разработчик:[/u][/color][/b][color=#404441] [b][size=17]AGaming+[/size][/b][/color]\n[b][color=#245BA3][u]➥ Разрешения экрана:[/u][/color][/b] [color=#666666][color=#EB8100][b][font="Comic Sans MS"][size=17]Любое[/size][/font][/b][/color][/color]\n[b][color=#245BA3][u]➥ Системные требования:[/u][/color][/b] [color=#666666][font="Georgia"][color=#EE1B5A][b][size=17]Android 4.2+[/size][/b][/color][/font][/color]\n[b][color=#245BA3][u]➥ Язык интерфейса:[u][/color][/b] [color=#00EB02][b][size=17]RUS[/size][/b] [/color]\n[b][color=#245BA3][u]➥ Таблэтка:[u][/color][/b] [color=#4D00B8][b][size=17]Не требуется[/size][/b][/color]\n[b][color=#245BA3][u]➥ Тип установщика:[u][/color][/b] [color=#B83000][b][size=17]Apk[/size][/b][/color]\n[b][color=#245BA3][u]➥ Цена в Google Play:[u][/color][/b] [color=#666666][font="Georgia"][b][color=#EB0005][size=17]15р[/size][/color][/b][/font][/color]\n[hr]\n[color=#245BA3][b][u]➥[u][/b][/color]  [img]https://alltor.me/pictures/d3d75ca660feec88e8f8cced13e429a7.png[/img] [img]https://alltor.me/pictures/4b8419beb8cff438f5a76013556a8c5e.png[/img] [img]https://alltor.me/pictures/c61e028d93e8ca640bd6ca232d397fe0.png[/img] [img]https://alltor.me/pictures/3d33242e8a4deebff4d6303219c3e55f.png[/img]\n[url=https://play.google.com/store/apps/details?id=com.agaming.mentalhospitalV][img]http://img.uz/d/2018/07/5b5f529e71989.png[/img][/url][/align][hr]\n[b] [color=#245BA3]➥ Описание:[/color][/b]\n[color=#404441]Mental Hospital V – хоррор от первого лица на андроид, где вы будете исследовать психиатрическую лечебницу. Запутанная история этой игры начинается с того что журналист по имени Марк бесследно исчезает в психиатрической больнице, а всю группу людей участвующую в проекте находят мертвую. Для того чтобы найти Марка в больницу приезжает его брат которому выпадет непростая учесть исследовать мрачные и темные помещения здания и раскрыть все тайны. В этой игре вы узнаете, кто такая Элис и сделаете решающий выбор спасти жизнь брата или свою собственную. Найдите выход из этой пугающей и опасной ситуации и сделайте выбор.\n[spoiler="Порядок установки:"]\n[color=darkred]1) Установить APK\n2) Скопировать папку кэша в [b]SD/ Android/obb /[/b]\nЕсли у вас нет этой папки, создайте ее при помощи любого файлового менеджера\n3) В итоге получится[/color] [b][color=darkred]SD/ Android/obb / [/color][color=red]папка_кэша[/color][color=darkred]/файлы[/color][/b]\n[color=darkred]4) Запустить приложение[/color]\n[/spoiler]\n[/color][/size][/font]\n[hr][align=center]\n[img]https://alltor.me/pictures/2ede6902f233d0863d6537cd65830648.jpg[/img]\n[/align]\n[align=center]\n[thumb]https://img.alltor.me/img/2018-10/28/clh1ko7gshg7pu3t6wcn65kmu.jpg[/thumb]\n[thumb]https://img.alltor.me/img/2018-10/28/ipm6jogrv73a49sbfoq1haw4c.jpg[/thumb]\n[thumb]https://img.alltor.me/img/2018-10/28/0z8jbrsq5n1iti4qa5j0mke21.jpg[/thumb]\n[/align]\n[/spoiler]\n[hr]'),
(41, '[hr]\n[align=center][img]https://img.alltor.me/img/2018-10/28/nhu40itcvf6dvtj102sh6i8iu.png[/img][/align]\n[hr]\n[spoiler="Mental Hospital: Eastern Bloc"]\n[size=28][align=center][b] [font="Georgia"][color=#245BA3]⋘ Mental Hospital: Eastern Bloc ⋙[/color][/font][/b][/align][/size]\n[hr]\n\n[img=right]https://img.alltor.me/img/2018-10/28/4y7umv30qc4mepxynktmj6hid.png[/img]\n\n[font="Century Gothic"][size=13][b][color=#245BA3][u]➥ Год выпуска:[u][/color][/b] [color=#666666][font="Georgia"][b][color=#EB0005][size=17]08.05.2015[/size][/color][/b][/font][/color]\n[b][color=#245BA3][u]➥ Жанр:[u][/color][/b] [color=green][b][size=17]Хорроры[/size][/b][/color]\n[b][color=#245BA3][u]➥ Версия:[u][/color][/b] [color=#9500EB][font="Georgia"][b][size=17]v2.05.99[/size][/b][/font][/color]\n[b][color=#245BA3][u]➥ Интернет:[/u][/color][/b] [color=#666666][font="Georgia"][color=#EE1B5A][b][size=17]Нет[/size][/b][/color][/font][/color]\n[b][color=#245BA3][u]➥ Разработчик:[/u][/color][/b][color=#404441] [b][size=17]AGaming+[/size][/b][/color]\n[b][color=#245BA3][u]➥ Разрешения экрана:[/u][/color][/b] [color=#666666][color=#EB8100][b][font="Comic Sans MS"][size=17]Любое[/size][/font][/b][/color][/color]\n[b][color=#245BA3][u]➥ Системные требования:[/u][/color][/b] [color=#666666][font="Georgia"][color=#EE1B5A][b][size=17]Android 2.3+[/size][/b][/color][/font][/color]\n[b][color=#245BA3][u]➥ Язык интерфейса:[u][/color][/b] [color=#00EB02][b][size=17]ENG[/size][/b] [/color]\n[b][color=#245BA3][u]➥ Таблэтка:[u][/color][/b] [color=#4D00B8][b][size=17]Не требуется[/size][/b][/color]\n[b][color=#245BA3][u]➥ Тип установщика:[u][/color][/b] [color=#B83000][b][size=17]Apk[/size][/b][/color]\n[b][color=#245BA3][u]➥ Цена в Google Play:[u][/color][/b] [color=#666666][font="Georgia"][b][color=#EB0005][size=17]25р[/size][/color][/b][/font][/color]\n[hr]\n[color=#245BA3][b][u]➥[u][/b][/color]  [img]https://alltor.me/pictures/d3d75ca660feec88e8f8cced13e429a7.png[/img] [img]https://alltor.me/pictures/4b8419beb8cff438f5a76013556a8c5e.png[/img] [img]https://alltor.me/pictures/c61e028d93e8ca640bd6ca232d397fe0.png[/img] [img]https://alltor.me/pictures/3d33242e8a4deebff4d6303219c3e55f.png[/img]\n[url=https://play.google.com/store/apps/details?id=com.agaming.hospital][img]http://img.uz/d/2018/07/5b5f529e71989.png[/img][/url][/align][hr]\n[b] [color=#245BA3]➥ Описание:[/color][/b]\n[color=#404441]Mental Hospital: Eastern Bloc - игра на андроид, в которой вы попадете в заброшенную психиатрическую больницу, и будете блуждать там в полной темноте. Вам захочется поскорее выбраться от туда, но сделать это можно будет только, после того как вы полностью исследуете всю больницу. Но вы еще не знаете что творится за этими зловещими стенами, так что быстрее ищите выход из больницы.\n[spoiler="Порядок установки:"]\n[color=darkred]1) Установить APK\n2) Скопировать папку кэша в [b]SD/ Android/obb /[/b]\nЕсли у вас нет этой папки, создайте ее при помощи любого файлового менеджера\n3) В итоге получится[/color] [b][color=darkred]SD/ Android/obb / [/color][color=red]папка_кэша[/color][color=darkred]/файлы[/color][/b]\n[color=darkred]4) Запустить приложение[/color]\n[/spoiler]\n[/color][/size][/font]\n[hr][align=center]\n[img]https://alltor.me/pictures/2ede6902f233d0863d6537cd65830648.jpg[/img]\n[/align]\n[align=center]\n[thumb]https://img.alltor.me/img/2018-10/28/535d5mxh7slv0w1a0g2p85a06.jpg[/thumb]\n[thumb]https://img.alltor.me/img/2018-10/28/fh2c3r7vlapxuf0fv7fuc802a.jpg[/thumb]\n[thumb]https://img.alltor.me/img/2018-10/28/0wfgoh06euhea63yq9xvdisj4.jpg[/thumb]\n[/align]\n[/spoiler]\n[hr]\n[spoiler="Mental Hospital II"]\n[size=28][align=center][b] [font="Georgia"][color=#245BA3]⋘ Mental Hospital II ⋙[/color][/font][/b][/align][/size]\n[hr]\n\n[img=right]https://img.alltor.me/img/2018-10/28/czm3ugm0zks1vpz76pt8bg3u4.png[/img]\n\n[font="Century Gothic"][size=13][b][color=#245BA3][u]➥ Год выпуска:[u][/color][/b] [color=#666666][font="Georgia"][b][color=#EB0005][size=17]24.02.2016[/size][/color][/b][/font][/color]\n[b][color=#245BA3][u]➥ Жанр:[u][/color][/b] [color=green][b][size=17]Хорроры[/size][/b][/color]\n[b][color=#245BA3][u]➥ Версия:[u][/color][/b] [color=#9500EB][font="Georgia"][b][size=17]v1.01.17[/size][/b][/font][/color]\n[b][color=#245BA3][u]➥ Интернет:[/u][/color][/b] [color=#666666][font="Georgia"][color=#EE1B5A][b][size=17]Нет[/size][/b][/color][/font][/color]\n[b][color=#245BA3][u]➥ Разработчик:[/u][/color][/b][color=#404441] [b][size=17]AGaming+[/size][/b][/color]\n[b][color=#245BA3][u]➥ Разрешения экрана:[/u][/color][/b] [color=#666666][color=#EB8100][b][font="Comic Sans MS"][size=17]Любое[/size][/font][/b][/color][/color]\n[b][color=#245BA3][u]➥ Системные требования:[/u][/color][/b] [color=#666666][font="Georgia"][color=#EE1B5A][b][size=17]Android 4.0+[/size][/b][/color][/font][/color]\n[b][color=#245BA3][u]➥ Язык интерфейса:[u][/color][/b] [color=#00EB02][b][size=17]RUS[/size][/b] [/color]\n[b][color=#245BA3][u]➥ Таблэтка:[u][/color][/b] [color=#4D00B8][b][size=17]Не требуется[/size][/b][/color]\n[b][color=#245BA3][u]➥ Тип установщика:[u][/color][/b] [color=#B83000][b][size=17]Apk[/size][/b][/color]\n[b][color=#245BA3][u]➥ Цена в Google Play:[u][/color][/b] [color=#666666][font="Georgia"][b][color=#EB0005][size=17]Бесплатно[/size][/color][/b][/font][/color]\n[hr]\n[color=#245BA3][b][u]➥[u][/b][/color]  [img]https://alltor.me/pictures/d3d75ca660feec88e8f8cced13e429a7.png[/img] [img]https://alltor.me/pictures/4b8419beb8cff438f5a76013556a8c5e.png[/img] [img]https://alltor.me/pictures/c61e028d93e8ca640bd6ca232d397fe0.png[/img] [img]https://alltor.me/pictures/3d33242e8a4deebff4d6303219c3e55f.png[/img]\n[url=https://play.google.com/store/apps/details?id=com.agaming.mentalhospitallite&amp;hl=en][img]http://img.uz/d/2018/07/5b5f529e71989.png[/img][/url][/align][hr]\n[b] [color=#245BA3]➥ Описание:[/color][/b]\n[color=#404441]Mental Hospital II – вторая часть захватывающего хоррора на андроид, где вам предстоит провести репортера по темным коридорам психиатрической больницы. Наш герой решил снять репортаж про заброшенную больницу и отправился исследовать ее, блуждая по мрачным комнатам и коридорам здания. Исследуйте все помещения и собирайте нужные вам ключи, чтобы открыть все двери и выбраться на свободу. Внимательно и осторожно открывайте все двери и остерегайтесь встречи с призраками и монстрами, которые преследуют героя, как только он попал в здание. Не позволяйте призракам приблизиться к репортеру и навредить ему. Для полного погружения в игру играйте в полной темноте и в наушниках.\n[spoiler="Порядок установки:"]\n[color=darkred]1) Установить APK\n2) Скопировать папку кэша в [b]SD/ Android/obb /[/b]\nЕсли у вас нет этой папки, создайте ее при помощи любого файлового менеджера\n3) В итоге получится[/color] [b][color=darkred]SD/ Android/obb / [/color][color=red]папка_кэша[/color][color=darkred]/файлы[/color][/b]\n[color=darkred]4) Запустить приложение[/color]\n[/spoiler]\n[/color][/size][/font]\n[hr][align=center]\n[img]https://alltor.me/pictures/2ede6902f233d0863d6537cd65830648.jpg[/img]\n[/align]\n[align=center]\n[thumb]https://img.alltor.me/img/2018-10/28/40fvi5vy0wfnmctyr0fhmj0g7.jpg[/thumb]\n[thumb]https://img.alltor.me/img/2018-10/28/kuipetjdy6mtqatdg8piqezpj.jpg[/thumb]\n[thumb]https://img.alltor.me/img/2018-10/28/82t89qhsyxwi8183drjdamk83.jpg[/thumb]\n[/align]\n[/spoiler]\n[hr]\n[spoiler="Mental Hospital III"]\n[size=28][align=center][b] [font="Georgia"][color=#245BA3]⋘ Mental Hospital III ⋙[/color][/font][/b][/align][/size]\n[hr]\n\n[img=right]https://img.alltor.me/img/2018-10/28/yd9lqdizt5nt0vg1tpwyjba03.png[/img]\n\n[font="Century Gothic"][size=13][b][color=#245BA3][u]➥ Год выпуска:[u][/color][/b] [color=#666666][font="Georgia"][b][color=#EB0005][size=17]27.08.2017[/size][/color][/b][/font][/color]\n[b][color=#245BA3][u]➥ Жанр:[u][/color][/b] [color=green][b][size=17]Хорроры[/size][/b][/color]\n[b][color=#245BA3][u]➥ Версия:[u][/color][/b] [color=#9500EB][font="Georgia"][b][size=17]v1.01.02[/size][/b][/font][/color]\n[b][color=#245BA3][u]➥ Интернет:[/u][/color][/b] [color=#666666][font="Georgia"][color=#EE1B5A][b][size=17]Нет[/size][/b][/color][/font][/color]\n[b][color=#245BA3][u]➥ Разработчик:[/u][/color][/b][color=#404441] [b][size=17]AGaming+[/size][/b][/color]\n[b][color=#245BA3][u]➥ Разрешения экрана:[/u][/color][/b] [color=#666666][color=#EB8100][b][font="Comic Sans MS"][size=17]Любое[/size][/font][/b][/color][/color]\n[b][color=#245BA3][u]➥ Системные требования:[/u][/color][/b] [color=#666666][font="Georgia"][color=#EE1B5A][b][size=17]Android 4.2+[/size][/b][/color][/font][/color]\n[b][color=#245BA3][u]➥ Язык интерфейса:[u][/color][/b] [color=#00EB02][b][size=17]RUS[/size][/b] [/color]\n[b][color=#245BA3][u]➥ Таблэтка:[u][/color][/b] [color=#4D00B8][b][size=17]Не требуется[/size][/b][/color]\n[b][color=#245BA3][u]➥ Тип установщика:[u][/color][/b] [color=#B83000][b][size=17]Apk[/size][/b][/color]\n[b][color=#245BA3][u]➥ Цена в Google Play:[u][/color][/b] [color=#666666][font="Georgia"][b][color=#EB0005][size=17]15р[/size][/color][/b][/font][/color]\n[hr]\n[color=#245BA3][b][u]➥[u][/b][/color]  [img]https://alltor.me/pictures/d3d75ca660feec88e8f8cced13e429a7.png[/img] [img]https://alltor.me/pictures/4b8419beb8cff438f5a76013556a8c5e.png[/img] [img]https://alltor.me/pictures/c61e028d93e8ca640bd6ca232d397fe0.png[/img] [img]https://alltor.me/pictures/3d33242e8a4deebff4d6303219c3e55f.png[/img]\n[url=https://play.google.com/store/apps/details?id=com.agaming.mentalhospitaliii][img]http://img.uz/d/2018/07/5b5f529e71989.png[/img][/url][/align][hr]\n[b] [color=#245BA3]➥ Описание:[/color][/b]\n[color=#404441]Mental Hospital III - ужасающий хоррор на Андроид, где вам предстоит исследовать всю психбольницу и найти выход из нее. История началась с того что вам как журналисту предложили снять захват больницы в которой проводятся незаконные опыты над больными. Вы сразу согласились, ведь это казалось так легко, но на деле это было не так. Ваш день не задался с самого начала, проблемы в редакции, ужасная погода и машина не хотела вас слушаться, глохла на каждом повороте, из-за этого вы опоздали. Добравшись до больницы, на месте уже ни кого не было и вы решили сами пробраться вовнутрь, чтобы хоть немножко заснять информации. Эта была плохая идея и теперь вашей задачей будет выбраться от туда живым.\n[spoiler="Порядок установки:"]\n[color=darkred]1) Установить APK\n2) Скопировать папку кэша в [b]SD/ Android/obb /[/b]\nЕсли у вас нет этой папки, создайте ее при помощи любого файлового менеджера\n3) В итоге получится[/color] [b][color=darkred]SD/ Android/obb / [/color][color=red]папка_кэша[/color][color=darkred]/файлы[/color][/b]\n[color=darkred]4) Запустить приложение[/color]\n[/spoiler]\n[/color][/size][/font]\n[hr][align=center]\n[img]https://alltor.me/pictures/2ede6902f233d0863d6537cd65830648.jpg[/img]\n[/align]\n[align=center]\n[thumb]https://img.alltor.me/img/2018-10/28/1j95nih2uxuq8oiwnywyudvre.jpg[/thumb]\n[thumb]https://img.alltor.me/img/2018-10/28/8ad5swv2upf3x7nkr4i6c5j1r.jpg[/thumb]\n[thumb]https://img.alltor.me/img/2018-10/28/8lus4zq43lmo7e0mj20gfkx0t.jpg[/thumb]\n[/align]\n[/spoiler]\n[hr]\n[spoiler="Mental Hospital IV"]\n[size=28][align=center][b] [font="Georgia"][color=#245BA3]⋘ Mental Hospital IV ⋙[/color][/font][/b][/align][/size]\n[hr]\n\n[img=right]https://img.alltor.me/img/2018-10/28/83ga5fa32cgzs3d0muaslc2nm.jpg[/img]\n\n[font="Century Gothic"][size=13][b][color=#245BA3][u]➥ Год выпуска:[u][/color][/b] [color=#666666][font="Georgia"][b][color=#EB0005][size=17]22.03.2016[/size][/color][/b][/font][/color]\n[b][color=#245BA3][u]➥ Жанр:[u][/color][/b] [color=green][b][size=17]Хорроры[/size][/b][/color]\n[b][color=#245BA3][u]➥ Версия:[u][/color][/b] [color=#9500EB][font="Georgia"][b][size=17]v1.07[/size][/b][/font][/color]\n[b][color=#245BA3][u]➥ Интернет:[/u][/color][/b] [color=#666666][font="Georgia"][color=#EE1B5A][b][size=17]Нет[/size][/b][/color][/font][/color]\n[b][color=#245BA3][u]➥ Разработчик:[/u][/color][/b][color=#404441] [b][size=17]AGaming+[/size][/b][/color]\n[b][color=#245BA3][u]➥ Разрешения экрана:[/u][/color][/b] [color=#666666][color=#EB8100][b][font="Comic Sans MS"][size=17]Любое[/size][/font][/b][/color][/color]\n[b][color=#245BA3][u]➥ Системные требования:[/u][/color][/b] [color=#666666][font="Georgia"][color=#EE1B5A][b][size=17]Android 4.0+[/size][/b][/color][/font][/color]\n[b][color=#245BA3][u]➥ Язык интерфейса:[u][/color][/b] [color=#00EB02][b][size=17]RUS[/size][/b] [/color]\n[b][color=#245BA3][u]➥ Таблэтка:[u][/color][/b] [color=#4D00B8][b][size=17]Не требуется[/size][/b][/color]\n[b][color=#245BA3][u]➥ Тип установщика:[u][/color][/b] [color=#B83000][b][size=17]Apk[/size][/b][/color]\n[b][color=#245BA3][u]➥ Цена в Google Play:[u][/color][/b] [color=#666666][font="Georgia"][b][color=#EB0005][size=17]25р[/size][/color][/b][/font][/color]\n[hr]\n[color=#245BA3][b][u]➥[u][/b][/color]  [img]https://alltor.me/pictures/d3d75ca660feec88e8f8cced13e429a7.png[/img] [img]https://alltor.me/pictures/4b8419beb8cff438f5a76013556a8c5e.png[/img] [img]https://alltor.me/pictures/c61e028d93e8ca640bd6ca232d397fe0.png[/img] [img]https://alltor.me/pictures/3d33242e8a4deebff4d6303219c3e55f.png[/img]\n[url=https://play.google.com/store/apps/details?id=com.agaming.mentalhospitaliv][img]http://img.uz/d/2018/07/5b5f529e71989.png[/img][/url][/align][hr]\n[b] [color=#245BA3]➥ Описание:[/color][/b]\n[color=#404441]Mental Hospital IV - И снова всеми любимый ужастик на андроид. Разработчики игры предлагают игроком снова окунутся в таинственную и зловещую атмосферу заброшенных зданий, прогуляться по темным коридорам и разгадать пару загадок. История этой серии игры начинается спустя некоторое время после нашумевших событий третей части этой игры. Полиция как всегда не может найти какие-либо зацепки, газеты предпочитали молчать, а нашему герою не давала покоя история, случившаяся в больнице Святого Петра. Но вскоре появилась не большая надежда разобраться во всем этом. Неизвестный человек, позвонив по телефону, сказал что у него есть важная информация и расскажет при личной встрече. И вы отправляетесь к больнице Святого Петра...\n[spoiler="Порядок установки:"]\n[color=darkred]1) Установить APK\n2) Скопировать папку кэша в [b]SD/ Android/obb /[/b]\nЕсли у вас нет этой папки, создайте ее при помощи любого файлового менеджера\n3) В итоге получится[/color] [b][color=darkred]SD/ Android/obb / [/color][color=red]папка_кэша[/color][color=darkred]/файлы[/color][/b]\n[color=darkred]4) Запустить приложение[/color]\n[/spoiler]\n[/color][/size][/font]\n[hr][align=center]\n[img]https://alltor.me/pictures/2ede6902f233d0863d6537cd65830648.jpg[/img]\n[/align]\n[align=center]\n[thumb]https://img.alltor.me/img/2018-10/28/wi27hzkmxlbyj8pesvxmfgvf6.jpg[/thumb]\n[thumb]https://img.alltor.me/img/2018-10/28/5lsyc2lkshris5646td40ilu6.jpg[/thumb]\n[thumb]https://img.alltor.me/img/2018-10/28/y1cj68ehp4jheu1mb9675y3o3.jpg[/thumb]\n[/align]\n[/spoiler]\n[hr]\n[spoiler="Mental Hospital V"]\n[size=28][align=center][b] [font="Georgia"][color=#245BA3]⋘ Mental Hospital V ⋙[/color][/font][/b][/align][/size]\n[hr]\n\n[img=right]https://img.alltor.me/img/2018-10/28/ex3ihkam7ca0ekov7uxafhfi7.png[/img]\n\n[font="Century Gothic"][size=13][b][color=#245BA3][u]➥ Год выпуска:[u][/color][/b] [color=#666666][font="Georgia"][b][color=#EB0005][size=17]21.11.2016[/size][/color][/b][/font][/color]\n[b][color=#245BA3][u]➥ Жанр:[u][/color][/b] [color=green][b][size=17]Хорроры[/size][/b][/color]\n[b][color=#245BA3][u]➥ Версия:[u][/color][/b] [color=#9500EB][font="Georgia"][b][size=17]v1.04[/size][/b][/font][/color]\n[b][color=#245BA3][u]➥ Интернет:[/u][/color][/b] [color=#666666][font="Georgia"][color=#EE1B5A][b][size=17]Нет[/size][/b][/color][/font][/color]\n[b][color=#245BA3][u]➥ Разработчик:[/u][/color][/b][color=#404441] [b][size=17]AGaming+[/size][/b][/color]\n[b][color=#245BA3][u]➥ Разрешения экрана:[/u][/color][/b] [color=#666666][color=#EB8100][b][font="Comic Sans MS"][size=17]Любое[/size][/font][/b][/color][/color]\n[b][color=#245BA3][u]➥ Системные требования:[/u][/color][/b] [color=#666666][font="Georgia"][color=#EE1B5A][b][size=17]Android 4.2+[/size][/b][/color][/font][/color]\n[b][color=#245BA3][u]➥ Язык интерфейса:[u][/color][/b] [color=#00EB02][b][size=17]RUS[/size][/b] [/color]\n[b][color=#245BA3][u]➥ Таблэтка:[u][/color][/b] [color=#4D00B8][b][size=17]Не требуется[/size][/b][/color]\n[b][color=#245BA3][u]➥ Тип установщика:[u][/color][/b] [color=#B83000][b][size=17]Apk[/size][/b][/color]\n[b][color=#245BA3][u]➥ Цена в Google Play:[u][/color][/b] [color=#666666][font="Georgia"][b][color=#EB0005][size=17]15р[/size][/color][/b][/font][/color]\n[hr]\n[color=#245BA3][b][u]➥[u][/b][/color]  [img]https://alltor.me/pictures/d3d75ca660feec88e8f8cced13e429a7.png[/img] [img]https://alltor.me/pictures/4b8419beb8cff438f5a76013556a8c5e.png[/img] [img]https://alltor.me/pictures/c61e028d93e8ca640bd6ca232d397fe0.png[/img] [img]https://alltor.me/pictures/3d33242e8a4deebff4d6303219c3e55f.png[/img]\n[url=https://play.google.com/store/apps/details?id=com.agaming.mentalhospitalV][img]http://img.uz/d/2018/07/5b5f529e71989.png[/img][/url][/align][hr]\n[b] [color=#245BA3]➥ Описание:[/color][/b]\n[color=#404441]Mental Hospital V – хоррор от первого лица на андроид, где вы будете исследовать психиатрическую лечебницу. Запутанная история этой игры начинается с того что журналист по имени Марк бесследно исчезает в психиатрической больнице, а всю группу людей участвующую в проекте находят мертвую. Для того чтобы найти Марка в больницу приезжает его брат которому выпадет непростая учесть исследовать мрачные и темные помещения здания и раскрыть все тайны. В этой игре вы узнаете, кто такая Элис и сделаете решающий выбор спасти жизнь брата или свою собственную. Найдите выход из этой пугающей и опасной ситуации и сделайте выбор.\n[spoiler="Порядок установки:"]\n[color=darkred]1) Установить APK\n2) Скопировать папку кэша в [b]SD/ Android/obb /[/b]\nЕсли у вас нет этой папки, создайте ее при помощи любого файлового менеджера\n3) В итоге получится[/color] [b][color=darkred]SD/ Android/obb / [/color][color=red]папка_кэша[/color][color=darkred]/файлы[/color][/b]\n[color=darkred]4) Запустить приложение[/color]\n[/spoiler]\n[/color][/size][/font]\n[hr][align=center]\n[img]https://alltor.me/pictures/2ede6902f233d0863d6537cd65830648.jpg[/img]\n[/align]\n[align=center]\n[thumb]https://img.alltor.me/img/2018-10/28/clh1ko7gshg7pu3t6wcn65kmu.jpg[/thumb]\n[thumb]https://img.alltor.me/img/2018-10/28/ipm6jogrv73a49sbfoq1haw4c.jpg[/thumb]\n[thumb]https://img.alltor.me/img/2018-10/28/0z8jbrsq5n1iti4qa5j0mke21.jpg[/thumb]\n[/align]\n[/spoiler]\n[hr]');
INSERT INTO `bb_posts_text` (`post_id`, `post_text`) VALUES
(42, '[hr]\n[align=center][img]https://img.alltor.me/img/2018-10/28/nhu40itcvf6dvtj102sh6i8iu.png[/img][/align]\n[hr]\n[spoiler="Mental Hospital: Eastern Bloc"]\n[size=28][align=center][b] [font="Georgia"][color=#245BA3]⋘ Mental Hospital: Eastern Bloc ⋙[/color][/font][/b][/align][/size]\n[hr]\n\n[img=right]https://img.alltor.me/img/2018-10/28/4y7umv30qc4mepxynktmj6hid.png[/img]\n\n[font="Century Gothic"][size=13][b][color=#245BA3][u]➥ Год выпуска:[u][/color][/b] [color=#666666][font="Georgia"][b][color=#EB0005][size=17]08.05.2015[/size][/color][/b][/font][/color]\n[b][color=#245BA3][u]➥ Жанр:[u][/color][/b] [color=green][b][size=17]Хорроры[/size][/b][/color]\n[b][color=#245BA3][u]➥ Версия:[u][/color][/b] [color=#9500EB][font="Georgia"][b][size=17]v2.05.99[/size][/b][/font][/color]\n[b][color=#245BA3][u]➥ Интернет:[/u][/color][/b] [color=#666666][font="Georgia"][color=#EE1B5A][b][size=17]Нет[/size][/b][/color][/font][/color]\n[b][color=#245BA3][u]➥ Разработчик:[/u][/color][/b][color=#404441] [b][size=17]AGaming+[/size][/b][/color]\n[b][color=#245BA3][u]➥ Разрешения экрана:[/u][/color][/b] [color=#666666][color=#EB8100][b][font="Comic Sans MS"][size=17]Любое[/size][/font][/b][/color][/color]\n[b][color=#245BA3][u]➥ Системные требования:[/u][/color][/b] [color=#666666][font="Georgia"][color=#EE1B5A][b][size=17]Android 2.3+[/size][/b][/color][/font][/color]\n[b][color=#245BA3][u]➥ Язык интерфейса:[u][/color][/b] [color=#00EB02][b][size=17]ENG[/size][/b] [/color]\n[b][color=#245BA3][u]➥ Таблэтка:[u][/color][/b] [color=#4D00B8][b][size=17]Не требуется[/size][/b][/color]\n[b][color=#245BA3][u]➥ Тип установщика:[u][/color][/b] [color=#B83000][b][size=17]Apk[/size][/b][/color]\n[b][color=#245BA3][u]➥ Цена в Google Play:[u][/color][/b] [color=#666666][font="Georgia"][b][color=#EB0005][size=17]25р[/size][/color][/b][/font][/color]\n[hr]\n[color=#245BA3][b][u]➥[u][/b][/color]  [img]https://alltor.me/pictures/d3d75ca660feec88e8f8cced13e429a7.png[/img] [img]https://alltor.me/pictures/4b8419beb8cff438f5a76013556a8c5e.png[/img] [img]https://alltor.me/pictures/c61e028d93e8ca640bd6ca232d397fe0.png[/img] [img]https://alltor.me/pictures/3d33242e8a4deebff4d6303219c3e55f.png[/img]\n[url=https://play.google.com/store/apps/details?id=com.agaming.hospital][img]http://img.uz/d/2018/07/5b5f529e71989.png[/img][/url][/align][hr]\n[b] [color=#245BA3]➥ Описание:[/color][/b]\n[color=#404441]Mental Hospital: Eastern Bloc - игра на андроид, в которой вы попадете в заброшенную психиатрическую больницу, и будете блуждать там в полной темноте. Вам захочется поскорее выбраться от туда, но сделать это можно будет только, после того как вы полностью исследуете всю больницу. Но вы еще не знаете что творится за этими зловещими стенами, так что быстрее ищите выход из больницы.\n[spoiler="Порядок установки:"]\n[color=darkred]1) Установить APK\n2) Скопировать папку кэша в [b]SD/ Android/obb /[/b]\nЕсли у вас нет этой папки, создайте ее при помощи любого файлового менеджера\n3) В итоге получится[/color] [b][color=darkred]SD/ Android/obb / [/color][color=red]папка_кэша[/color][color=darkred]/файлы[/color][/b]\n[color=darkred]4) Запустить приложение[/color]\n[/spoiler]\n[/color][/size][/font]\n[hr][align=center]\n[img]https://alltor.me/pictures/2ede6902f233d0863d6537cd65830648.jpg[/img]\n[/align]\n[align=center]\n[thumb]https://img.alltor.me/img/2018-10/28/535d5mxh7slv0w1a0g2p85a06.jpg[/thumb]\n[thumb]https://img.alltor.me/img/2018-10/28/fh2c3r7vlapxuf0fv7fuc802a.jpg[/thumb]\n[thumb]https://img.alltor.me/img/2018-10/28/0wfgoh06euhea63yq9xvdisj4.jpg[/thumb]\n[/align]\n[/spoiler]\n[hr]\n[spoiler="Mental Hospital II"]\n[size=28][align=center][b] [font="Georgia"][color=#245BA3]⋘ Mental Hospital II ⋙[/color][/font][/b][/align][/size]\n[hr]\n\n[img=right]https://img.alltor.me/img/2018-10/28/czm3ugm0zks1vpz76pt8bg3u4.png[/img]\n\n[font="Century Gothic"][size=13][b][color=#245BA3][u]➥ Год выпуска:[u][/color][/b] [color=#666666][font="Georgia"][b][color=#EB0005][size=17]24.02.2016[/size][/color][/b][/font][/color]\n[b][color=#245BA3][u]➥ Жанр:[u][/color][/b] [color=green][b][size=17]Хорроры[/size][/b][/color]\n[b][color=#245BA3][u]➥ Версия:[u][/color][/b] [color=#9500EB][font="Georgia"][b][size=17]v1.01.17[/size][/b][/font][/color]\n[b][color=#245BA3][u]➥ Интернет:[/u][/color][/b] [color=#666666][font="Georgia"][color=#EE1B5A][b][size=17]Нет[/size][/b][/color][/font][/color]\n[b][color=#245BA3][u]➥ Разработчик:[/u][/color][/b][color=#404441] [b][size=17]AGaming+[/size][/b][/color]\n[b][color=#245BA3][u]➥ Разрешения экрана:[/u][/color][/b] [color=#666666][color=#EB8100][b][font="Comic Sans MS"][size=17]Любое[/size][/font][/b][/color][/color]\n[b][color=#245BA3][u]➥ Системные требования:[/u][/color][/b] [color=#666666][font="Georgia"][color=#EE1B5A][b][size=17]Android 4.0+[/size][/b][/color][/font][/color]\n[b][color=#245BA3][u]➥ Язык интерфейса:[u][/color][/b] [color=#00EB02][b][size=17]RUS[/size][/b] [/color]\n[b][color=#245BA3][u]➥ Таблэтка:[u][/color][/b] [color=#4D00B8][b][size=17]Не требуется[/size][/b][/color]\n[b][color=#245BA3][u]➥ Тип установщика:[u][/color][/b] [color=#B83000][b][size=17]Apk[/size][/b][/color]\n[b][color=#245BA3][u]➥ Цена в Google Play:[u][/color][/b] [color=#666666][font="Georgia"][b][color=#EB0005][size=17]Бесплатно[/size][/color][/b][/font][/color]\n[hr]\n[color=#245BA3][b][u]➥[u][/b][/color]  [img]https://alltor.me/pictures/d3d75ca660feec88e8f8cced13e429a7.png[/img] [img]https://alltor.me/pictures/4b8419beb8cff438f5a76013556a8c5e.png[/img] [img]https://alltor.me/pictures/c61e028d93e8ca640bd6ca232d397fe0.png[/img] [img]https://alltor.me/pictures/3d33242e8a4deebff4d6303219c3e55f.png[/img]\n[url=https://play.google.com/store/apps/details?id=com.agaming.mentalhospitallite&amp;hl=en][img]http://img.uz/d/2018/07/5b5f529e71989.png[/img][/url][/align][hr]\n[b] [color=#245BA3]➥ Описание:[/color][/b]\n[color=#404441]Mental Hospital II – вторая часть захватывающего хоррора на андроид, где вам предстоит провести репортера по темным коридорам психиатрической больницы. Наш герой решил снять репортаж про заброшенную больницу и отправился исследовать ее, блуждая по мрачным комнатам и коридорам здания. Исследуйте все помещения и собирайте нужные вам ключи, чтобы открыть все двери и выбраться на свободу. Внимательно и осторожно открывайте все двери и остерегайтесь встречи с призраками и монстрами, которые преследуют героя, как только он попал в здание. Не позволяйте призракам приблизиться к репортеру и навредить ему. Для полного погружения в игру играйте в полной темноте и в наушниках.\n[spoiler="Порядок установки:"]\n[color=darkred]1) Установить APK\n2) Скопировать папку кэша в [b]SD/ Android/obb /[/b]\nЕсли у вас нет этой папки, создайте ее при помощи любого файлового менеджера\n3) В итоге получится[/color] [b][color=darkred]SD/ Android/obb / [/color][color=red]папка_кэша[/color][color=darkred]/файлы[/color][/b]\n[color=darkred]4) Запустить приложение[/color]\n[/spoiler]\n[/color][/size][/font]\n[hr][align=center]\n[img]https://alltor.me/pictures/2ede6902f233d0863d6537cd65830648.jpg[/img]\n[/align]\n[align=center]\n[thumb]https://img.alltor.me/img/2018-10/28/40fvi5vy0wfnmctyr0fhmj0g7.jpg[/thumb]\n[thumb]https://img.alltor.me/img/2018-10/28/kuipetjdy6mtqatdg8piqezpj.jpg[/thumb]\n[thumb]https://img.alltor.me/img/2018-10/28/82t89qhsyxwi8183drjdamk83.jpg[/thumb]\n[/align]\n[/spoiler]\n[hr]\n[spoiler="Mental Hospital III"]\n[size=28][align=center][b] [font="Georgia"][color=#245BA3]⋘ Mental Hospital III ⋙[/color][/font][/b][/align][/size]\n[hr]\n\n[img=right]https://img.alltor.me/img/2018-10/28/yd9lqdizt5nt0vg1tpwyjba03.png[/img]\n\n[font="Century Gothic"][size=13][b][color=#245BA3][u]➥ Год выпуска:[u][/color][/b] [color=#666666][font="Georgia"][b][color=#EB0005][size=17]27.08.2017[/size][/color][/b][/font][/color]\n[b][color=#245BA3][u]➥ Жанр:[u][/color][/b] [color=green][b][size=17]Хорроры[/size][/b][/color]\n[b][color=#245BA3][u]➥ Версия:[u][/color][/b] [color=#9500EB][font="Georgia"][b][size=17]v1.01.02[/size][/b][/font][/color]\n[b][color=#245BA3][u]➥ Интернет:[/u][/color][/b] [color=#666666][font="Georgia"][color=#EE1B5A][b][size=17]Нет[/size][/b][/color][/font][/color]\n[b][color=#245BA3][u]➥ Разработчик:[/u][/color][/b][color=#404441] [b][size=17]AGaming+[/size][/b][/color]\n[b][color=#245BA3][u]➥ Разрешения экрана:[/u][/color][/b] [color=#666666][color=#EB8100][b][font="Comic Sans MS"][size=17]Любое[/size][/font][/b][/color][/color]\n[b][color=#245BA3][u]➥ Системные требования:[/u][/color][/b] [color=#666666][font="Georgia"][color=#EE1B5A][b][size=17]Android 4.2+[/size][/b][/color][/font][/color]\n[b][color=#245BA3][u]➥ Язык интерфейса:[u][/color][/b] [color=#00EB02][b][size=17]RUS[/size][/b] [/color]\n[b][color=#245BA3][u]➥ Таблэтка:[u][/color][/b] [color=#4D00B8][b][size=17]Не требуется[/size][/b][/color]\n[b][color=#245BA3][u]➥ Тип установщика:[u][/color][/b] [color=#B83000][b][size=17]Apk[/size][/b][/color]\n[b][color=#245BA3][u]➥ Цена в Google Play:[u][/color][/b] [color=#666666][font="Georgia"][b][color=#EB0005][size=17]15р[/size][/color][/b][/font][/color]\n[hr]\n[color=#245BA3][b][u]➥[u][/b][/color]  [img]https://alltor.me/pictures/d3d75ca660feec88e8f8cced13e429a7.png[/img] [img]https://alltor.me/pictures/4b8419beb8cff438f5a76013556a8c5e.png[/img] [img]https://alltor.me/pictures/c61e028d93e8ca640bd6ca232d397fe0.png[/img] [img]https://alltor.me/pictures/3d33242e8a4deebff4d6303219c3e55f.png[/img]\n[url=https://play.google.com/store/apps/details?id=com.agaming.mentalhospitaliii][img]http://img.uz/d/2018/07/5b5f529e71989.png[/img][/url][/align][hr]\n[b] [color=#245BA3]➥ Описание:[/color][/b]\n[color=#404441]Mental Hospital III - ужасающий хоррор на Андроид, где вам предстоит исследовать всю психбольницу и найти выход из нее. История началась с того что вам как журналисту предложили снять захват больницы в которой проводятся незаконные опыты над больными. Вы сразу согласились, ведь это казалось так легко, но на деле это было не так. Ваш день не задался с самого начала, проблемы в редакции, ужасная погода и машина не хотела вас слушаться, глохла на каждом повороте, из-за этого вы опоздали. Добравшись до больницы, на месте уже ни кого не было и вы решили сами пробраться вовнутрь, чтобы хоть немножко заснять информации. Эта была плохая идея и теперь вашей задачей будет выбраться от туда живым.\n[spoiler="Порядок установки:"]\n[color=darkred]1) Установить APK\n2) Скопировать папку кэша в [b]SD/ Android/obb /[/b]\nЕсли у вас нет этой папки, создайте ее при помощи любого файлового менеджера\n3) В итоге получится[/color] [b][color=darkred]SD/ Android/obb / [/color][color=red]папка_кэша[/color][color=darkred]/файлы[/color][/b]\n[color=darkred]4) Запустить приложение[/color]\n[/spoiler]\n[/color][/size][/font]\n[hr][align=center]\n[img]https://alltor.me/pictures/2ede6902f233d0863d6537cd65830648.jpg[/img]\n[/align]\n[align=center]\n[thumb]https://img.alltor.me/img/2018-10/28/1j95nih2uxuq8oiwnywyudvre.jpg[/thumb]\n[thumb]https://img.alltor.me/img/2018-10/28/8ad5swv2upf3x7nkr4i6c5j1r.jpg[/thumb]\n[thumb]https://img.alltor.me/img/2018-10/28/8lus4zq43lmo7e0mj20gfkx0t.jpg[/thumb]\n[/align]\n[/spoiler]\n[hr]\n[spoiler="Mental Hospital IV"]\n[size=28][align=center][b] [font="Georgia"][color=#245BA3]⋘ Mental Hospital IV ⋙[/color][/font][/b][/align][/size]\n[hr]\n\n[img=right]https://img.alltor.me/img/2018-10/28/83ga5fa32cgzs3d0muaslc2nm.jpg[/img]\n\n[font="Century Gothic"][size=13][b][color=#245BA3][u]➥ Год выпуска:[u][/color][/b] [color=#666666][font="Georgia"][b][color=#EB0005][size=17]22.03.2016[/size][/color][/b][/font][/color]\n[b][color=#245BA3][u]➥ Жанр:[u][/color][/b] [color=green][b][size=17]Хорроры[/size][/b][/color]\n[b][color=#245BA3][u]➥ Версия:[u][/color][/b] [color=#9500EB][font="Georgia"][b][size=17]v1.07[/size][/b][/font][/color]\n[b][color=#245BA3][u]➥ Интернет:[/u][/color][/b] [color=#666666][font="Georgia"][color=#EE1B5A][b][size=17]Нет[/size][/b][/color][/font][/color]\n[b][color=#245BA3][u]➥ Разработчик:[/u][/color][/b][color=#404441] [b][size=17]AGaming+[/size][/b][/color]\n[b][color=#245BA3][u]➥ Разрешения экрана:[/u][/color][/b] [color=#666666][color=#EB8100][b][font="Comic Sans MS"][size=17]Любое[/size][/font][/b][/color][/color]\n[b][color=#245BA3][u]➥ Системные требования:[/u][/color][/b] [color=#666666][font="Georgia"][color=#EE1B5A][b][size=17]Android 4.0+[/size][/b][/color][/font][/color]\n[b][color=#245BA3][u]➥ Язык интерфейса:[u][/color][/b] [color=#00EB02][b][size=17]RUS[/size][/b] [/color]\n[b][color=#245BA3][u]➥ Таблэтка:[u][/color][/b] [color=#4D00B8][b][size=17]Не требуется[/size][/b][/color]\n[b][color=#245BA3][u]➥ Тип установщика:[u][/color][/b] [color=#B83000][b][size=17]Apk[/size][/b][/color]\n[b][color=#245BA3][u]➥ Цена в Google Play:[u][/color][/b] [color=#666666][font="Georgia"][b][color=#EB0005][size=17]25р[/size][/color][/b][/font][/color]\n[hr]\n[color=#245BA3][b][u]➥[u][/b][/color]  [img]https://alltor.me/pictures/d3d75ca660feec88e8f8cced13e429a7.png[/img] [img]https://alltor.me/pictures/4b8419beb8cff438f5a76013556a8c5e.png[/img] [img]https://alltor.me/pictures/c61e028d93e8ca640bd6ca232d397fe0.png[/img] [img]https://alltor.me/pictures/3d33242e8a4deebff4d6303219c3e55f.png[/img]\n[url=https://play.google.com/store/apps/details?id=com.agaming.mentalhospitaliv][img]http://img.uz/d/2018/07/5b5f529e71989.png[/img][/url][/align][hr]\n[b] [color=#245BA3]➥ Описание:[/color][/b]\n[color=#404441]Mental Hospital IV - И снова всеми любимый ужастик на андроид. Разработчики игры предлагают игроком снова окунутся в таинственную и зловещую атмосферу заброшенных зданий, прогуляться по темным коридорам и разгадать пару загадок. История этой серии игры начинается спустя некоторое время после нашумевших событий третей части этой игры. Полиция как всегда не может найти какие-либо зацепки, газеты предпочитали молчать, а нашему герою не давала покоя история, случившаяся в больнице Святого Петра. Но вскоре появилась не большая надежда разобраться во всем этом. Неизвестный человек, позвонив по телефону, сказал что у него есть важная информация и расскажет при личной встрече. И вы отправляетесь к больнице Святого Петра...\n[spoiler="Порядок установки:"]\n[color=darkred]1) Установить APK\n2) Скопировать папку кэша в [b]SD/ Android/obb /[/b]\nЕсли у вас нет этой папки, создайте ее при помощи любого файлового менеджера\n3) В итоге получится[/color] [b][color=darkred]SD/ Android/obb / [/color][color=red]папка_кэша[/color][color=darkred]/файлы[/color][/b]\n[color=darkred]4) Запустить приложение[/color]\n[/spoiler]\n[/color][/size][/font]\n[hr][align=center]\n[img]https://alltor.me/pictures/2ede6902f233d0863d6537cd65830648.jpg[/img]\n[/align]\n[align=center]\n[thumb]https://img.alltor.me/img/2018-10/28/wi27hzkmxlbyj8pesvxmfgvf6.jpg[/thumb]\n[thumb]https://img.alltor.me/img/2018-10/28/5lsyc2lkshris5646td40ilu6.jpg[/thumb]\n[thumb]https://img.alltor.me/img/2018-10/28/y1cj68ehp4jheu1mb9675y3o3.jpg[/thumb]\n[/align]\n[/spoiler]\n[hr]\n[spoiler="Mental Hospital V"]\n[size=28][align=center][b] [font="Georgia"][color=#245BA3]⋘ Mental Hospital V ⋙[/color][/font][/b][/align][/size]\n[hr]\n\n[img=right]https://img.alltor.me/img/2018-10/28/ex3ihkam7ca0ekov7uxafhfi7.png[/img]\n\n[font="Century Gothic"][size=13][b][color=#245BA3][u]➥ Год выпуска:[u][/color][/b] [color=#666666][font="Georgia"][b][color=#EB0005][size=17]21.11.2016[/size][/color][/b][/font][/color]\n[b][color=#245BA3][u]➥ Жанр:[u][/color][/b] [color=green][b][size=17]Хорроры[/size][/b][/color]\n[b][color=#245BA3][u]➥ Версия:[u][/color][/b] [color=#9500EB][font="Georgia"][b][size=17]v1.04[/size][/b][/font][/color]\n[b][color=#245BA3][u]➥ Интернет:[/u][/color][/b] [color=#666666][font="Georgia"][color=#EE1B5A][b][size=17]Нет[/size][/b][/color][/font][/color]\n[b][color=#245BA3][u]➥ Разработчик:[/u][/color][/b][color=#404441] [b][size=17]AGaming+[/size][/b][/color]\n[b][color=#245BA3][u]➥ Разрешения экрана:[/u][/color][/b] [color=#666666][color=#EB8100][b][font="Comic Sans MS"][size=17]Любое[/size][/font][/b][/color][/color]\n[b][color=#245BA3][u]➥ Системные требования:[/u][/color][/b] [color=#666666][font="Georgia"][color=#EE1B5A][b][size=17]Android 4.2+[/size][/b][/color][/font][/color]\n[b][color=#245BA3][u]➥ Язык интерфейса:[u][/color][/b] [color=#00EB02][b][size=17]RUS[/size][/b] [/color]\n[b][color=#245BA3][u]➥ Таблэтка:[u][/color][/b] [color=#4D00B8][b][size=17]Не требуется[/size][/b][/color]\n[b][color=#245BA3][u]➥ Тип установщика:[u][/color][/b] [color=#B83000][b][size=17]Apk[/size][/b][/color]\n[b][color=#245BA3][u]➥ Цена в Google Play:[u][/color][/b] [color=#666666][font="Georgia"][b][color=#EB0005][size=17]15р[/size][/color][/b][/font][/color]\n[hr]\n[color=#245BA3][b][u]➥[u][/b][/color]  [img]https://alltor.me/pictures/d3d75ca660feec88e8f8cced13e429a7.png[/img] [img]https://alltor.me/pictures/4b8419beb8cff438f5a76013556a8c5e.png[/img] [img]https://alltor.me/pictures/c61e028d93e8ca640bd6ca232d397fe0.png[/img] [img]https://alltor.me/pictures/3d33242e8a4deebff4d6303219c3e55f.png[/img]\n[url=https://play.google.com/store/apps/details?id=com.agaming.mentalhospitalV][img]http://img.uz/d/2018/07/5b5f529e71989.png[/img][/url][/align][hr]\n[b] [color=#245BA3]➥ Описание:[/color][/b]\n[color=#404441]Mental Hospital V – хоррор от первого лица на андроид, где вы будете исследовать психиатрическую лечебницу. Запутанная история этой игры начинается с того что журналист по имени Марк бесследно исчезает в психиатрической больнице, а всю группу людей участвующую в проекте находят мертвую. Для того чтобы найти Марка в больницу приезжает его брат которому выпадет непростая учесть исследовать мрачные и темные помещения здания и раскрыть все тайны. В этой игре вы узнаете, кто такая Элис и сделаете решающий выбор спасти жизнь брата или свою собственную. Найдите выход из этой пугающей и опасной ситуации и сделайте выбор.\n[spoiler="Порядок установки:"]\n[color=darkred]1) Установить APK\n2) Скопировать папку кэша в [b]SD/ Android/obb /[/b]\nЕсли у вас нет этой папки, создайте ее при помощи любого файлового менеджера\n3) В итоге получится[/color] [b][color=darkred]SD/ Android/obb / [/color][color=red]папка_кэша[/color][color=darkred]/файлы[/color][/b]\n[color=darkred]4) Запустить приложение[/color]\n[/spoiler]\n[/color][/size][/font]\n[hr][align=center]\n[img]https://alltor.me/pictures/2ede6902f233d0863d6537cd65830648.jpg[/img]\n[/align]\n[align=center]\n[thumb]https://img.alltor.me/img/2018-10/28/clh1ko7gshg7pu3t6wcn65kmu.jpg[/thumb]\n[thumb]https://img.alltor.me/img/2018-10/28/ipm6jogrv73a49sbfoq1haw4c.jpg[/thumb]\n[thumb]https://img.alltor.me/img/2018-10/28/0z8jbrsq5n1iti4qa5j0mke21.jpg[/thumb]\n[/align]\n[/spoiler]\n[hr]'),
(43, '[hr]\n[align=center][img]https://img.alltor.me/img/2018-10/28/nhu40itcvf6dvtj102sh6i8iu.png[/img][/align]\n[hr]\n[spoiler="Mental Hospital: Eastern Bloc"]\n[size=28][align=center][b] [font="Georgia"][color=#245BA3]⋘ Mental Hospital: Eastern Bloc ⋙[/color][/font][/b][/align][/size]\n[hr]\n\n[img=right]https://img.alltor.me/img/2018-10/28/4y7umv30qc4mepxynktmj6hid.png[/img]\n\n[font="Century Gothic"][size=13][b][color=#245BA3][u]➥ Год выпуска:[u][/color][/b] [color=#666666][font="Georgia"][b][color=#EB0005][size=17]08.05.2015[/size][/color][/b][/font][/color]\n[b][color=#245BA3][u]➥ Жанр:[u][/color][/b] [color=green][b][size=17]Хорроры[/size][/b][/color]\n[b][color=#245BA3][u]➥ Версия:[u][/color][/b] [color=#9500EB][font="Georgia"][b][size=17]v2.05.99[/size][/b][/font][/color]\n[b][color=#245BA3][u]➥ Интернет:[/u][/color][/b] [color=#666666][font="Georgia"][color=#EE1B5A][b][size=17]Нет[/size][/b][/color][/font][/color]\n[b][color=#245BA3][u]➥ Разработчик:[/u][/color][/b][color=#404441] [b][size=17]AGaming+[/size][/b][/color]\n[b][color=#245BA3][u]➥ Разрешения экрана:[/u][/color][/b] [color=#666666][color=#EB8100][b][font="Comic Sans MS"][size=17]Любое[/size][/font][/b][/color][/color]\n[b][color=#245BA3][u]➥ Системные требования:[/u][/color][/b] [color=#666666][font="Georgia"][color=#EE1B5A][b][size=17]Android 2.3+[/size][/b][/color][/font][/color]\n[b][color=#245BA3][u]➥ Язык интерфейса:[u][/color][/b] [color=#00EB02][b][size=17]ENG[/size][/b] [/color]\n[b][color=#245BA3][u]➥ Таблэтка:[u][/color][/b] [color=#4D00B8][b][size=17]Не требуется[/size][/b][/color]\n[b][color=#245BA3][u]➥ Тип установщика:[u][/color][/b] [color=#B83000][b][size=17]Apk[/size][/b][/color]\n[b][color=#245BA3][u]➥ Цена в Google Play:[u][/color][/b] [color=#666666][font="Georgia"][b][color=#EB0005][size=17]25р[/size][/color][/b][/font][/color]\n[hr]\n[color=#245BA3][b][u]➥[u][/b][/color]  [img]https://alltor.me/pictures/d3d75ca660feec88e8f8cced13e429a7.png[/img] [img]https://alltor.me/pictures/4b8419beb8cff438f5a76013556a8c5e.png[/img] [img]https://alltor.me/pictures/c61e028d93e8ca640bd6ca232d397fe0.png[/img] [img]https://alltor.me/pictures/3d33242e8a4deebff4d6303219c3e55f.png[/img]\n[url=https://play.google.com/store/apps/details?id=com.agaming.hospital][img]http://img.uz/d/2018/07/5b5f529e71989.png[/img][/url][/align][hr]\n[b] [color=#245BA3]➥ Описание:[/color][/b]\n[color=#404441]Mental Hospital: Eastern Bloc - игра на андроид, в которой вы попадете в заброшенную психиатрическую больницу, и будете блуждать там в полной темноте. Вам захочется поскорее выбраться от туда, но сделать это можно будет только, после того как вы полностью исследуете всю больницу. Но вы еще не знаете что творится за этими зловещими стенами, так что быстрее ищите выход из больницы.\n[spoiler="Порядок установки:"]\n[color=darkred]1) Установить APK\n2) Скопировать папку кэша в [b]SD/ Android/obb /[/b]\nЕсли у вас нет этой папки, создайте ее при помощи любого файлового менеджера\n3) В итоге получится[/color] [b][color=darkred]SD/ Android/obb / [/color][color=red]папка_кэша[/color][color=darkred]/файлы[/color][/b]\n[color=darkred]4) Запустить приложение[/color]\n[/spoiler]\n[/color][/size][/font]\n[hr][align=center]\n[img]https://alltor.me/pictures/2ede6902f233d0863d6537cd65830648.jpg[/img]\n[/align]\n[align=center]\n[thumb]https://img.alltor.me/img/2018-10/28/535d5mxh7slv0w1a0g2p85a06.jpg[/thumb]\n[thumb]https://img.alltor.me/img/2018-10/28/fh2c3r7vlapxuf0fv7fuc802a.jpg[/thumb]\n[thumb]https://img.alltor.me/img/2018-10/28/0wfgoh06euhea63yq9xvdisj4.jpg[/thumb]\n[/align]\n[/spoiler]\n[hr]\n[spoiler="Mental Hospital II"]\n[size=28][align=center][b] [font="Georgia"][color=#245BA3]⋘ Mental Hospital II ⋙[/color][/font][/b][/align][/size]\n[hr]\n\n[img=right]https://img.alltor.me/img/2018-10/28/czm3ugm0zks1vpz76pt8bg3u4.png[/img]\n\n[font="Century Gothic"][size=13][b][color=#245BA3][u]➥ Год выпуска:[u][/color][/b] [color=#666666][font="Georgia"][b][color=#EB0005][size=17]24.02.2016[/size][/color][/b][/font][/color]\n[b][color=#245BA3][u]➥ Жанр:[u][/color][/b] [color=green][b][size=17]Хорроры[/size][/b][/color]\n[b][color=#245BA3][u]➥ Версия:[u][/color][/b] [color=#9500EB][font="Georgia"][b][size=17]v1.01.17[/size][/b][/font][/color]\n[b][color=#245BA3][u]➥ Интернет:[/u][/color][/b] [color=#666666][font="Georgia"][color=#EE1B5A][b][size=17]Нет[/size][/b][/color][/font][/color]\n[b][color=#245BA3][u]➥ Разработчик:[/u][/color][/b][color=#404441] [b][size=17]AGaming+[/size][/b][/color]\n[b][color=#245BA3][u]➥ Разрешения экрана:[/u][/color][/b] [color=#666666][color=#EB8100][b][font="Comic Sans MS"][size=17]Любое[/size][/font][/b][/color][/color]\n[b][color=#245BA3][u]➥ Системные требования:[/u][/color][/b] [color=#666666][font="Georgia"][color=#EE1B5A][b][size=17]Android 4.0+[/size][/b][/color][/font][/color]\n[b][color=#245BA3][u]➥ Язык интерфейса:[u][/color][/b] [color=#00EB02][b][size=17]RUS[/size][/b] [/color]\n[b][color=#245BA3][u]➥ Таблэтка:[u][/color][/b] [color=#4D00B8][b][size=17]Не требуется[/size][/b][/color]\n[b][color=#245BA3][u]➥ Тип установщика:[u][/color][/b] [color=#B83000][b][size=17]Apk[/size][/b][/color]\n[b][color=#245BA3][u]➥ Цена в Google Play:[u][/color][/b] [color=#666666][font="Georgia"][b][color=#EB0005][size=17]Бесплатно[/size][/color][/b][/font][/color]\n[hr]\n[color=#245BA3][b][u]➥[u][/b][/color]  [img]https://alltor.me/pictures/d3d75ca660feec88e8f8cced13e429a7.png[/img] [img]https://alltor.me/pictures/4b8419beb8cff438f5a76013556a8c5e.png[/img] [img]https://alltor.me/pictures/c61e028d93e8ca640bd6ca232d397fe0.png[/img] [img]https://alltor.me/pictures/3d33242e8a4deebff4d6303219c3e55f.png[/img]\n[url=https://play.google.com/store/apps/details?id=com.agaming.mentalhospitallite&amp;hl=en][img]http://img.uz/d/2018/07/5b5f529e71989.png[/img][/url][/align][hr]\n[b] [color=#245BA3]➥ Описание:[/color][/b]\n[color=#404441]Mental Hospital II – вторая часть захватывающего хоррора на андроид, где вам предстоит провести репортера по темным коридорам психиатрической больницы. Наш герой решил снять репортаж про заброшенную больницу и отправился исследовать ее, блуждая по мрачным комнатам и коридорам здания. Исследуйте все помещения и собирайте нужные вам ключи, чтобы открыть все двери и выбраться на свободу. Внимательно и осторожно открывайте все двери и остерегайтесь встречи с призраками и монстрами, которые преследуют героя, как только он попал в здание. Не позволяйте призракам приблизиться к репортеру и навредить ему. Для полного погружения в игру играйте в полной темноте и в наушниках.\n[spoiler="Порядок установки:"]\n[color=darkred]1) Установить APK\n2) Скопировать папку кэша в [b]SD/ Android/obb /[/b]\nЕсли у вас нет этой папки, создайте ее при помощи любого файлового менеджера\n3) В итоге получится[/color] [b][color=darkred]SD/ Android/obb / [/color][color=red]папка_кэша[/color][color=darkred]/файлы[/color][/b]\n[color=darkred]4) Запустить приложение[/color]\n[/spoiler]\n[/color][/size][/font]\n[hr][align=center]\n[img]https://alltor.me/pictures/2ede6902f233d0863d6537cd65830648.jpg[/img]\n[/align]\n[align=center]\n[thumb]https://img.alltor.me/img/2018-10/28/40fvi5vy0wfnmctyr0fhmj0g7.jpg[/thumb]\n[thumb]https://img.alltor.me/img/2018-10/28/kuipetjdy6mtqatdg8piqezpj.jpg[/thumb]\n[thumb]https://img.alltor.me/img/2018-10/28/82t89qhsyxwi8183drjdamk83.jpg[/thumb]\n[/align]\n[/spoiler]\n[hr]\n[spoiler="Mental Hospital III"]\n[size=28][align=center][b] [font="Georgia"][color=#245BA3]⋘ Mental Hospital III ⋙[/color][/font][/b][/align][/size]\n[hr]\n\n[img=right]https://img.alltor.me/img/2018-10/28/yd9lqdizt5nt0vg1tpwyjba03.png[/img]\n\n[font="Century Gothic"][size=13][b][color=#245BA3][u]➥ Год выпуска:[u][/color][/b] [color=#666666][font="Georgia"][b][color=#EB0005][size=17]27.08.2017[/size][/color][/b][/font][/color]\n[b][color=#245BA3][u]➥ Жанр:[u][/color][/b] [color=green][b][size=17]Хорроры[/size][/b][/color]\n[b][color=#245BA3][u]➥ Версия:[u][/color][/b] [color=#9500EB][font="Georgia"][b][size=17]v1.01.02[/size][/b][/font][/color]\n[b][color=#245BA3][u]➥ Интернет:[/u][/color][/b] [color=#666666][font="Georgia"][color=#EE1B5A][b][size=17]Нет[/size][/b][/color][/font][/color]\n[b][color=#245BA3][u]➥ Разработчик:[/u][/color][/b][color=#404441] [b][size=17]AGaming+[/size][/b][/color]\n[b][color=#245BA3][u]➥ Разрешения экрана:[/u][/color][/b] [color=#666666][color=#EB8100][b][font="Comic Sans MS"][size=17]Любое[/size][/font][/b][/color][/color]\n[b][color=#245BA3][u]➥ Системные требования:[/u][/color][/b] [color=#666666][font="Georgia"][color=#EE1B5A][b][size=17]Android 4.2+[/size][/b][/color][/font][/color]\n[b][color=#245BA3][u]➥ Язык интерфейса:[u][/color][/b] [color=#00EB02][b][size=17]RUS[/size][/b] [/color]\n[b][color=#245BA3][u]➥ Таблэтка:[u][/color][/b] [color=#4D00B8][b][size=17]Не требуется[/size][/b][/color]\n[b][color=#245BA3][u]➥ Тип установщика:[u][/color][/b] [color=#B83000][b][size=17]Apk[/size][/b][/color]\n[b][color=#245BA3][u]➥ Цена в Google Play:[u][/color][/b] [color=#666666][font="Georgia"][b][color=#EB0005][size=17]15р[/size][/color][/b][/font][/color]\n[hr]\n[color=#245BA3][b][u]➥[u][/b][/color]  [img]https://alltor.me/pictures/d3d75ca660feec88e8f8cced13e429a7.png[/img] [img]https://alltor.me/pictures/4b8419beb8cff438f5a76013556a8c5e.png[/img] [img]https://alltor.me/pictures/c61e028d93e8ca640bd6ca232d397fe0.png[/img] [img]https://alltor.me/pictures/3d33242e8a4deebff4d6303219c3e55f.png[/img]\n[url=https://play.google.com/store/apps/details?id=com.agaming.mentalhospitaliii][img]http://img.uz/d/2018/07/5b5f529e71989.png[/img][/url][/align][hr]\n[b] [color=#245BA3]➥ Описание:[/color][/b]\n[color=#404441]Mental Hospital III - ужасающий хоррор на Андроид, где вам предстоит исследовать всю психбольницу и найти выход из нее. История началась с того что вам как журналисту предложили снять захват больницы в которой проводятся незаконные опыты над больными. Вы сразу согласились, ведь это казалось так легко, но на деле это было не так. Ваш день не задался с самого начала, проблемы в редакции, ужасная погода и машина не хотела вас слушаться, глохла на каждом повороте, из-за этого вы опоздали. Добравшись до больницы, на месте уже ни кого не было и вы решили сами пробраться вовнутрь, чтобы хоть немножко заснять информации. Эта была плохая идея и теперь вашей задачей будет выбраться от туда живым.\n[spoiler="Порядок установки:"]\n[color=darkred]1) Установить APK\n2) Скопировать папку кэша в [b]SD/ Android/obb /[/b]\nЕсли у вас нет этой папки, создайте ее при помощи любого файлового менеджера\n3) В итоге получится[/color] [b][color=darkred]SD/ Android/obb / [/color][color=red]папка_кэша[/color][color=darkred]/файлы[/color][/b]\n[color=darkred]4) Запустить приложение[/color]\n[/spoiler]\n[/color][/size][/font]\n[hr][align=center]\n[img]https://alltor.me/pictures/2ede6902f233d0863d6537cd65830648.jpg[/img]\n[/align]\n[align=center]\n[thumb]https://img.alltor.me/img/2018-10/28/1j95nih2uxuq8oiwnywyudvre.jpg[/thumb]\n[thumb]https://img.alltor.me/img/2018-10/28/8ad5swv2upf3x7nkr4i6c5j1r.jpg[/thumb]\n[thumb]https://img.alltor.me/img/2018-10/28/8lus4zq43lmo7e0mj20gfkx0t.jpg[/thumb]\n[/align]\n[/spoiler]\n[hr]\n[spoiler="Mental Hospital IV"]\n[size=28][align=center][b] [font="Georgia"][color=#245BA3]⋘ Mental Hospital IV ⋙[/color][/font][/b][/align][/size]\n[hr]\n\n[img=right]https://img.alltor.me/img/2018-10/28/83ga5fa32cgzs3d0muaslc2nm.jpg[/img]\n\n[font="Century Gothic"][size=13][b][color=#245BA3][u]➥ Год выпуска:[u][/color][/b] [color=#666666][font="Georgia"][b][color=#EB0005][size=17]22.03.2016[/size][/color][/b][/font][/color]\n[b][color=#245BA3][u]➥ Жанр:[u][/color][/b] [color=green][b][size=17]Хорроры[/size][/b][/color]\n[b][color=#245BA3][u]➥ Версия:[u][/color][/b] [color=#9500EB][font="Georgia"][b][size=17]v1.07[/size][/b][/font][/color]\n[b][color=#245BA3][u]➥ Интернет:[/u][/color][/b] [color=#666666][font="Georgia"][color=#EE1B5A][b][size=17]Нет[/size][/b][/color][/font][/color]\n[b][color=#245BA3][u]➥ Разработчик:[/u][/color][/b][color=#404441] [b][size=17]AGaming+[/size][/b][/color]\n[b][color=#245BA3][u]➥ Разрешения экрана:[/u][/color][/b] [color=#666666][color=#EB8100][b][font="Comic Sans MS"][size=17]Любое[/size][/font][/b][/color][/color]\n[b][color=#245BA3][u]➥ Системные требования:[/u][/color][/b] [color=#666666][font="Georgia"][color=#EE1B5A][b][size=17]Android 4.0+[/size][/b][/color][/font][/color]\n[b][color=#245BA3][u]➥ Язык интерфейса:[u][/color][/b] [color=#00EB02][b][size=17]RUS[/size][/b] [/color]\n[b][color=#245BA3][u]➥ Таблэтка:[u][/color][/b] [color=#4D00B8][b][size=17]Не требуется[/size][/b][/color]\n[b][color=#245BA3][u]➥ Тип установщика:[u][/color][/b] [color=#B83000][b][size=17]Apk[/size][/b][/color]\n[b][color=#245BA3][u]➥ Цена в Google Play:[u][/color][/b] [color=#666666][font="Georgia"][b][color=#EB0005][size=17]25р[/size][/color][/b][/font][/color]\n[hr]\n[color=#245BA3][b][u]➥[u][/b][/color]  [img]https://alltor.me/pictures/d3d75ca660feec88e8f8cced13e429a7.png[/img] [img]https://alltor.me/pictures/4b8419beb8cff438f5a76013556a8c5e.png[/img] [img]https://alltor.me/pictures/c61e028d93e8ca640bd6ca232d397fe0.png[/img] [img]https://alltor.me/pictures/3d33242e8a4deebff4d6303219c3e55f.png[/img]\n[url=https://play.google.com/store/apps/details?id=com.agaming.mentalhospitaliv][img]http://img.uz/d/2018/07/5b5f529e71989.png[/img][/url][/align][hr]\n[b] [color=#245BA3]➥ Описание:[/color][/b]\n[color=#404441]Mental Hospital IV - И снова всеми любимый ужастик на андроид. Разработчики игры предлагают игроком снова окунутся в таинственную и зловещую атмосферу заброшенных зданий, прогуляться по темным коридорам и разгадать пару загадок. История этой серии игры начинается спустя некоторое время после нашумевших событий третей части этой игры. Полиция как всегда не может найти какие-либо зацепки, газеты предпочитали молчать, а нашему герою не давала покоя история, случившаяся в больнице Святого Петра. Но вскоре появилась не большая надежда разобраться во всем этом. Неизвестный человек, позвонив по телефону, сказал что у него есть важная информация и расскажет при личной встрече. И вы отправляетесь к больнице Святого Петра...\n[spoiler="Порядок установки:"]\n[color=darkred]1) Установить APK\n2) Скопировать папку кэша в [b]SD/ Android/obb /[/b]\nЕсли у вас нет этой папки, создайте ее при помощи любого файлового менеджера\n3) В итоге получится[/color] [b][color=darkred]SD/ Android/obb / [/color][color=red]папка_кэша[/color][color=darkred]/файлы[/color][/b]\n[color=darkred]4) Запустить приложение[/color]\n[/spoiler]\n[/color][/size][/font]\n[hr][align=center]\n[img]https://alltor.me/pictures/2ede6902f233d0863d6537cd65830648.jpg[/img]\n[/align]\n[align=center]\n[thumb]https://img.alltor.me/img/2018-10/28/wi27hzkmxlbyj8pesvxmfgvf6.jpg[/thumb]\n[thumb]https://img.alltor.me/img/2018-10/28/5lsyc2lkshris5646td40ilu6.jpg[/thumb]\n[thumb]https://img.alltor.me/img/2018-10/28/y1cj68ehp4jheu1mb9675y3o3.jpg[/thumb]\n[/align]\n[/spoiler]\n[hr]\n[spoiler="Mental Hospital V"]\n[size=28][align=center][b] [font="Georgia"][color=#245BA3]⋘ Mental Hospital V ⋙[/color][/font][/b][/align][/size]\n[hr]\n\n[img=right]https://img.alltor.me/img/2018-10/28/ex3ihkam7ca0ekov7uxafhfi7.png[/img]\n\n[font="Century Gothic"][size=13][b][color=#245BA3][u]➥ Год выпуска:[u][/color][/b] [color=#666666][font="Georgia"][b][color=#EB0005][size=17]21.11.2016[/size][/color][/b][/font][/color]\n[b][color=#245BA3][u]➥ Жанр:[u][/color][/b] [color=green][b][size=17]Хорроры[/size][/b][/color]\n[b][color=#245BA3][u]➥ Версия:[u][/color][/b] [color=#9500EB][font="Georgia"][b][size=17]v1.04[/size][/b][/font][/color]\n[b][color=#245BA3][u]➥ Интернет:[/u][/color][/b] [color=#666666][font="Georgia"][color=#EE1B5A][b][size=17]Нет[/size][/b][/color][/font][/color]\n[b][color=#245BA3][u]➥ Разработчик:[/u][/color][/b][color=#404441] [b][size=17]AGaming+[/size][/b][/color]\n[b][color=#245BA3][u]➥ Разрешения экрана:[/u][/color][/b] [color=#666666][color=#EB8100][b][font="Comic Sans MS"][size=17]Любое[/size][/font][/b][/color][/color]\n[b][color=#245BA3][u]➥ Системные требования:[/u][/color][/b] [color=#666666][font="Georgia"][color=#EE1B5A][b][size=17]Android 4.2+[/size][/b][/color][/font][/color]\n[b][color=#245BA3][u]➥ Язык интерфейса:[u][/color][/b] [color=#00EB02][b][size=17]RUS[/size][/b] [/color]\n[b][color=#245BA3][u]➥ Таблэтка:[u][/color][/b] [color=#4D00B8][b][size=17]Не требуется[/size][/b][/color]\n[b][color=#245BA3][u]➥ Тип установщика:[u][/color][/b] [color=#B83000][b][size=17]Apk[/size][/b][/color]\n[b][color=#245BA3][u]➥ Цена в Google Play:[u][/color][/b] [color=#666666][font="Georgia"][b][color=#EB0005][size=17]15р[/size][/color][/b][/font][/color]\n[hr]\n[color=#245BA3][b][u]➥[u][/b][/color]  [img]https://alltor.me/pictures/d3d75ca660feec88e8f8cced13e429a7.png[/img] [img]https://alltor.me/pictures/4b8419beb8cff438f5a76013556a8c5e.png[/img] [img]https://alltor.me/pictures/c61e028d93e8ca640bd6ca232d397fe0.png[/img] [img]https://alltor.me/pictures/3d33242e8a4deebff4d6303219c3e55f.png[/img]\n[url=https://play.google.com/store/apps/details?id=com.agaming.mentalhospitalV][img]http://img.uz/d/2018/07/5b5f529e71989.png[/img][/url][/align][hr]\n[b] [color=#245BA3]➥ Описание:[/color][/b]\n[color=#404441]Mental Hospital V – хоррор от первого лица на андроид, где вы будете исследовать психиатрическую лечебницу. Запутанная история этой игры начинается с того что журналист по имени Марк бесследно исчезает в психиатрической больнице, а всю группу людей участвующую в проекте находят мертвую. Для того чтобы найти Марка в больницу приезжает его брат которому выпадет непростая учесть исследовать мрачные и темные помещения здания и раскрыть все тайны. В этой игре вы узнаете, кто такая Элис и сделаете решающий выбор спасти жизнь брата или свою собственную. Найдите выход из этой пугающей и опасной ситуации и сделайте выбор.\n[spoiler="Порядок установки:"]\n[color=darkred]1) Установить APK\n2) Скопировать папку кэша в [b]SD/ Android/obb /[/b]\nЕсли у вас нет этой папки, создайте ее при помощи любого файлового менеджера\n3) В итоге получится[/color] [b][color=darkred]SD/ Android/obb / [/color][color=red]папка_кэша[/color][color=darkred]/файлы[/color][/b]\n[color=darkred]4) Запустить приложение[/color]\n[/spoiler]\n[/color][/size][/font]\n[hr][align=center]\n[img]https://alltor.me/pictures/2ede6902f233d0863d6537cd65830648.jpg[/img]\n[/align]\n[align=center]\n[thumb]https://img.alltor.me/img/2018-10/28/clh1ko7gshg7pu3t6wcn65kmu.jpg[/thumb]\n[thumb]https://img.alltor.me/img/2018-10/28/ipm6jogrv73a49sbfoq1haw4c.jpg[/thumb]\n[thumb]https://img.alltor.me/img/2018-10/28/0z8jbrsq5n1iti4qa5j0mke21.jpg[/thumb]\n[/align]\n[/spoiler]\n[hr]');
INSERT INTO `bb_posts_text` (`post_id`, `post_text`) VALUES
(44, '[hr]\n[align=center][img]https://img.alltor.me/img/2018-10/28/nhu40itcvf6dvtj102sh6i8iu.png[/img][/align]\n[hr]\n[spoiler="Mental Hospital: Eastern Bloc"]\n[size=28][align=center][b] [font="Georgia"][color=#245BA3]⋘ Mental Hospital: Eastern Bloc ⋙[/color][/font][/b][/align][/size]\n[hr]\n\n[img=right]https://img.alltor.me/img/2018-10/28/4y7umv30qc4mepxynktmj6hid.png[/img]\n\n[font="Century Gothic"][size=13][b][color=#245BA3][u]➥ Год выпуска:[u][/color][/b] [color=#666666][font="Georgia"][b][color=#EB0005][size=17]08.05.2015[/size][/color][/b][/font][/color]\n[b][color=#245BA3][u]➥ Жанр:[u][/color][/b] [color=green][b][size=17]Хорроры[/size][/b][/color]\n[b][color=#245BA3][u]➥ Версия:[u][/color][/b] [color=#9500EB][font="Georgia"][b][size=17]v2.05.99[/size][/b][/font][/color]\n[b][color=#245BA3][u]➥ Интернет:[/u][/color][/b] [color=#666666][font="Georgia"][color=#EE1B5A][b][size=17]Нет[/size][/b][/color][/font][/color]\n[b][color=#245BA3][u]➥ Разработчик:[/u][/color][/b][color=#404441] [b][size=17]AGaming+[/size][/b][/color]\n[b][color=#245BA3][u]➥ Разрешения экрана:[/u][/color][/b] [color=#666666][color=#EB8100][b][font="Comic Sans MS"][size=17]Любое[/size][/font][/b][/color][/color]\n[b][color=#245BA3][u]➥ Системные требования:[/u][/color][/b] [color=#666666][font="Georgia"][color=#EE1B5A][b][size=17]Android 2.3+[/size][/b][/color][/font][/color]\n[b][color=#245BA3][u]➥ Язык интерфейса:[u][/color][/b] [color=#00EB02][b][size=17]ENG[/size][/b] [/color]\n[b][color=#245BA3][u]➥ Таблэтка:[u][/color][/b] [color=#4D00B8][b][size=17]Не требуется[/size][/b][/color]\n[b][color=#245BA3][u]➥ Тип установщика:[u][/color][/b] [color=#B83000][b][size=17]Apk[/size][/b][/color]\n[b][color=#245BA3][u]➥ Цена в Google Play:[u][/color][/b] [color=#666666][font="Georgia"][b][color=#EB0005][size=17]25р[/size][/color][/b][/font][/color]\n[hr]\n[color=#245BA3][b][u]➥[u][/b][/color]  [img]https://alltor.me/pictures/d3d75ca660feec88e8f8cced13e429a7.png[/img] [img]https://alltor.me/pictures/4b8419beb8cff438f5a76013556a8c5e.png[/img] [img]https://alltor.me/pictures/c61e028d93e8ca640bd6ca232d397fe0.png[/img] [img]https://alltor.me/pictures/3d33242e8a4deebff4d6303219c3e55f.png[/img]\n[url=https://play.google.com/store/apps/details?id=com.agaming.hospital][img]http://img.uz/d/2018/07/5b5f529e71989.png[/img][/url][/align][hr]\n[b] [color=#245BA3]➥ Описание:[/color][/b]\n[color=#404441]Mental Hospital: Eastern Bloc - игра на андроид, в которой вы попадете в заброшенную психиатрическую больницу, и будете блуждать там в полной темноте. Вам захочется поскорее выбраться от туда, но сделать это можно будет только, после того как вы полностью исследуете всю больницу. Но вы еще не знаете что творится за этими зловещими стенами, так что быстрее ищите выход из больницы.\n[spoiler="Порядок установки:"]\n[color=darkred]1) Установить APK\n2) Скопировать папку кэша в [b]SD/ Android/obb /[/b]\nЕсли у вас нет этой папки, создайте ее при помощи любого файлового менеджера\n3) В итоге получится[/color] [b][color=darkred]SD/ Android/obb / [/color][color=red]папка_кэша[/color][color=darkred]/файлы[/color][/b]\n[color=darkred]4) Запустить приложение[/color]\n[/spoiler]\n[/color][/size][/font]\n[hr][align=center]\n[img]https://alltor.me/pictures/2ede6902f233d0863d6537cd65830648.jpg[/img]\n[/align]\n[align=center]\n[thumb]https://img.alltor.me/img/2018-10/28/535d5mxh7slv0w1a0g2p85a06.jpg[/thumb]\n[thumb]https://img.alltor.me/img/2018-10/28/fh2c3r7vlapxuf0fv7fuc802a.jpg[/thumb]\n[thumb]https://img.alltor.me/img/2018-10/28/0wfgoh06euhea63yq9xvdisj4.jpg[/thumb]\n[/align]\n[/spoiler]\n[hr]\n[spoiler="Mental Hospital II"]\n[size=28][align=center][b] [font="Georgia"][color=#245BA3]⋘ Mental Hospital II ⋙[/color][/font][/b][/align][/size]\n[hr]\n\n[img=right]https://img.alltor.me/img/2018-10/28/czm3ugm0zks1vpz76pt8bg3u4.png[/img]\n\n[font="Century Gothic"][size=13][b][color=#245BA3][u]➥ Год выпуска:[u][/color][/b] [color=#666666][font="Georgia"][b][color=#EB0005][size=17]24.02.2016[/size][/color][/b][/font][/color]\n[b][color=#245BA3][u]➥ Жанр:[u][/color][/b] [color=green][b][size=17]Хорроры[/size][/b][/color]\n[b][color=#245BA3][u]➥ Версия:[u][/color][/b] [color=#9500EB][font="Georgia"][b][size=17]v1.01.17[/size][/b][/font][/color]\n[b][color=#245BA3][u]➥ Интернет:[/u][/color][/b] [color=#666666][font="Georgia"][color=#EE1B5A][b][size=17]Нет[/size][/b][/color][/font][/color]\n[b][color=#245BA3][u]➥ Разработчик:[/u][/color][/b][color=#404441] [b][size=17]AGaming+[/size][/b][/color]\n[b][color=#245BA3][u]➥ Разрешения экрана:[/u][/color][/b] [color=#666666][color=#EB8100][b][font="Comic Sans MS"][size=17]Любое[/size][/font][/b][/color][/color]\n[b][color=#245BA3][u]➥ Системные требования:[/u][/color][/b] [color=#666666][font="Georgia"][color=#EE1B5A][b][size=17]Android 4.0+[/size][/b][/color][/font][/color]\n[b][color=#245BA3][u]➥ Язык интерфейса:[u][/color][/b] [color=#00EB02][b][size=17]RUS[/size][/b] [/color]\n[b][color=#245BA3][u]➥ Таблэтка:[u][/color][/b] [color=#4D00B8][b][size=17]Не требуется[/size][/b][/color]\n[b][color=#245BA3][u]➥ Тип установщика:[u][/color][/b] [color=#B83000][b][size=17]Apk[/size][/b][/color]\n[b][color=#245BA3][u]➥ Цена в Google Play:[u][/color][/b] [color=#666666][font="Georgia"][b][color=#EB0005][size=17]Бесплатно[/size][/color][/b][/font][/color]\n[hr]\n[color=#245BA3][b][u]➥[u][/b][/color]  [img]https://alltor.me/pictures/d3d75ca660feec88e8f8cced13e429a7.png[/img] [img]https://alltor.me/pictures/4b8419beb8cff438f5a76013556a8c5e.png[/img] [img]https://alltor.me/pictures/c61e028d93e8ca640bd6ca232d397fe0.png[/img] [img]https://alltor.me/pictures/3d33242e8a4deebff4d6303219c3e55f.png[/img]\n[url=https://play.google.com/store/apps/details?id=com.agaming.mentalhospitallite&amp;hl=en][img]http://img.uz/d/2018/07/5b5f529e71989.png[/img][/url][/align][hr]\n[b] [color=#245BA3]➥ Описание:[/color][/b]\n[color=#404441]Mental Hospital II – вторая часть захватывающего хоррора на андроид, где вам предстоит провести репортера по темным коридорам психиатрической больницы. Наш герой решил снять репортаж про заброшенную больницу и отправился исследовать ее, блуждая по мрачным комнатам и коридорам здания. Исследуйте все помещения и собирайте нужные вам ключи, чтобы открыть все двери и выбраться на свободу. Внимательно и осторожно открывайте все двери и остерегайтесь встречи с призраками и монстрами, которые преследуют героя, как только он попал в здание. Не позволяйте призракам приблизиться к репортеру и навредить ему. Для полного погружения в игру играйте в полной темноте и в наушниках.\n[spoiler="Порядок установки:"]\n[color=darkred]1) Установить APK\n2) Скопировать папку кэша в [b]SD/ Android/obb /[/b]\nЕсли у вас нет этой папки, создайте ее при помощи любого файлового менеджера\n3) В итоге получится[/color] [b][color=darkred]SD/ Android/obb / [/color][color=red]папка_кэша[/color][color=darkred]/файлы[/color][/b]\n[color=darkred]4) Запустить приложение[/color]\n[/spoiler]\n[/color][/size][/font]\n[hr][align=center]\n[img]https://alltor.me/pictures/2ede6902f233d0863d6537cd65830648.jpg[/img]\n[/align]\n[align=center]\n[thumb]https://img.alltor.me/img/2018-10/28/40fvi5vy0wfnmctyr0fhmj0g7.jpg[/thumb]\n[thumb]https://img.alltor.me/img/2018-10/28/kuipetjdy6mtqatdg8piqezpj.jpg[/thumb]\n[thumb]https://img.alltor.me/img/2018-10/28/82t89qhsyxwi8183drjdamk83.jpg[/thumb]\n[/align]\n[/spoiler]\n[hr]\n[spoiler="Mental Hospital III"]\n[size=28][align=center][b] [font="Georgia"][color=#245BA3]⋘ Mental Hospital III ⋙[/color][/font][/b][/align][/size]\n[hr]\n\n[img=right]https://img.alltor.me/img/2018-10/28/yd9lqdizt5nt0vg1tpwyjba03.png[/img]\n\n[font="Century Gothic"][size=13][b][color=#245BA3][u]➥ Год выпуска:[u][/color][/b] [color=#666666][font="Georgia"][b][color=#EB0005][size=17]27.08.2017[/size][/color][/b][/font][/color]\n[b][color=#245BA3][u]➥ Жанр:[u][/color][/b] [color=green][b][size=17]Хорроры[/size][/b][/color]\n[b][color=#245BA3][u]➥ Версия:[u][/color][/b] [color=#9500EB][font="Georgia"][b][size=17]v1.01.02[/size][/b][/font][/color]\n[b][color=#245BA3][u]➥ Интернет:[/u][/color][/b] [color=#666666][font="Georgia"][color=#EE1B5A][b][size=17]Нет[/size][/b][/color][/font][/color]\n[b][color=#245BA3][u]➥ Разработчик:[/u][/color][/b][color=#404441] [b][size=17]AGaming+[/size][/b][/color]\n[b][color=#245BA3][u]➥ Разрешения экрана:[/u][/color][/b] [color=#666666][color=#EB8100][b][font="Comic Sans MS"][size=17]Любое[/size][/font][/b][/color][/color]\n[b][color=#245BA3][u]➥ Системные требования:[/u][/color][/b] [color=#666666][font="Georgia"][color=#EE1B5A][b][size=17]Android 4.2+[/size][/b][/color][/font][/color]\n[b][color=#245BA3][u]➥ Язык интерфейса:[u][/color][/b] [color=#00EB02][b][size=17]RUS[/size][/b] [/color]\n[b][color=#245BA3][u]➥ Таблэтка:[u][/color][/b] [color=#4D00B8][b][size=17]Не требуется[/size][/b][/color]\n[b][color=#245BA3][u]➥ Тип установщика:[u][/color][/b] [color=#B83000][b][size=17]Apk[/size][/b][/color]\n[b][color=#245BA3][u]➥ Цена в Google Play:[u][/color][/b] [color=#666666][font="Georgia"][b][color=#EB0005][size=17]15р[/size][/color][/b][/font][/color]\n[hr]\n[color=#245BA3][b][u]➥[u][/b][/color]  [img]https://alltor.me/pictures/d3d75ca660feec88e8f8cced13e429a7.png[/img] [img]https://alltor.me/pictures/4b8419beb8cff438f5a76013556a8c5e.png[/img] [img]https://alltor.me/pictures/c61e028d93e8ca640bd6ca232d397fe0.png[/img] [img]https://alltor.me/pictures/3d33242e8a4deebff4d6303219c3e55f.png[/img]\n[url=https://play.google.com/store/apps/details?id=com.agaming.mentalhospitaliii][img]http://img.uz/d/2018/07/5b5f529e71989.png[/img][/url][/align][hr]\n[b] [color=#245BA3]➥ Описание:[/color][/b]\n[color=#404441]Mental Hospital III - ужасающий хоррор на Андроид, где вам предстоит исследовать всю психбольницу и найти выход из нее. История началась с того что вам как журналисту предложили снять захват больницы в которой проводятся незаконные опыты над больными. Вы сразу согласились, ведь это казалось так легко, но на деле это было не так. Ваш день не задался с самого начала, проблемы в редакции, ужасная погода и машина не хотела вас слушаться, глохла на каждом повороте, из-за этого вы опоздали. Добравшись до больницы, на месте уже ни кого не было и вы решили сами пробраться вовнутрь, чтобы хоть немножко заснять информации. Эта была плохая идея и теперь вашей задачей будет выбраться от туда живым.\n[spoiler="Порядок установки:"]\n[color=darkred]1) Установить APK\n2) Скопировать папку кэша в [b]SD/ Android/obb /[/b]\nЕсли у вас нет этой папки, создайте ее при помощи любого файлового менеджера\n3) В итоге получится[/color] [b][color=darkred]SD/ Android/obb / [/color][color=red]папка_кэша[/color][color=darkred]/файлы[/color][/b]\n[color=darkred]4) Запустить приложение[/color]\n[/spoiler]\n[/color][/size][/font]\n[hr][align=center]\n[img]https://alltor.me/pictures/2ede6902f233d0863d6537cd65830648.jpg[/img]\n[/align]\n[align=center]\n[thumb]https://img.alltor.me/img/2018-10/28/1j95nih2uxuq8oiwnywyudvre.jpg[/thumb]\n[thumb]https://img.alltor.me/img/2018-10/28/8ad5swv2upf3x7nkr4i6c5j1r.jpg[/thumb]\n[thumb]https://img.alltor.me/img/2018-10/28/8lus4zq43lmo7e0mj20gfkx0t.jpg[/thumb]\n[/align]\n[/spoiler]\n[hr]\n[spoiler="Mental Hospital IV"]\n[size=28][align=center][b] [font="Georgia"][color=#245BA3]⋘ Mental Hospital IV ⋙[/color][/font][/b][/align][/size]\n[hr]\n\n[img=right]https://img.alltor.me/img/2018-10/28/83ga5fa32cgzs3d0muaslc2nm.jpg[/img]\n\n[font="Century Gothic"][size=13][b][color=#245BA3][u]➥ Год выпуска:[u][/color][/b] [color=#666666][font="Georgia"][b][color=#EB0005][size=17]22.03.2016[/size][/color][/b][/font][/color]\n[b][color=#245BA3][u]➥ Жанр:[u][/color][/b] [color=green][b][size=17]Хорроры[/size][/b][/color]\n[b][color=#245BA3][u]➥ Версия:[u][/color][/b] [color=#9500EB][font="Georgia"][b][size=17]v1.07[/size][/b][/font][/color]\n[b][color=#245BA3][u]➥ Интернет:[/u][/color][/b] [color=#666666][font="Georgia"][color=#EE1B5A][b][size=17]Нет[/size][/b][/color][/font][/color]\n[b][color=#245BA3][u]➥ Разработчик:[/u][/color][/b][color=#404441] [b][size=17]AGaming+[/size][/b][/color]\n[b][color=#245BA3][u]➥ Разрешения экрана:[/u][/color][/b] [color=#666666][color=#EB8100][b][font="Comic Sans MS"][size=17]Любое[/size][/font][/b][/color][/color]\n[b][color=#245BA3][u]➥ Системные требования:[/u][/color][/b] [color=#666666][font="Georgia"][color=#EE1B5A][b][size=17]Android 4.0+[/size][/b][/color][/font][/color]\n[b][color=#245BA3][u]➥ Язык интерфейса:[u][/color][/b] [color=#00EB02][b][size=17]RUS[/size][/b] [/color]\n[b][color=#245BA3][u]➥ Таблэтка:[u][/color][/b] [color=#4D00B8][b][size=17]Не требуется[/size][/b][/color]\n[b][color=#245BA3][u]➥ Тип установщика:[u][/color][/b] [color=#B83000][b][size=17]Apk[/size][/b][/color]\n[b][color=#245BA3][u]➥ Цена в Google Play:[u][/color][/b] [color=#666666][font="Georgia"][b][color=#EB0005][size=17]25р[/size][/color][/b][/font][/color]\n[hr]\n[color=#245BA3][b][u]➥[u][/b][/color]  [img]https://alltor.me/pictures/d3d75ca660feec88e8f8cced13e429a7.png[/img] [img]https://alltor.me/pictures/4b8419beb8cff438f5a76013556a8c5e.png[/img] [img]https://alltor.me/pictures/c61e028d93e8ca640bd6ca232d397fe0.png[/img] [img]https://alltor.me/pictures/3d33242e8a4deebff4d6303219c3e55f.png[/img]\n[url=https://play.google.com/store/apps/details?id=com.agaming.mentalhospitaliv][img]http://img.uz/d/2018/07/5b5f529e71989.png[/img][/url][/align][hr]\n[b] [color=#245BA3]➥ Описание:[/color][/b]\n[color=#404441]Mental Hospital IV - И снова всеми любимый ужастик на андроид. Разработчики игры предлагают игроком снова окунутся в таинственную и зловещую атмосферу заброшенных зданий, прогуляться по темным коридорам и разгадать пару загадок. История этой серии игры начинается спустя некоторое время после нашумевших событий третей части этой игры. Полиция как всегда не может найти какие-либо зацепки, газеты предпочитали молчать, а нашему герою не давала покоя история, случившаяся в больнице Святого Петра. Но вскоре появилась не большая надежда разобраться во всем этом. Неизвестный человек, позвонив по телефону, сказал что у него есть важная информация и расскажет при личной встрече. И вы отправляетесь к больнице Святого Петра...\n[spoiler="Порядок установки:"]\n[color=darkred]1) Установить APK\n2) Скопировать папку кэша в [b]SD/ Android/obb /[/b]\nЕсли у вас нет этой папки, создайте ее при помощи любого файлового менеджера\n3) В итоге получится[/color] [b][color=darkred]SD/ Android/obb / [/color][color=red]папка_кэша[/color][color=darkred]/файлы[/color][/b]\n[color=darkred]4) Запустить приложение[/color]\n[/spoiler]\n[/color][/size][/font]\n[hr][align=center]\n[img]https://alltor.me/pictures/2ede6902f233d0863d6537cd65830648.jpg[/img]\n[/align]\n[align=center]\n[thumb]https://img.alltor.me/img/2018-10/28/wi27hzkmxlbyj8pesvxmfgvf6.jpg[/thumb]\n[thumb]https://img.alltor.me/img/2018-10/28/5lsyc2lkshris5646td40ilu6.jpg[/thumb]\n[thumb]https://img.alltor.me/img/2018-10/28/y1cj68ehp4jheu1mb9675y3o3.jpg[/thumb]\n[/align]\n[/spoiler]\n[hr]\n[spoiler="Mental Hospital V"]\n[size=28][align=center][b] [font="Georgia"][color=#245BA3]⋘ Mental Hospital V ⋙[/color][/font][/b][/align][/size]\n[hr]\n\n[img=right]https://img.alltor.me/img/2018-10/28/ex3ihkam7ca0ekov7uxafhfi7.png[/img]\n\n[font="Century Gothic"][size=13][b][color=#245BA3][u]➥ Год выпуска:[u][/color][/b] [color=#666666][font="Georgia"][b][color=#EB0005][size=17]21.11.2016[/size][/color][/b][/font][/color]\n[b][color=#245BA3][u]➥ Жанр:[u][/color][/b] [color=green][b][size=17]Хорроры[/size][/b][/color]\n[b][color=#245BA3][u]➥ Версия:[u][/color][/b] [color=#9500EB][font="Georgia"][b][size=17]v1.04[/size][/b][/font][/color]\n[b][color=#245BA3][u]➥ Интернет:[/u][/color][/b] [color=#666666][font="Georgia"][color=#EE1B5A][b][size=17]Нет[/size][/b][/color][/font][/color]\n[b][color=#245BA3][u]➥ Разработчик:[/u][/color][/b][color=#404441] [b][size=17]AGaming+[/size][/b][/color]\n[b][color=#245BA3][u]➥ Разрешения экрана:[/u][/color][/b] [color=#666666][color=#EB8100][b][font="Comic Sans MS"][size=17]Любое[/size][/font][/b][/color][/color]\n[b][color=#245BA3][u]➥ Системные требования:[/u][/color][/b] [color=#666666][font="Georgia"][color=#EE1B5A][b][size=17]Android 4.2+[/size][/b][/color][/font][/color]\n[b][color=#245BA3][u]➥ Язык интерфейса:[u][/color][/b] [color=#00EB02][b][size=17]RUS[/size][/b] [/color]\n[b][color=#245BA3][u]➥ Таблэтка:[u][/color][/b] [color=#4D00B8][b][size=17]Не требуется[/size][/b][/color]\n[b][color=#245BA3][u]➥ Тип установщика:[u][/color][/b] [color=#B83000][b][size=17]Apk[/size][/b][/color]\n[b][color=#245BA3][u]➥ Цена в Google Play:[u][/color][/b] [color=#666666][font="Georgia"][b][color=#EB0005][size=17]15р[/size][/color][/b][/font][/color]\n[hr]\n[color=#245BA3][b][u]➥[u][/b][/color]  [img]https://alltor.me/pictures/d3d75ca660feec88e8f8cced13e429a7.png[/img] [img]https://alltor.me/pictures/4b8419beb8cff438f5a76013556a8c5e.png[/img] [img]https://alltor.me/pictures/c61e028d93e8ca640bd6ca232d397fe0.png[/img] [img]https://alltor.me/pictures/3d33242e8a4deebff4d6303219c3e55f.png[/img]\n[url=https://play.google.com/store/apps/details?id=com.agaming.mentalhospitalV][img]http://img.uz/d/2018/07/5b5f529e71989.png[/img][/url][/align][hr]\n[b] [color=#245BA3]➥ Описание:[/color][/b]\n[color=#404441]Mental Hospital V – хоррор от первого лица на андроид, где вы будете исследовать психиатрическую лечебницу. Запутанная история этой игры начинается с того что журналист по имени Марк бесследно исчезает в психиатрической больнице, а всю группу людей участвующую в проекте находят мертвую. Для того чтобы найти Марка в больницу приезжает его брат которому выпадет непростая учесть исследовать мрачные и темные помещения здания и раскрыть все тайны. В этой игре вы узнаете, кто такая Элис и сделаете решающий выбор спасти жизнь брата или свою собственную. Найдите выход из этой пугающей и опасной ситуации и сделайте выбор.\n[spoiler="Порядок установки:"]\n[color=darkred]1) Установить APK\n2) Скопировать папку кэша в [b]SD/ Android/obb /[/b]\nЕсли у вас нет этой папки, создайте ее при помощи любого файлового менеджера\n3) В итоге получится[/color] [b][color=darkred]SD/ Android/obb / [/color][color=red]папка_кэша[/color][color=darkred]/файлы[/color][/b]\n[color=darkred]4) Запустить приложение[/color]\n[/spoiler]\n[/color][/size][/font]\n[hr][align=center]\n[img]https://alltor.me/pictures/2ede6902f233d0863d6537cd65830648.jpg[/img]\n[/align]\n[align=center]\n[thumb]https://img.alltor.me/img/2018-10/28/clh1ko7gshg7pu3t6wcn65kmu.jpg[/thumb]\n[thumb]https://img.alltor.me/img/2018-10/28/ipm6jogrv73a49sbfoq1haw4c.jpg[/thumb]\n[thumb]https://img.alltor.me/img/2018-10/28/0z8jbrsq5n1iti4qa5j0mke21.jpg[/thumb]\n[/align]\n[/spoiler]\n[hr]'),
(45, '[hr]\n[align=center][img]https://img.alltor.me/img/2018-10/28/nhu40itcvf6dvtj102sh6i8iu.png[/img][/align]\n[hr]\n[spoiler="Mental Hospital: Eastern Bloc"]\n[size=28][align=center][b] [font="Georgia"][color=#245BA3]⋘ Mental Hospital: Eastern Bloc ⋙[/color][/font][/b][/align][/size]\n[hr]\n\n[img=right]https://img.alltor.me/img/2018-10/28/4y7umv30qc4mepxynktmj6hid.png[/img]\n\n[font="Century Gothic"][size=13][b][color=#245BA3][u]➥ Год выпуска:[u][/color][/b] [color=#666666][font="Georgia"][b][color=#EB0005][size=17]08.05.2015[/size][/color][/b][/font][/color]\n[b][color=#245BA3][u]➥ Жанр:[u][/color][/b] [color=green][b][size=17]Хорроры[/size][/b][/color]\n[b][color=#245BA3][u]➥ Версия:[u][/color][/b] [color=#9500EB][font="Georgia"][b][size=17]v2.05.99[/size][/b][/font][/color]\n[b][color=#245BA3][u]➥ Интернет:[/u][/color][/b] [color=#666666][font="Georgia"][color=#EE1B5A][b][size=17]Нет[/size][/b][/color][/font][/color]\n[b][color=#245BA3][u]➥ Разработчик:[/u][/color][/b][color=#404441] [b][size=17]AGaming+[/size][/b][/color]\n[b][color=#245BA3][u]➥ Разрешения экрана:[/u][/color][/b] [color=#666666][color=#EB8100][b][font="Comic Sans MS"][size=17]Любое[/size][/font][/b][/color][/color]\n[b][color=#245BA3][u]➥ Системные требования:[/u][/color][/b] [color=#666666][font="Georgia"][color=#EE1B5A][b][size=17]Android 2.3+[/size][/b][/color][/font][/color]\n[b][color=#245BA3][u]➥ Язык интерфейса:[u][/color][/b] [color=#00EB02][b][size=17]ENG[/size][/b] [/color]\n[b][color=#245BA3][u]➥ Таблэтка:[u][/color][/b] [color=#4D00B8][b][size=17]Не требуется[/size][/b][/color]\n[b][color=#245BA3][u]➥ Тип установщика:[u][/color][/b] [color=#B83000][b][size=17]Apk[/size][/b][/color]\n[b][color=#245BA3][u]➥ Цена в Google Play:[u][/color][/b] [color=#666666][font="Georgia"][b][color=#EB0005][size=17]25р[/size][/color][/b][/font][/color]\n[hr]\n[color=#245BA3][b][u]➥[u][/b][/color]  [img]https://alltor.me/pictures/d3d75ca660feec88e8f8cced13e429a7.png[/img] [img]https://alltor.me/pictures/4b8419beb8cff438f5a76013556a8c5e.png[/img] [img]https://alltor.me/pictures/c61e028d93e8ca640bd6ca232d397fe0.png[/img] [img]https://alltor.me/pictures/3d33242e8a4deebff4d6303219c3e55f.png[/img]\n[url=https://play.google.com/store/apps/details?id=com.agaming.hospital][img]http://img.uz/d/2018/07/5b5f529e71989.png[/img][/url][/align][hr]\n[b] [color=#245BA3]➥ Описание:[/color][/b]\n[color=#404441]Mental Hospital: Eastern Bloc - игра на андроид, в которой вы попадете в заброшенную психиатрическую больницу, и будете блуждать там в полной темноте. Вам захочется поскорее выбраться от туда, но сделать это можно будет только, после того как вы полностью исследуете всю больницу. Но вы еще не знаете что творится за этими зловещими стенами, так что быстрее ищите выход из больницы.\n[spoiler="Порядок установки:"]\n[color=darkred]1) Установить APK\n2) Скопировать папку кэша в [b]SD/ Android/obb /[/b]\nЕсли у вас нет этой папки, создайте ее при помощи любого файлового менеджера\n3) В итоге получится[/color] [b][color=darkred]SD/ Android/obb / [/color][color=red]папка_кэша[/color][color=darkred]/файлы[/color][/b]\n[color=darkred]4) Запустить приложение[/color]\n[/spoiler]\n[/color][/size][/font]\n[hr][align=center]\n[img]https://alltor.me/pictures/2ede6902f233d0863d6537cd65830648.jpg[/img]\n[/align]\n[align=center]\n[thumb]https://img.alltor.me/img/2018-10/28/535d5mxh7slv0w1a0g2p85a06.jpg[/thumb]\n[thumb]https://img.alltor.me/img/2018-10/28/fh2c3r7vlapxuf0fv7fuc802a.jpg[/thumb]\n[thumb]https://img.alltor.me/img/2018-10/28/0wfgoh06euhea63yq9xvdisj4.jpg[/thumb]\n[/align]\n[/spoiler]\n[hr]\n[spoiler="Mental Hospital II"]\n[size=28][align=center][b] [font="Georgia"][color=#245BA3]⋘ Mental Hospital II ⋙[/color][/font][/b][/align][/size]\n[hr]\n\n[img=right]https://img.alltor.me/img/2018-10/28/czm3ugm0zks1vpz76pt8bg3u4.png[/img]\n\n[font="Century Gothic"][size=13][b][color=#245BA3][u]➥ Год выпуска:[u][/color][/b] [color=#666666][font="Georgia"][b][color=#EB0005][size=17]24.02.2016[/size][/color][/b][/font][/color]\n[b][color=#245BA3][u]➥ Жанр:[u][/color][/b] [color=green][b][size=17]Хорроры[/size][/b][/color]\n[b][color=#245BA3][u]➥ Версия:[u][/color][/b] [color=#9500EB][font="Georgia"][b][size=17]v1.01.17[/size][/b][/font][/color]\n[b][color=#245BA3][u]➥ Интернет:[/u][/color][/b] [color=#666666][font="Georgia"][color=#EE1B5A][b][size=17]Нет[/size][/b][/color][/font][/color]\n[b][color=#245BA3][u]➥ Разработчик:[/u][/color][/b][color=#404441] [b][size=17]AGaming+[/size][/b][/color]\n[b][color=#245BA3][u]➥ Разрешения экрана:[/u][/color][/b] [color=#666666][color=#EB8100][b][font="Comic Sans MS"][size=17]Любое[/size][/font][/b][/color][/color]\n[b][color=#245BA3][u]➥ Системные требования:[/u][/color][/b] [color=#666666][font="Georgia"][color=#EE1B5A][b][size=17]Android 4.0+[/size][/b][/color][/font][/color]\n[b][color=#245BA3][u]➥ Язык интерфейса:[u][/color][/b] [color=#00EB02][b][size=17]RUS[/size][/b] [/color]\n[b][color=#245BA3][u]➥ Таблэтка:[u][/color][/b] [color=#4D00B8][b][size=17]Не требуется[/size][/b][/color]\n[b][color=#245BA3][u]➥ Тип установщика:[u][/color][/b] [color=#B83000][b][size=17]Apk[/size][/b][/color]\n[b][color=#245BA3][u]➥ Цена в Google Play:[u][/color][/b] [color=#666666][font="Georgia"][b][color=#EB0005][size=17]Бесплатно[/size][/color][/b][/font][/color]\n[hr]\n[color=#245BA3][b][u]➥[u][/b][/color]  [img]https://alltor.me/pictures/d3d75ca660feec88e8f8cced13e429a7.png[/img] [img]https://alltor.me/pictures/4b8419beb8cff438f5a76013556a8c5e.png[/img] [img]https://alltor.me/pictures/c61e028d93e8ca640bd6ca232d397fe0.png[/img] [img]https://alltor.me/pictures/3d33242e8a4deebff4d6303219c3e55f.png[/img]\n[url=https://play.google.com/store/apps/details?id=com.agaming.mentalhospitallite&amp;hl=en][img]http://img.uz/d/2018/07/5b5f529e71989.png[/img][/url][/align][hr]\n[b] [color=#245BA3]➥ Описание:[/color][/b]\n[color=#404441]Mental Hospital II – вторая часть захватывающего хоррора на андроид, где вам предстоит провести репортера по темным коридорам психиатрической больницы. Наш герой решил снять репортаж про заброшенную больницу и отправился исследовать ее, блуждая по мрачным комнатам и коридорам здания. Исследуйте все помещения и собирайте нужные вам ключи, чтобы открыть все двери и выбраться на свободу. Внимательно и осторожно открывайте все двери и остерегайтесь встречи с призраками и монстрами, которые преследуют героя, как только он попал в здание. Не позволяйте призракам приблизиться к репортеру и навредить ему. Для полного погружения в игру играйте в полной темноте и в наушниках.\n[spoiler="Порядок установки:"]\n[color=darkred]1) Установить APK\n2) Скопировать папку кэша в [b]SD/ Android/obb /[/b]\nЕсли у вас нет этой папки, создайте ее при помощи любого файлового менеджера\n3) В итоге получится[/color] [b][color=darkred]SD/ Android/obb / [/color][color=red]папка_кэша[/color][color=darkred]/файлы[/color][/b]\n[color=darkred]4) Запустить приложение[/color]\n[/spoiler]\n[/color][/size][/font]\n[hr][align=center]\n[img]https://alltor.me/pictures/2ede6902f233d0863d6537cd65830648.jpg[/img]\n[/align]\n[align=center]\n[thumb]https://img.alltor.me/img/2018-10/28/40fvi5vy0wfnmctyr0fhmj0g7.jpg[/thumb]\n[thumb]https://img.alltor.me/img/2018-10/28/kuipetjdy6mtqatdg8piqezpj.jpg[/thumb]\n[thumb]https://img.alltor.me/img/2018-10/28/82t89qhsyxwi8183drjdamk83.jpg[/thumb]\n[/align]\n[/spoiler]\n[hr]\n[spoiler="Mental Hospital III"]\n[size=28][align=center][b] [font="Georgia"][color=#245BA3]⋘ Mental Hospital III ⋙[/color][/font][/b][/align][/size]\n[hr]\n\n[img=right]https://img.alltor.me/img/2018-10/28/yd9lqdizt5nt0vg1tpwyjba03.png[/img]\n\n[font="Century Gothic"][size=13][b][color=#245BA3][u]➥ Год выпуска:[u][/color][/b] [color=#666666][font="Georgia"][b][color=#EB0005][size=17]27.08.2017[/size][/color][/b][/font][/color]\n[b][color=#245BA3][u]➥ Жанр:[u][/color][/b] [color=green][b][size=17]Хорроры[/size][/b][/color]\n[b][color=#245BA3][u]➥ Версия:[u][/color][/b] [color=#9500EB][font="Georgia"][b][size=17]v1.01.02[/size][/b][/font][/color]\n[b][color=#245BA3][u]➥ Интернет:[/u][/color][/b] [color=#666666][font="Georgia"][color=#EE1B5A][b][size=17]Нет[/size][/b][/color][/font][/color]\n[b][color=#245BA3][u]➥ Разработчик:[/u][/color][/b][color=#404441] [b][size=17]AGaming+[/size][/b][/color]\n[b][color=#245BA3][u]➥ Разрешения экрана:[/u][/color][/b] [color=#666666][color=#EB8100][b][font="Comic Sans MS"][size=17]Любое[/size][/font][/b][/color][/color]\n[b][color=#245BA3][u]➥ Системные требования:[/u][/color][/b] [color=#666666][font="Georgia"][color=#EE1B5A][b][size=17]Android 4.2+[/size][/b][/color][/font][/color]\n[b][color=#245BA3][u]➥ Язык интерфейса:[u][/color][/b] [color=#00EB02][b][size=17]RUS[/size][/b] [/color]\n[b][color=#245BA3][u]➥ Таблэтка:[u][/color][/b] [color=#4D00B8][b][size=17]Не требуется[/size][/b][/color]\n[b][color=#245BA3][u]➥ Тип установщика:[u][/color][/b] [color=#B83000][b][size=17]Apk[/size][/b][/color]\n[b][color=#245BA3][u]➥ Цена в Google Play:[u][/color][/b] [color=#666666][font="Georgia"][b][color=#EB0005][size=17]15р[/size][/color][/b][/font][/color]\n[hr]\n[color=#245BA3][b][u]➥[u][/b][/color]  [img]https://alltor.me/pictures/d3d75ca660feec88e8f8cced13e429a7.png[/img] [img]https://alltor.me/pictures/4b8419beb8cff438f5a76013556a8c5e.png[/img] [img]https://alltor.me/pictures/c61e028d93e8ca640bd6ca232d397fe0.png[/img] [img]https://alltor.me/pictures/3d33242e8a4deebff4d6303219c3e55f.png[/img]\n[url=https://play.google.com/store/apps/details?id=com.agaming.mentalhospitaliii][img]http://img.uz/d/2018/07/5b5f529e71989.png[/img][/url][/align][hr]\n[b] [color=#245BA3]➥ Описание:[/color][/b]\n[color=#404441]Mental Hospital III - ужасающий хоррор на Андроид, где вам предстоит исследовать всю психбольницу и найти выход из нее. История началась с того что вам как журналисту предложили снять захват больницы в которой проводятся незаконные опыты над больными. Вы сразу согласились, ведь это казалось так легко, но на деле это было не так. Ваш день не задался с самого начала, проблемы в редакции, ужасная погода и машина не хотела вас слушаться, глохла на каждом повороте, из-за этого вы опоздали. Добравшись до больницы, на месте уже ни кого не было и вы решили сами пробраться вовнутрь, чтобы хоть немножко заснять информации. Эта была плохая идея и теперь вашей задачей будет выбраться от туда живым.\n[spoiler="Порядок установки:"]\n[color=darkred]1) Установить APK\n2) Скопировать папку кэша в [b]SD/ Android/obb /[/b]\nЕсли у вас нет этой папки, создайте ее при помощи любого файлового менеджера\n3) В итоге получится[/color] [b][color=darkred]SD/ Android/obb / [/color][color=red]папка_кэша[/color][color=darkred]/файлы[/color][/b]\n[color=darkred]4) Запустить приложение[/color]\n[/spoiler]\n[/color][/size][/font]\n[hr][align=center]\n[img]https://alltor.me/pictures/2ede6902f233d0863d6537cd65830648.jpg[/img]\n[/align]\n[align=center]\n[thumb]https://img.alltor.me/img/2018-10/28/1j95nih2uxuq8oiwnywyudvre.jpg[/thumb]\n[thumb]https://img.alltor.me/img/2018-10/28/8ad5swv2upf3x7nkr4i6c5j1r.jpg[/thumb]\n[thumb]https://img.alltor.me/img/2018-10/28/8lus4zq43lmo7e0mj20gfkx0t.jpg[/thumb]\n[/align]\n[/spoiler]\n[hr]\n[spoiler="Mental Hospital IV"]\n[size=28][align=center][b] [font="Georgia"][color=#245BA3]⋘ Mental Hospital IV ⋙[/color][/font][/b][/align][/size]\n[hr]\n\n[img=right]https://img.alltor.me/img/2018-10/28/83ga5fa32cgzs3d0muaslc2nm.jpg[/img]\n\n[font="Century Gothic"][size=13][b][color=#245BA3][u]➥ Год выпуска:[u][/color][/b] [color=#666666][font="Georgia"][b][color=#EB0005][size=17]22.03.2016[/size][/color][/b][/font][/color]\n[b][color=#245BA3][u]➥ Жанр:[u][/color][/b] [color=green][b][size=17]Хорроры[/size][/b][/color]\n[b][color=#245BA3][u]➥ Версия:[u][/color][/b] [color=#9500EB][font="Georgia"][b][size=17]v1.07[/size][/b][/font][/color]\n[b][color=#245BA3][u]➥ Интернет:[/u][/color][/b] [color=#666666][font="Georgia"][color=#EE1B5A][b][size=17]Нет[/size][/b][/color][/font][/color]\n[b][color=#245BA3][u]➥ Разработчик:[/u][/color][/b][color=#404441] [b][size=17]AGaming+[/size][/b][/color]\n[b][color=#245BA3][u]➥ Разрешения экрана:[/u][/color][/b] [color=#666666][color=#EB8100][b][font="Comic Sans MS"][size=17]Любое[/size][/font][/b][/color][/color]\n[b][color=#245BA3][u]➥ Системные требования:[/u][/color][/b] [color=#666666][font="Georgia"][color=#EE1B5A][b][size=17]Android 4.0+[/size][/b][/color][/font][/color]\n[b][color=#245BA3][u]➥ Язык интерфейса:[u][/color][/b] [color=#00EB02][b][size=17]RUS[/size][/b] [/color]\n[b][color=#245BA3][u]➥ Таблэтка:[u][/color][/b] [color=#4D00B8][b][size=17]Не требуется[/size][/b][/color]\n[b][color=#245BA3][u]➥ Тип установщика:[u][/color][/b] [color=#B83000][b][size=17]Apk[/size][/b][/color]\n[b][color=#245BA3][u]➥ Цена в Google Play:[u][/color][/b] [color=#666666][font="Georgia"][b][color=#EB0005][size=17]25р[/size][/color][/b][/font][/color]\n[hr]\n[color=#245BA3][b][u]➥[u][/b][/color]  [img]https://alltor.me/pictures/d3d75ca660feec88e8f8cced13e429a7.png[/img] [img]https://alltor.me/pictures/4b8419beb8cff438f5a76013556a8c5e.png[/img] [img]https://alltor.me/pictures/c61e028d93e8ca640bd6ca232d397fe0.png[/img] [img]https://alltor.me/pictures/3d33242e8a4deebff4d6303219c3e55f.png[/img]\n[url=https://play.google.com/store/apps/details?id=com.agaming.mentalhospitaliv][img]http://img.uz/d/2018/07/5b5f529e71989.png[/img][/url][/align][hr]\n[b] [color=#245BA3]➥ Описание:[/color][/b]\n[color=#404441]Mental Hospital IV - И снова всеми любимый ужастик на андроид. Разработчики игры предлагают игроком снова окунутся в таинственную и зловещую атмосферу заброшенных зданий, прогуляться по темным коридорам и разгадать пару загадок. История этой серии игры начинается спустя некоторое время после нашумевших событий третей части этой игры. Полиция как всегда не может найти какие-либо зацепки, газеты предпочитали молчать, а нашему герою не давала покоя история, случившаяся в больнице Святого Петра. Но вскоре появилась не большая надежда разобраться во всем этом. Неизвестный человек, позвонив по телефону, сказал что у него есть важная информация и расскажет при личной встрече. И вы отправляетесь к больнице Святого Петра...\n[spoiler="Порядок установки:"]\n[color=darkred]1) Установить APK\n2) Скопировать папку кэша в [b]SD/ Android/obb /[/b]\nЕсли у вас нет этой папки, создайте ее при помощи любого файлового менеджера\n3) В итоге получится[/color] [b][color=darkred]SD/ Android/obb / [/color][color=red]папка_кэша[/color][color=darkred]/файлы[/color][/b]\n[color=darkred]4) Запустить приложение[/color]\n[/spoiler]\n[/color][/size][/font]\n[hr][align=center]\n[img]https://alltor.me/pictures/2ede6902f233d0863d6537cd65830648.jpg[/img]\n[/align]\n[align=center]\n[thumb]https://img.alltor.me/img/2018-10/28/wi27hzkmxlbyj8pesvxmfgvf6.jpg[/thumb]\n[thumb]https://img.alltor.me/img/2018-10/28/5lsyc2lkshris5646td40ilu6.jpg[/thumb]\n[thumb]https://img.alltor.me/img/2018-10/28/y1cj68ehp4jheu1mb9675y3o3.jpg[/thumb]\n[/align]\n[/spoiler]\n[hr]\n[spoiler="Mental Hospital V"]\n[size=28][align=center][b] [font="Georgia"][color=#245BA3]⋘ Mental Hospital V ⋙[/color][/font][/b][/align][/size]\n[hr]\n\n[img=right]https://img.alltor.me/img/2018-10/28/ex3ihkam7ca0ekov7uxafhfi7.png[/img]\n\n[font="Century Gothic"][size=13][b][color=#245BA3][u]➥ Год выпуска:[u][/color][/b] [color=#666666][font="Georgia"][b][color=#EB0005][size=17]21.11.2016[/size][/color][/b][/font][/color]\n[b][color=#245BA3][u]➥ Жанр:[u][/color][/b] [color=green][b][size=17]Хорроры[/size][/b][/color]\n[b][color=#245BA3][u]➥ Версия:[u][/color][/b] [color=#9500EB][font="Georgia"][b][size=17]v1.04[/size][/b][/font][/color]\n[b][color=#245BA3][u]➥ Интернет:[/u][/color][/b] [color=#666666][font="Georgia"][color=#EE1B5A][b][size=17]Нет[/size][/b][/color][/font][/color]\n[b][color=#245BA3][u]➥ Разработчик:[/u][/color][/b][color=#404441] [b][size=17]AGaming+[/size][/b][/color]\n[b][color=#245BA3][u]➥ Разрешения экрана:[/u][/color][/b] [color=#666666][color=#EB8100][b][font="Comic Sans MS"][size=17]Любое[/size][/font][/b][/color][/color]\n[b][color=#245BA3][u]➥ Системные требования:[/u][/color][/b] [color=#666666][font="Georgia"][color=#EE1B5A][b][size=17]Android 4.2+[/size][/b][/color][/font][/color]\n[b][color=#245BA3][u]➥ Язык интерфейса:[u][/color][/b] [color=#00EB02][b][size=17]RUS[/size][/b] [/color]\n[b][color=#245BA3][u]➥ Таблэтка:[u][/color][/b] [color=#4D00B8][b][size=17]Не требуется[/size][/b][/color]\n[b][color=#245BA3][u]➥ Тип установщика:[u][/color][/b] [color=#B83000][b][size=17]Apk[/size][/b][/color]\n[b][color=#245BA3][u]➥ Цена в Google Play:[u][/color][/b] [color=#666666][font="Georgia"][b][color=#EB0005][size=17]15р[/size][/color][/b][/font][/color]\n[hr]\n[color=#245BA3][b][u]➥[u][/b][/color]  [img]https://alltor.me/pictures/d3d75ca660feec88e8f8cced13e429a7.png[/img] [img]https://alltor.me/pictures/4b8419beb8cff438f5a76013556a8c5e.png[/img] [img]https://alltor.me/pictures/c61e028d93e8ca640bd6ca232d397fe0.png[/img] [img]https://alltor.me/pictures/3d33242e8a4deebff4d6303219c3e55f.png[/img]\n[url=https://play.google.com/store/apps/details?id=com.agaming.mentalhospitalV][img]http://img.uz/d/2018/07/5b5f529e71989.png[/img][/url][/align][hr]\n[b] [color=#245BA3]➥ Описание:[/color][/b]\n[color=#404441]Mental Hospital V – хоррор от первого лица на андроид, где вы будете исследовать психиатрическую лечебницу. Запутанная история этой игры начинается с того что журналист по имени Марк бесследно исчезает в психиатрической больнице, а всю группу людей участвующую в проекте находят мертвую. Для того чтобы найти Марка в больницу приезжает его брат которому выпадет непростая учесть исследовать мрачные и темные помещения здания и раскрыть все тайны. В этой игре вы узнаете, кто такая Элис и сделаете решающий выбор спасти жизнь брата или свою собственную. Найдите выход из этой пугающей и опасной ситуации и сделайте выбор.\n[spoiler="Порядок установки:"]\n[color=darkred]1) Установить APK\n2) Скопировать папку кэша в [b]SD/ Android/obb /[/b]\nЕсли у вас нет этой папки, создайте ее при помощи любого файлового менеджера\n3) В итоге получится[/color] [b][color=darkred]SD/ Android/obb / [/color][color=red]папка_кэша[/color][color=darkred]/файлы[/color][/b]\n[color=darkred]4) Запустить приложение[/color]\n[/spoiler]\n[/color][/size][/font]\n[hr][align=center]\n[img]https://alltor.me/pictures/2ede6902f233d0863d6537cd65830648.jpg[/img]\n[/align]\n[align=center]\n[thumb]https://img.alltor.me/img/2018-10/28/clh1ko7gshg7pu3t6wcn65kmu.jpg[/thumb]\n[thumb]https://img.alltor.me/img/2018-10/28/ipm6jogrv73a49sbfoq1haw4c.jpg[/thumb]\n[thumb]https://img.alltor.me/img/2018-10/28/0z8jbrsq5n1iti4qa5j0mke21.jpg[/thumb]\n[/align]\n[/spoiler]\n[hr]');
INSERT INTO `bb_posts_text` (`post_id`, `post_text`) VALUES
(46, '[hr]\n[align=center][img]https://img.alltor.me/img/2018-10/28/nhu40itcvf6dvtj102sh6i8iu.png[/img][/align]\n[hr]\n[spoiler="Mental Hospital: Eastern Bloc"]\n[size=28][align=center][b] [font="Georgia"][color=#245BA3]⋘ Mental Hospital: Eastern Bloc ⋙[/color][/font][/b][/align][/size]\n[hr]\n\n[img=right]https://img.alltor.me/img/2018-10/28/4y7umv30qc4mepxynktmj6hid.png[/img]\n\n[font="Century Gothic"][size=13][b][color=#245BA3][u]➥ Год выпуска:[u][/color][/b] [color=#666666][font="Georgia"][b][color=#EB0005][size=17]08.05.2015[/size][/color][/b][/font][/color]\n[b][color=#245BA3][u]➥ Жанр:[u][/color][/b] [color=green][b][size=17]Хорроры[/size][/b][/color]\n[b][color=#245BA3][u]➥ Версия:[u][/color][/b] [color=#9500EB][font="Georgia"][b][size=17]v2.05.99[/size][/b][/font][/color]\n[b][color=#245BA3][u]➥ Интернет:[/u][/color][/b] [color=#666666][font="Georgia"][color=#EE1B5A][b][size=17]Нет[/size][/b][/color][/font][/color]\n[b][color=#245BA3][u]➥ Разработчик:[/u][/color][/b][color=#404441] [b][size=17]AGaming+[/size][/b][/color]\n[b][color=#245BA3][u]➥ Разрешения экрана:[/u][/color][/b] [color=#666666][color=#EB8100][b][font="Comic Sans MS"][size=17]Любое[/size][/font][/b][/color][/color]\n[b][color=#245BA3][u]➥ Системные требования:[/u][/color][/b] [color=#666666][font="Georgia"][color=#EE1B5A][b][size=17]Android 2.3+[/size][/b][/color][/font][/color]\n[b][color=#245BA3][u]➥ Язык интерфейса:[u][/color][/b] [color=#00EB02][b][size=17]ENG[/size][/b] [/color]\n[b][color=#245BA3][u]➥ Таблэтка:[u][/color][/b] [color=#4D00B8][b][size=17]Не требуется[/size][/b][/color]\n[b][color=#245BA3][u]➥ Тип установщика:[u][/color][/b] [color=#B83000][b][size=17]Apk[/size][/b][/color]\n[b][color=#245BA3][u]➥ Цена в Google Play:[u][/color][/b] [color=#666666][font="Georgia"][b][color=#EB0005][size=17]25р[/size][/color][/b][/font][/color]\n[hr]\n[color=#245BA3][b][u]➥[u][/b][/color]  [img]https://alltor.me/pictures/d3d75ca660feec88e8f8cced13e429a7.png[/img] [img]https://alltor.me/pictures/4b8419beb8cff438f5a76013556a8c5e.png[/img] [img]https://alltor.me/pictures/c61e028d93e8ca640bd6ca232d397fe0.png[/img] [img]https://alltor.me/pictures/3d33242e8a4deebff4d6303219c3e55f.png[/img]\n[url=https://play.google.com/store/apps/details?id=com.agaming.hospital][img]http://img.uz/d/2018/07/5b5f529e71989.png[/img][/url][/align][hr]\n[b] [color=#245BA3]➥ Описание:[/color][/b]\n[color=#404441]Mental Hospital: Eastern Bloc - игра на андроид, в которой вы попадете в заброшенную психиатрическую больницу, и будете блуждать там в полной темноте. Вам захочется поскорее выбраться от туда, но сделать это можно будет только, после того как вы полностью исследуете всю больницу. Но вы еще не знаете что творится за этими зловещими стенами, так что быстрее ищите выход из больницы.\n[spoiler="Порядок установки:"]\n[color=darkred]1) Установить APK\n2) Скопировать папку кэша в [b]SD/ Android/obb /[/b]\nЕсли у вас нет этой папки, создайте ее при помощи любого файлового менеджера\n3) В итоге получится[/color] [b][color=darkred]SD/ Android/obb / [/color][color=red]папка_кэша[/color][color=darkred]/файлы[/color][/b]\n[color=darkred]4) Запустить приложение[/color]\n[/spoiler]\n[/color][/size][/font]\n[hr][align=center]\n[img]https://alltor.me/pictures/2ede6902f233d0863d6537cd65830648.jpg[/img]\n[/align]\n[align=center]\n[thumb]https://img.alltor.me/img/2018-10/28/535d5mxh7slv0w1a0g2p85a06.jpg[/thumb]\n[thumb]https://img.alltor.me/img/2018-10/28/fh2c3r7vlapxuf0fv7fuc802a.jpg[/thumb]\n[thumb]https://img.alltor.me/img/2018-10/28/0wfgoh06euhea63yq9xvdisj4.jpg[/thumb]\n[/align]\n[/spoiler]\n[hr]\n[spoiler="Mental Hospital II"]\n[size=28][align=center][b] [font="Georgia"][color=#245BA3]⋘ Mental Hospital II ⋙[/color][/font][/b][/align][/size]\n[hr]\n\n[img=right]https://img.alltor.me/img/2018-10/28/czm3ugm0zks1vpz76pt8bg3u4.png[/img]\n\n[font="Century Gothic"][size=13][b][color=#245BA3][u]➥ Год выпуска:[u][/color][/b] [color=#666666][font="Georgia"][b][color=#EB0005][size=17]24.02.2016[/size][/color][/b][/font][/color]\n[b][color=#245BA3][u]➥ Жанр:[u][/color][/b] [color=green][b][size=17]Хорроры[/size][/b][/color]\n[b][color=#245BA3][u]➥ Версия:[u][/color][/b] [color=#9500EB][font="Georgia"][b][size=17]v1.01.17[/size][/b][/font][/color]\n[b][color=#245BA3][u]➥ Интернет:[/u][/color][/b] [color=#666666][font="Georgia"][color=#EE1B5A][b][size=17]Нет[/size][/b][/color][/font][/color]\n[b][color=#245BA3][u]➥ Разработчик:[/u][/color][/b][color=#404441] [b][size=17]AGaming+[/size][/b][/color]\n[b][color=#245BA3][u]➥ Разрешения экрана:[/u][/color][/b] [color=#666666][color=#EB8100][b][font="Comic Sans MS"][size=17]Любое[/size][/font][/b][/color][/color]\n[b][color=#245BA3][u]➥ Системные требования:[/u][/color][/b] [color=#666666][font="Georgia"][color=#EE1B5A][b][size=17]Android 4.0+[/size][/b][/color][/font][/color]\n[b][color=#245BA3][u]➥ Язык интерфейса:[u][/color][/b] [color=#00EB02][b][size=17]RUS[/size][/b] [/color]\n[b][color=#245BA3][u]➥ Таблэтка:[u][/color][/b] [color=#4D00B8][b][size=17]Не требуется[/size][/b][/color]\n[b][color=#245BA3][u]➥ Тип установщика:[u][/color][/b] [color=#B83000][b][size=17]Apk[/size][/b][/color]\n[b][color=#245BA3][u]➥ Цена в Google Play:[u][/color][/b] [color=#666666][font="Georgia"][b][color=#EB0005][size=17]Бесплатно[/size][/color][/b][/font][/color]\n[hr]\n[color=#245BA3][b][u]➥[u][/b][/color]  [img]https://alltor.me/pictures/d3d75ca660feec88e8f8cced13e429a7.png[/img] [img]https://alltor.me/pictures/4b8419beb8cff438f5a76013556a8c5e.png[/img] [img]https://alltor.me/pictures/c61e028d93e8ca640bd6ca232d397fe0.png[/img] [img]https://alltor.me/pictures/3d33242e8a4deebff4d6303219c3e55f.png[/img]\n[url=https://play.google.com/store/apps/details?id=com.agaming.mentalhospitallite&amp;hl=en][img]http://img.uz/d/2018/07/5b5f529e71989.png[/img][/url][/align][hr]\n[b] [color=#245BA3]➥ Описание:[/color][/b]\n[color=#404441]Mental Hospital II – вторая часть захватывающего хоррора на андроид, где вам предстоит провести репортера по темным коридорам психиатрической больницы. Наш герой решил снять репортаж про заброшенную больницу и отправился исследовать ее, блуждая по мрачным комнатам и коридорам здания. Исследуйте все помещения и собирайте нужные вам ключи, чтобы открыть все двери и выбраться на свободу. Внимательно и осторожно открывайте все двери и остерегайтесь встречи с призраками и монстрами, которые преследуют героя, как только он попал в здание. Не позволяйте призракам приблизиться к репортеру и навредить ему. Для полного погружения в игру играйте в полной темноте и в наушниках.\n[spoiler="Порядок установки:"]\n[color=darkred]1) Установить APK\n2) Скопировать папку кэша в [b]SD/ Android/obb /[/b]\nЕсли у вас нет этой папки, создайте ее при помощи любого файлового менеджера\n3) В итоге получится[/color] [b][color=darkred]SD/ Android/obb / [/color][color=red]папка_кэша[/color][color=darkred]/файлы[/color][/b]\n[color=darkred]4) Запустить приложение[/color]\n[/spoiler]\n[/color][/size][/font]\n[hr][align=center]\n[img]https://alltor.me/pictures/2ede6902f233d0863d6537cd65830648.jpg[/img]\n[/align]\n[align=center]\n[thumb]https://img.alltor.me/img/2018-10/28/40fvi5vy0wfnmctyr0fhmj0g7.jpg[/thumb]\n[thumb]https://img.alltor.me/img/2018-10/28/kuipetjdy6mtqatdg8piqezpj.jpg[/thumb]\n[thumb]https://img.alltor.me/img/2018-10/28/82t89qhsyxwi8183drjdamk83.jpg[/thumb]\n[/align]\n[/spoiler]\n[hr]\n[spoiler="Mental Hospital III"]\n[size=28][align=center][b] [font="Georgia"][color=#245BA3]⋘ Mental Hospital III ⋙[/color][/font][/b][/align][/size]\n[hr]\n\n[img=right]https://img.alltor.me/img/2018-10/28/yd9lqdizt5nt0vg1tpwyjba03.png[/img]\n\n[font="Century Gothic"][size=13][b][color=#245BA3][u]➥ Год выпуска:[u][/color][/b] [color=#666666][font="Georgia"][b][color=#EB0005][size=17]27.08.2017[/size][/color][/b][/font][/color]\n[b][color=#245BA3][u]➥ Жанр:[u][/color][/b] [color=green][b][size=17]Хорроры[/size][/b][/color]\n[b][color=#245BA3][u]➥ Версия:[u][/color][/b] [color=#9500EB][font="Georgia"][b][size=17]v1.01.02[/size][/b][/font][/color]\n[b][color=#245BA3][u]➥ Интернет:[/u][/color][/b] [color=#666666][font="Georgia"][color=#EE1B5A][b][size=17]Нет[/size][/b][/color][/font][/color]\n[b][color=#245BA3][u]➥ Разработчик:[/u][/color][/b][color=#404441] [b][size=17]AGaming+[/size][/b][/color]\n[b][color=#245BA3][u]➥ Разрешения экрана:[/u][/color][/b] [color=#666666][color=#EB8100][b][font="Comic Sans MS"][size=17]Любое[/size][/font][/b][/color][/color]\n[b][color=#245BA3][u]➥ Системные требования:[/u][/color][/b] [color=#666666][font="Georgia"][color=#EE1B5A][b][size=17]Android 4.2+[/size][/b][/color][/font][/color]\n[b][color=#245BA3][u]➥ Язык интерфейса:[u][/color][/b] [color=#00EB02][b][size=17]RUS[/size][/b] [/color]\n[b][color=#245BA3][u]➥ Таблэтка:[u][/color][/b] [color=#4D00B8][b][size=17]Не требуется[/size][/b][/color]\n[b][color=#245BA3][u]➥ Тип установщика:[u][/color][/b] [color=#B83000][b][size=17]Apk[/size][/b][/color]\n[b][color=#245BA3][u]➥ Цена в Google Play:[u][/color][/b] [color=#666666][font="Georgia"][b][color=#EB0005][size=17]15р[/size][/color][/b][/font][/color]\n[hr]\n[color=#245BA3][b][u]➥[u][/b][/color]  [img]https://alltor.me/pictures/d3d75ca660feec88e8f8cced13e429a7.png[/img] [img]https://alltor.me/pictures/4b8419beb8cff438f5a76013556a8c5e.png[/img] [img]https://alltor.me/pictures/c61e028d93e8ca640bd6ca232d397fe0.png[/img] [img]https://alltor.me/pictures/3d33242e8a4deebff4d6303219c3e55f.png[/img]\n[url=https://play.google.com/store/apps/details?id=com.agaming.mentalhospitaliii][img]http://img.uz/d/2018/07/5b5f529e71989.png[/img][/url][/align][hr]\n[b] [color=#245BA3]➥ Описание:[/color][/b]\n[color=#404441]Mental Hospital III - ужасающий хоррор на Андроид, где вам предстоит исследовать всю психбольницу и найти выход из нее. История началась с того что вам как журналисту предложили снять захват больницы в которой проводятся незаконные опыты над больными. Вы сразу согласились, ведь это казалось так легко, но на деле это было не так. Ваш день не задался с самого начала, проблемы в редакции, ужасная погода и машина не хотела вас слушаться, глохла на каждом повороте, из-за этого вы опоздали. Добравшись до больницы, на месте уже ни кого не было и вы решили сами пробраться вовнутрь, чтобы хоть немножко заснять информации. Эта была плохая идея и теперь вашей задачей будет выбраться от туда живым.\n[spoiler="Порядок установки:"]\n[color=darkred]1) Установить APK\n2) Скопировать папку кэша в [b]SD/ Android/obb /[/b]\nЕсли у вас нет этой папки, создайте ее при помощи любого файлового менеджера\n3) В итоге получится[/color] [b][color=darkred]SD/ Android/obb / [/color][color=red]папка_кэша[/color][color=darkred]/файлы[/color][/b]\n[color=darkred]4) Запустить приложение[/color]\n[/spoiler]\n[/color][/size][/font]\n[hr][align=center]\n[img]https://alltor.me/pictures/2ede6902f233d0863d6537cd65830648.jpg[/img]\n[/align]\n[align=center]\n[thumb]https://img.alltor.me/img/2018-10/28/1j95nih2uxuq8oiwnywyudvre.jpg[/thumb]\n[thumb]https://img.alltor.me/img/2018-10/28/8ad5swv2upf3x7nkr4i6c5j1r.jpg[/thumb]\n[thumb]https://img.alltor.me/img/2018-10/28/8lus4zq43lmo7e0mj20gfkx0t.jpg[/thumb]\n[/align]\n[/spoiler]\n[hr]\n[spoiler="Mental Hospital IV"]\n[size=28][align=center][b] [font="Georgia"][color=#245BA3]⋘ Mental Hospital IV ⋙[/color][/font][/b][/align][/size]\n[hr]\n\n[img=right]https://img.alltor.me/img/2018-10/28/83ga5fa32cgzs3d0muaslc2nm.jpg[/img]\n\n[font="Century Gothic"][size=13][b][color=#245BA3][u]➥ Год выпуска:[u][/color][/b] [color=#666666][font="Georgia"][b][color=#EB0005][size=17]22.03.2016[/size][/color][/b][/font][/color]\n[b][color=#245BA3][u]➥ Жанр:[u][/color][/b] [color=green][b][size=17]Хорроры[/size][/b][/color]\n[b][color=#245BA3][u]➥ Версия:[u][/color][/b] [color=#9500EB][font="Georgia"][b][size=17]v1.07[/size][/b][/font][/color]\n[b][color=#245BA3][u]➥ Интернет:[/u][/color][/b] [color=#666666][font="Georgia"][color=#EE1B5A][b][size=17]Нет[/size][/b][/color][/font][/color]\n[b][color=#245BA3][u]➥ Разработчик:[/u][/color][/b][color=#404441] [b][size=17]AGaming+[/size][/b][/color]\n[b][color=#245BA3][u]➥ Разрешения экрана:[/u][/color][/b] [color=#666666][color=#EB8100][b][font="Comic Sans MS"][size=17]Любое[/size][/font][/b][/color][/color]\n[b][color=#245BA3][u]➥ Системные требования:[/u][/color][/b] [color=#666666][font="Georgia"][color=#EE1B5A][b][size=17]Android 4.0+[/size][/b][/color][/font][/color]\n[b][color=#245BA3][u]➥ Язык интерфейса:[u][/color][/b] [color=#00EB02][b][size=17]RUS[/size][/b] [/color]\n[b][color=#245BA3][u]➥ Таблэтка:[u][/color][/b] [color=#4D00B8][b][size=17]Не требуется[/size][/b][/color]\n[b][color=#245BA3][u]➥ Тип установщика:[u][/color][/b] [color=#B83000][b][size=17]Apk[/size][/b][/color]\n[b][color=#245BA3][u]➥ Цена в Google Play:[u][/color][/b] [color=#666666][font="Georgia"][b][color=#EB0005][size=17]25р[/size][/color][/b][/font][/color]\n[hr]\n[color=#245BA3][b][u]➥[u][/b][/color]  [img]https://alltor.me/pictures/d3d75ca660feec88e8f8cced13e429a7.png[/img] [img]https://alltor.me/pictures/4b8419beb8cff438f5a76013556a8c5e.png[/img] [img]https://alltor.me/pictures/c61e028d93e8ca640bd6ca232d397fe0.png[/img] [img]https://alltor.me/pictures/3d33242e8a4deebff4d6303219c3e55f.png[/img]\n[url=https://play.google.com/store/apps/details?id=com.agaming.mentalhospitaliv][img]http://img.uz/d/2018/07/5b5f529e71989.png[/img][/url][/align][hr]\n[b] [color=#245BA3]➥ Описание:[/color][/b]\n[color=#404441]Mental Hospital IV - И снова всеми любимый ужастик на андроид. Разработчики игры предлагают игроком снова окунутся в таинственную и зловещую атмосферу заброшенных зданий, прогуляться по темным коридорам и разгадать пару загадок. История этой серии игры начинается спустя некоторое время после нашумевших событий третей части этой игры. Полиция как всегда не может найти какие-либо зацепки, газеты предпочитали молчать, а нашему герою не давала покоя история, случившаяся в больнице Святого Петра. Но вскоре появилась не большая надежда разобраться во всем этом. Неизвестный человек, позвонив по телефону, сказал что у него есть важная информация и расскажет при личной встрече. И вы отправляетесь к больнице Святого Петра...\n[spoiler="Порядок установки:"]\n[color=darkred]1) Установить APK\n2) Скопировать папку кэша в [b]SD/ Android/obb /[/b]\nЕсли у вас нет этой папки, создайте ее при помощи любого файлового менеджера\n3) В итоге получится[/color] [b][color=darkred]SD/ Android/obb / [/color][color=red]папка_кэша[/color][color=darkred]/файлы[/color][/b]\n[color=darkred]4) Запустить приложение[/color]\n[/spoiler]\n[/color][/size][/font]\n[hr][align=center]\n[img]https://alltor.me/pictures/2ede6902f233d0863d6537cd65830648.jpg[/img]\n[/align]\n[align=center]\n[thumb]https://img.alltor.me/img/2018-10/28/wi27hzkmxlbyj8pesvxmfgvf6.jpg[/thumb]\n[thumb]https://img.alltor.me/img/2018-10/28/5lsyc2lkshris5646td40ilu6.jpg[/thumb]\n[thumb]https://img.alltor.me/img/2018-10/28/y1cj68ehp4jheu1mb9675y3o3.jpg[/thumb]\n[/align]\n[/spoiler]\n[hr]\n[spoiler="Mental Hospital V"]\n[size=28][align=center][b] [font="Georgia"][color=#245BA3]⋘ Mental Hospital V ⋙[/color][/font][/b][/align][/size]\n[hr]\n\n[img=right]https://img.alltor.me/img/2018-10/28/ex3ihkam7ca0ekov7uxafhfi7.png[/img]\n\n[font="Century Gothic"][size=13][b][color=#245BA3][u]➥ Год выпуска:[u][/color][/b] [color=#666666][font="Georgia"][b][color=#EB0005][size=17]21.11.2016[/size][/color][/b][/font][/color]\n[b][color=#245BA3][u]➥ Жанр:[u][/color][/b] [color=green][b][size=17]Хорроры[/size][/b][/color]\n[b][color=#245BA3][u]➥ Версия:[u][/color][/b] [color=#9500EB][font="Georgia"][b][size=17]v1.04[/size][/b][/font][/color]\n[b][color=#245BA3][u]➥ Интернет:[/u][/color][/b] [color=#666666][font="Georgia"][color=#EE1B5A][b][size=17]Нет[/size][/b][/color][/font][/color]\n[b][color=#245BA3][u]➥ Разработчик:[/u][/color][/b][color=#404441] [b][size=17]AGaming+[/size][/b][/color]\n[b][color=#245BA3][u]➥ Разрешения экрана:[/u][/color][/b] [color=#666666][color=#EB8100][b][font="Comic Sans MS"][size=17]Любое[/size][/font][/b][/color][/color]\n[b][color=#245BA3][u]➥ Системные требования:[/u][/color][/b] [color=#666666][font="Georgia"][color=#EE1B5A][b][size=17]Android 4.2+[/size][/b][/color][/font][/color]\n[b][color=#245BA3][u]➥ Язык интерфейса:[u][/color][/b] [color=#00EB02][b][size=17]RUS[/size][/b] [/color]\n[b][color=#245BA3][u]➥ Таблэтка:[u][/color][/b] [color=#4D00B8][b][size=17]Не требуется[/size][/b][/color]\n[b][color=#245BA3][u]➥ Тип установщика:[u][/color][/b] [color=#B83000][b][size=17]Apk[/size][/b][/color]\n[b][color=#245BA3][u]➥ Цена в Google Play:[u][/color][/b] [color=#666666][font="Georgia"][b][color=#EB0005][size=17]15р[/size][/color][/b][/font][/color]\n[hr]\n[color=#245BA3][b][u]➥[u][/b][/color]  [img]https://alltor.me/pictures/d3d75ca660feec88e8f8cced13e429a7.png[/img] [img]https://alltor.me/pictures/4b8419beb8cff438f5a76013556a8c5e.png[/img] [img]https://alltor.me/pictures/c61e028d93e8ca640bd6ca232d397fe0.png[/img] [img]https://alltor.me/pictures/3d33242e8a4deebff4d6303219c3e55f.png[/img]\n[url=https://play.google.com/store/apps/details?id=com.agaming.mentalhospitalV][img]http://img.uz/d/2018/07/5b5f529e71989.png[/img][/url][/align][hr]\n[b] [color=#245BA3]➥ Описание:[/color][/b]\n[color=#404441]Mental Hospital V – хоррор от первого лица на андроид, где вы будете исследовать психиатрическую лечебницу. Запутанная история этой игры начинается с того что журналист по имени Марк бесследно исчезает в психиатрической больнице, а всю группу людей участвующую в проекте находят мертвую. Для того чтобы найти Марка в больницу приезжает его брат которому выпадет непростая учесть исследовать мрачные и темные помещения здания и раскрыть все тайны. В этой игре вы узнаете, кто такая Элис и сделаете решающий выбор спасти жизнь брата или свою собственную. Найдите выход из этой пугающей и опасной ситуации и сделайте выбор.\n[spoiler="Порядок установки:"]\n[color=darkred]1) Установить APK\n2) Скопировать папку кэша в [b]SD/ Android/obb /[/b]\nЕсли у вас нет этой папки, создайте ее при помощи любого файлового менеджера\n3) В итоге получится[/color] [b][color=darkred]SD/ Android/obb / [/color][color=red]папка_кэша[/color][color=darkred]/файлы[/color][/b]\n[color=darkred]4) Запустить приложение[/color]\n[/spoiler]\n[/color][/size][/font]\n[hr][align=center]\n[img]https://alltor.me/pictures/2ede6902f233d0863d6537cd65830648.jpg[/img]\n[/align]\n[align=center]\n[thumb]https://img.alltor.me/img/2018-10/28/clh1ko7gshg7pu3t6wcn65kmu.jpg[/thumb]\n[thumb]https://img.alltor.me/img/2018-10/28/ipm6jogrv73a49sbfoq1haw4c.jpg[/thumb]\n[thumb]https://img.alltor.me/img/2018-10/28/0z8jbrsq5n1iti4qa5j0mke21.jpg[/thumb]\n[/align]\n[/spoiler]\n[hr]'),
(47, '[align=center][img]https://img.alltor.me/img/2018-10/28/nhu40itcvf6dvtj102sh6i8iu.png[/img][/align]\n[hr]\n[spoiler="Mental Hospital: Eastern Bloc"]\n[size=28][align=center][b] [font="Georgia"][color=#245BA3]⋘ Mental Hospital: Eastern Bloc ⋙[/color][/font][/b][/align][/size]\n[hr]\n\n[img=right]https://img.alltor.me/img/2018-10/28/4y7umv30qc4mepxynktmj6hid.png[/img]\n\n[font="Century Gothic"][size=13][b][color=#245BA3][u]➥ Год выпуска:[u][/color][/b] [color=#666666][font="Georgia"][b][color=#EB0005][size=17]08.05.2015[/size][/color][/b][/font][/color]\n[b][color=#245BA3][u]➥ Жанр:[u][/color][/b] [color=green][b][size=17]Хорроры[/size][/b][/color]\n[b][color=#245BA3][u]➥ Версия:[u][/color][/b] [color=#9500EB][font="Georgia"][b][size=17]v2.05.99[/size][/b][/font][/color]\n[b][color=#245BA3][u]➥ Интернет:[/u][/color][/b] [color=#666666][font="Georgia"][color=#EE1B5A][b][size=17]Нет[/size][/b][/color][/font][/color]\n[b][color=#245BA3][u]➥ Разработчик:[/u][/color][/b][color=#404441] [b][size=17]AGaming+[/size][/b][/color]\n[b][color=#245BA3][u]➥ Разрешения экрана:[/u][/color][/b] [color=#666666][color=#EB8100][b][font="Comic Sans MS"][size=17]Любое[/size][/font][/b][/color][/color]\n[b][color=#245BA3][u]➥ Системные требования:[/u][/color][/b] [color=#666666][font="Georgia"][color=#EE1B5A][b][size=17]Android 2.3+[/size][/b][/color][/font][/color]\n[b][color=#245BA3][u]➥ Язык интерфейса:[u][/color][/b] [color=#00EB02][b][size=17]ENG[/size][/b] [/color]\n[b][color=#245BA3][u]➥ Таблэтка:[u][/color][/b] [color=#4D00B8][b][size=17]Не требуется[/size][/b][/color]\n[b][color=#245BA3][u]➥ Тип установщика:[u][/color][/b] [color=#B83000][b][size=17]Apk[/size][/b][/color]\n[b][color=#245BA3][u]➥ Цена в Google Play:[u][/color][/b] [color=#666666][font="Georgia"][b][color=#EB0005][size=17]25р[/size][/color][/b][/font][/color]\n[hr]\n[color=#245BA3][b][u]➥[u][/b][/color]  [img]https://alltor.me/pictures/d3d75ca660feec88e8f8cced13e429a7.png[/img] [img]https://alltor.me/pictures/4b8419beb8cff438f5a76013556a8c5e.png[/img] [img]https://alltor.me/pictures/c61e028d93e8ca640bd6ca232d397fe0.png[/img] [img]https://alltor.me/pictures/3d33242e8a4deebff4d6303219c3e55f.png[/img]\n[url=https://play.google.com/store/apps/details?id=com.agaming.hospital][img]http://img.uz/d/2018/07/5b5f529e71989.png[/img][/url][/align][hr]\n[b] [color=#245BA3]➥ Описание:[/color][/b]\n[color=#404441]Mental Hospital: Eastern Bloc - игра на андроид, в которой вы попадете в заброшенную психиатрическую больницу, и будете блуждать там в полной темноте. Вам захочется поскорее выбраться от туда, но сделать это можно будет только, после того как вы полностью исследуете всю больницу. Но вы еще не знаете что творится за этими зловещими стенами, так что быстрее ищите выход из больницы.\n[spoiler="Порядок установки:"]\n[color=darkred]1) Установить APK\n2) Скопировать папку кэша в [b]SD/ Android/obb /[/b]\nЕсли у вас нет этой папки, создайте ее при помощи любого файлового менеджера\n3) В итоге получится[/color] [b][color=darkred]SD/ Android/obb / [/color][color=red]папка_кэша[/color][color=darkred]/файлы[/color][/b]\n[color=darkred]4) Запустить приложение[/color]\n[/spoiler]\n[/color][/size][/font]\n[hr][align=center]\n[img]https://alltor.me/pictures/2ede6902f233d0863d6537cd65830648.jpg[/img]\n[/align]\n[align=center]\n[thumb]https://img.alltor.me/img/2018-10/28/535d5mxh7slv0w1a0g2p85a06.jpg[/thumb]\n[thumb]https://img.alltor.me/img/2018-10/28/fh2c3r7vlapxuf0fv7fuc802a.jpg[/thumb]\n[thumb]https://img.alltor.me/img/2018-10/28/0wfgoh06euhea63yq9xvdisj4.jpg[/thumb]\n[/align]\n[/spoiler]\n[hr]\n[spoiler="Mental Hospital II"]\n[size=28][align=center][b] [font="Georgia"][color=#245BA3]⋘ Mental Hospital II ⋙[/color][/font][/b][/align][/size]\n[hr]\n\n[img=right]https://img.alltor.me/img/2018-10/28/czm3ugm0zks1vpz76pt8bg3u4.png[/img]\n\n[font="Century Gothic"][size=13][b][color=#245BA3][u]➥ Год выпуска:[u][/color][/b] [color=#666666][font="Georgia"][b][color=#EB0005][size=17]24.02.2016[/size][/color][/b][/font][/color]\n[b][color=#245BA3][u]➥ Жанр:[u][/color][/b] [color=green][b][size=17]Хорроры[/size][/b][/color]\n[b][color=#245BA3][u]➥ Версия:[u][/color][/b] [color=#9500EB][font="Georgia"][b][size=17]v1.01.17[/size][/b][/font][/color]\n[b][color=#245BA3][u]➥ Интернет:[/u][/color][/b] [color=#666666][font="Georgia"][color=#EE1B5A][b][size=17]Нет[/size][/b][/color][/font][/color]\n[b][color=#245BA3][u]➥ Разработчик:[/u][/color][/b][color=#404441] [b][size=17]AGaming+[/size][/b][/color]\n[b][color=#245BA3][u]➥ Разрешения экрана:[/u][/color][/b] [color=#666666][color=#EB8100][b][font="Comic Sans MS"][size=17]Любое[/size][/font][/b][/color][/color]\n[b][color=#245BA3][u]➥ Системные требования:[/u][/color][/b] [color=#666666][font="Georgia"][color=#EE1B5A][b][size=17]Android 4.0+[/size][/b][/color][/font][/color]\n[b][color=#245BA3][u]➥ Язык интерфейса:[u][/color][/b] [color=#00EB02][b][size=17]RUS[/size][/b] [/color]\n[b][color=#245BA3][u]➥ Таблэтка:[u][/color][/b] [color=#4D00B8][b][size=17]Не требуется[/size][/b][/color]\n[b][color=#245BA3][u]➥ Тип установщика:[u][/color][/b] [color=#B83000][b][size=17]Apk[/size][/b][/color]\n[b][color=#245BA3][u]➥ Цена в Google Play:[u][/color][/b] [color=#666666][font="Georgia"][b][color=#EB0005][size=17]Бесплатно[/size][/color][/b][/font][/color]\n[hr]\n[color=#245BA3][b][u]➥[u][/b][/color]  [img]https://alltor.me/pictures/d3d75ca660feec88e8f8cced13e429a7.png[/img] [img]https://alltor.me/pictures/4b8419beb8cff438f5a76013556a8c5e.png[/img] [img]https://alltor.me/pictures/c61e028d93e8ca640bd6ca232d397fe0.png[/img] [img]https://alltor.me/pictures/3d33242e8a4deebff4d6303219c3e55f.png[/img]\n[url=https://play.google.com/store/apps/details?id=com.agaming.mentalhospitallite&amp;hl=en][img]http://img.uz/d/2018/07/5b5f529e71989.png[/img][/url][/align][hr]\n[b] [color=#245BA3]➥ Описание:[/color][/b]\n[color=#404441]Mental Hospital II – вторая часть захватывающего хоррора на андроид, где вам предстоит провести репортера по темным коридорам психиатрической больницы. Наш герой решил снять репортаж про заброшенную больницу и отправился исследовать ее, блуждая по мрачным комнатам и коридорам здания. Исследуйте все помещения и собирайте нужные вам ключи, чтобы открыть все двери и выбраться на свободу. Внимательно и осторожно открывайте все двери и остерегайтесь встречи с призраками и монстрами, которые преследуют героя, как только он попал в здание. Не позволяйте призракам приблизиться к репортеру и навредить ему. Для полного погружения в игру играйте в полной темноте и в наушниках.\n[spoiler="Порядок установки:"]\n[color=darkred]1) Установить APK\n2) Скопировать папку кэша в [b]SD/ Android/obb /[/b]\nЕсли у вас нет этой папки, создайте ее при помощи любого файлового менеджера\n3) В итоге получится[/color] [b][color=darkred]SD/ Android/obb / [/color][color=red]папка_кэша[/color][color=darkred]/файлы[/color][/b]\n[color=darkred]4) Запустить приложение[/color]\n[/spoiler]\n[/color][/size][/font]\n[hr][align=center]\n[img]https://alltor.me/pictures/2ede6902f233d0863d6537cd65830648.jpg[/img]\n[/align]\n[align=center]\n[thumb]https://img.alltor.me/img/2018-10/28/40fvi5vy0wfnmctyr0fhmj0g7.jpg[/thumb]\n[thumb]https://img.alltor.me/img/2018-10/28/kuipetjdy6mtqatdg8piqezpj.jpg[/thumb]\n[thumb]https://img.alltor.me/img/2018-10/28/82t89qhsyxwi8183drjdamk83.jpg[/thumb]\n[/align]\n[/spoiler]\n[hr]\n[spoiler="Mental Hospital III"]\n[size=28][align=center][b] [font="Georgia"][color=#245BA3]⋘ Mental Hospital III ⋙[/color][/font][/b][/align][/size]\n[hr]\n\n[img=right]https://img.alltor.me/img/2018-10/28/yd9lqdizt5nt0vg1tpwyjba03.png[/img]\n\n[font="Century Gothic"][size=13][b][color=#245BA3][u]➥ Год выпуска:[u][/color][/b] [color=#666666][font="Georgia"][b][color=#EB0005][size=17]27.08.2017[/size][/color][/b][/font][/color]\n[b][color=#245BA3][u]➥ Жанр:[u][/color][/b] [color=green][b][size=17]Хорроры[/size][/b][/color]\n[b][color=#245BA3][u]➥ Версия:[u][/color][/b] [color=#9500EB][font="Georgia"][b][size=17]v1.01.02[/size][/b][/font][/color]\n[b][color=#245BA3][u]➥ Интернет:[/u][/color][/b] [color=#666666][font="Georgia"][color=#EE1B5A][b][size=17]Нет[/size][/b][/color][/font][/color]\n[b][color=#245BA3][u]➥ Разработчик:[/u][/color][/b][color=#404441] [b][size=17]AGaming+[/size][/b][/color]\n[b][color=#245BA3][u]➥ Разрешения экрана:[/u][/color][/b] [color=#666666][color=#EB8100][b][font="Comic Sans MS"][size=17]Любое[/size][/font][/b][/color][/color]\n[b][color=#245BA3][u]➥ Системные требования:[/u][/color][/b] [color=#666666][font="Georgia"][color=#EE1B5A][b][size=17]Android 4.2+[/size][/b][/color][/font][/color]\n[b][color=#245BA3][u]➥ Язык интерфейса:[u][/color][/b] [color=#00EB02][b][size=17]RUS[/size][/b] [/color]\n[b][color=#245BA3][u]➥ Таблэтка:[u][/color][/b] [color=#4D00B8][b][size=17]Не требуется[/size][/b][/color]\n[b][color=#245BA3][u]➥ Тип установщика:[u][/color][/b] [color=#B83000][b][size=17]Apk[/size][/b][/color]\n[b][color=#245BA3][u]➥ Цена в Google Play:[u][/color][/b] [color=#666666][font="Georgia"][b][color=#EB0005][size=17]15р[/size][/color][/b][/font][/color]\n[hr]\n[color=#245BA3][b][u]➥[u][/b][/color]  [img]https://alltor.me/pictures/d3d75ca660feec88e8f8cced13e429a7.png[/img] [img]https://alltor.me/pictures/4b8419beb8cff438f5a76013556a8c5e.png[/img] [img]https://alltor.me/pictures/c61e028d93e8ca640bd6ca232d397fe0.png[/img] [img]https://alltor.me/pictures/3d33242e8a4deebff4d6303219c3e55f.png[/img]\n[url=https://play.google.com/store/apps/details?id=com.agaming.mentalhospitaliii][img]http://img.uz/d/2018/07/5b5f529e71989.png[/img][/url][/align][hr]\n[b] [color=#245BA3]➥ Описание:[/color][/b]\n[color=#404441]Mental Hospital III - ужасающий хоррор на Андроид, где вам предстоит исследовать всю психбольницу и найти выход из нее. История началась с того что вам как журналисту предложили снять захват больницы в которой проводятся незаконные опыты над больными. Вы сразу согласились, ведь это казалось так легко, но на деле это было не так. Ваш день не задался с самого начала, проблемы в редакции, ужасная погода и машина не хотела вас слушаться, глохла на каждом повороте, из-за этого вы опоздали. Добравшись до больницы, на месте уже ни кого не было и вы решили сами пробраться вовнутрь, чтобы хоть немножко заснять информации. Эта была плохая идея и теперь вашей задачей будет выбраться от туда живым.\n[spoiler="Порядок установки:"]\n[color=darkred]1) Установить APK\n2) Скопировать папку кэша в [b]SD/ Android/obb /[/b]\nЕсли у вас нет этой папки, создайте ее при помощи любого файлового менеджера\n3) В итоге получится[/color] [b][color=darkred]SD/ Android/obb / [/color][color=red]папка_кэша[/color][color=darkred]/файлы[/color][/b]\n[color=darkred]4) Запустить приложение[/color]\n[/spoiler]\n[/color][/size][/font]\n[hr][align=center]\n[img]https://alltor.me/pictures/2ede6902f233d0863d6537cd65830648.jpg[/img]\n[/align]\n[align=center]\n[thumb]https://img.alltor.me/img/2018-10/28/1j95nih2uxuq8oiwnywyudvre.jpg[/thumb]\n[thumb]https://img.alltor.me/img/2018-10/28/8ad5swv2upf3x7nkr4i6c5j1r.jpg[/thumb]\n[thumb]https://img.alltor.me/img/2018-10/28/8lus4zq43lmo7e0mj20gfkx0t.jpg[/thumb]\n[/align]\n[/spoiler]\n[hr]\n[spoiler="Mental Hospital IV"]\n[size=28][align=center][b] [font="Georgia"][color=#245BA3]⋘ Mental Hospital IV ⋙[/color][/font][/b][/align][/size]\n[hr]\n\n[img=right]https://img.alltor.me/img/2018-10/28/83ga5fa32cgzs3d0muaslc2nm.jpg[/img]\n\n[font="Century Gothic"][size=13][b][color=#245BA3][u]➥ Год выпуска:[u][/color][/b] [color=#666666][font="Georgia"][b][color=#EB0005][size=17]22.03.2016[/size][/color][/b][/font][/color]\n[b][color=#245BA3][u]➥ Жанр:[u][/color][/b] [color=green][b][size=17]Хорроры[/size][/b][/color]\n[b][color=#245BA3][u]➥ Версия:[u][/color][/b] [color=#9500EB][font="Georgia"][b][size=17]v1.07[/size][/b][/font][/color]\n[b][color=#245BA3][u]➥ Интернет:[/u][/color][/b] [color=#666666][font="Georgia"][color=#EE1B5A][b][size=17]Нет[/size][/b][/color][/font][/color]\n[b][color=#245BA3][u]➥ Разработчик:[/u][/color][/b][color=#404441] [b][size=17]AGaming+[/size][/b][/color]\n[b][color=#245BA3][u]➥ Разрешения экрана:[/u][/color][/b] [color=#666666][color=#EB8100][b][font="Comic Sans MS"][size=17]Любое[/size][/font][/b][/color][/color]\n[b][color=#245BA3][u]➥ Системные требования:[/u][/color][/b] [color=#666666][font="Georgia"][color=#EE1B5A][b][size=17]Android 4.0+[/size][/b][/color][/font][/color]\n[b][color=#245BA3][u]➥ Язык интерфейса:[u][/color][/b] [color=#00EB02][b][size=17]RUS[/size][/b] [/color]\n[b][color=#245BA3][u]➥ Таблэтка:[u][/color][/b] [color=#4D00B8][b][size=17]Не требуется[/size][/b][/color]\n[b][color=#245BA3][u]➥ Тип установщика:[u][/color][/b] [color=#B83000][b][size=17]Apk[/size][/b][/color]\n[b][color=#245BA3][u]➥ Цена в Google Play:[u][/color][/b] [color=#666666][font="Georgia"][b][color=#EB0005][size=17]25р[/size][/color][/b][/font][/color]\n[hr]\n[color=#245BA3][b][u]➥[u][/b][/color]  [img]https://alltor.me/pictures/d3d75ca660feec88e8f8cced13e429a7.png[/img] [img]https://alltor.me/pictures/4b8419beb8cff438f5a76013556a8c5e.png[/img] [img]https://alltor.me/pictures/c61e028d93e8ca640bd6ca232d397fe0.png[/img] [img]https://alltor.me/pictures/3d33242e8a4deebff4d6303219c3e55f.png[/img]\n[url=https://play.google.com/store/apps/details?id=com.agaming.mentalhospitaliv][img]http://img.uz/d/2018/07/5b5f529e71989.png[/img][/url][/align][hr]\n[b] [color=#245BA3]➥ Описание:[/color][/b]\n[color=#404441]Mental Hospital IV - И снова всеми любимый ужастик на андроид. Разработчики игры предлагают игроком снова окунутся в таинственную и зловещую атмосферу заброшенных зданий, прогуляться по темным коридорам и разгадать пару загадок. История этой серии игры начинается спустя некоторое время после нашумевших событий третей части этой игры. Полиция как всегда не может найти какие-либо зацепки, газеты предпочитали молчать, а нашему герою не давала покоя история, случившаяся в больнице Святого Петра. Но вскоре появилась не большая надежда разобраться во всем этом. Неизвестный человек, позвонив по телефону, сказал что у него есть важная информация и расскажет при личной встрече. И вы отправляетесь к больнице Святого Петра...\n[spoiler="Порядок установки:"]\n[color=darkred]1) Установить APK\n2) Скопировать папку кэша в [b]SD/ Android/obb /[/b]\nЕсли у вас нет этой папки, создайте ее при помощи любого файлового менеджера\n3) В итоге получится[/color] [b][color=darkred]SD/ Android/obb / [/color][color=red]папка_кэша[/color][color=darkred]/файлы[/color][/b]\n[color=darkred]4) Запустить приложение[/color]\n[/spoiler]\n[/color][/size][/font]\n[hr][align=center]\n[img]https://alltor.me/pictures/2ede6902f233d0863d6537cd65830648.jpg[/img]\n[/align]\n[align=center]\n[thumb]https://img.alltor.me/img/2018-10/28/wi27hzkmxlbyj8pesvxmfgvf6.jpg[/thumb]\n[thumb]https://img.alltor.me/img/2018-10/28/5lsyc2lkshris5646td40ilu6.jpg[/thumb]\n[thumb]https://img.alltor.me/img/2018-10/28/y1cj68ehp4jheu1mb9675y3o3.jpg[/thumb]\n[/align]\n[/spoiler]\n[hr]\n[spoiler="Mental Hospital V"]\n[size=28][align=center][b] [font="Georgia"][color=#245BA3]⋘ Mental Hospital V ⋙[/color][/font][/b][/align][/size]\n[hr]\n\n[img=right]https://img.alltor.me/img/2018-10/28/ex3ihkam7ca0ekov7uxafhfi7.png[/img]\n\n[font="Century Gothic"][size=13][b][color=#245BA3][u]➥ Год выпуска:[u][/color][/b] [color=#666666][font="Georgia"][b][color=#EB0005][size=17]21.11.2016[/size][/color][/b][/font][/color]\n[b][color=#245BA3][u]➥ Жанр:[u][/color][/b] [color=green][b][size=17]Хорроры[/size][/b][/color]\n[b][color=#245BA3][u]➥ Версия:[u][/color][/b] [color=#9500EB][font="Georgia"][b][size=17]v1.04[/size][/b][/font][/color]\n[b][color=#245BA3][u]➥ Интернет:[/u][/color][/b] [color=#666666][font="Georgia"][color=#EE1B5A][b][size=17]Нет[/size][/b][/color][/font][/color]\n[b][color=#245BA3][u]➥ Разработчик:[/u][/color][/b][color=#404441] [b][size=17]AGaming+[/size][/b][/color]\n[b][color=#245BA3][u]➥ Разрешения экрана:[/u][/color][/b] [color=#666666][color=#EB8100][b][font="Comic Sans MS"][size=17]Любое[/size][/font][/b][/color][/color]\n[b][color=#245BA3][u]➥ Системные требования:[/u][/color][/b] [color=#666666][font="Georgia"][color=#EE1B5A][b][size=17]Android 4.2+[/size][/b][/color][/font][/color]\n[b][color=#245BA3][u]➥ Язык интерфейса:[u][/color][/b] [color=#00EB02][b][size=17]RUS[/size][/b] [/color]\n[b][color=#245BA3][u]➥ Таблэтка:[u][/color][/b] [color=#4D00B8][b][size=17]Не требуется[/size][/b][/color]\n[b][color=#245BA3][u]➥ Тип установщика:[u][/color][/b] [color=#B83000][b][size=17]Apk[/size][/b][/color]\n[b][color=#245BA3][u]➥ Цена в Google Play:[u][/color][/b] [color=#666666][font="Georgia"][b][color=#EB0005][size=17]15р[/size][/color][/b][/font][/color]\n[hr]\n[color=#245BA3][b][u]➥[u][/b][/color]  [img]https://alltor.me/pictures/d3d75ca660feec88e8f8cced13e429a7.png[/img] [img]https://alltor.me/pictures/4b8419beb8cff438f5a76013556a8c5e.png[/img] [img]https://alltor.me/pictures/c61e028d93e8ca640bd6ca232d397fe0.png[/img] [img]https://alltor.me/pictures/3d33242e8a4deebff4d6303219c3e55f.png[/img]\n[url=https://play.google.com/store/apps/details?id=com.agaming.mentalhospitalV][img]http://img.uz/d/2018/07/5b5f529e71989.png[/img][/url][/align][hr]\n[b] [color=#245BA3]➥ Описание:[/color][/b]\n[color=#404441]Mental Hospital V – хоррор от первого лица на андроид, где вы будете исследовать психиатрическую лечебницу. Запутанная история этой игры начинается с того что журналист по имени Марк бесследно исчезает в психиатрической больнице, а всю группу людей участвующую в проекте находят мертвую. Для того чтобы найти Марка в больницу приезжает его брат которому выпадет непростая учесть исследовать мрачные и темные помещения здания и раскрыть все тайны. В этой игре вы узнаете, кто такая Элис и сделаете решающий выбор спасти жизнь брата или свою собственную. Найдите выход из этой пугающей и опасной ситуации и сделайте выбор.\n[spoiler="Порядок установки:"]\n[color=darkred]1) Установить APK\n2) Скопировать папку кэша в [b]SD/ Android/obb /[/b]\nЕсли у вас нет этой папки, создайте ее при помощи любого файлового менеджера\n3) В итоге получится[/color] [b][color=darkred]SD/ Android/obb / [/color][color=red]папка_кэша[/color][color=darkred]/файлы[/color][/b]\n[color=darkred]4) Запустить приложение[/color]\n[/spoiler]\n[/color][/size][/font]\n[hr][align=center]\n[img]https://alltor.me/pictures/2ede6902f233d0863d6537cd65830648.jpg[/img]\n[/align]\n[align=center]\n[thumb]https://img.alltor.me/img/2018-10/28/clh1ko7gshg7pu3t6wcn65kmu.jpg[/thumb]\n[thumb]https://img.alltor.me/img/2018-10/28/ipm6jogrv73a49sbfoq1haw4c.jpg[/thumb]\n[thumb]https://img.alltor.me/img/2018-10/28/0z8jbrsq5n1iti4qa5j0mke21.jpg[/thumb]\n[/align]\n[/spoiler]\n[hr]');
INSERT INTO `bb_posts_text` (`post_id`, `post_text`) VALUES
(49, '[hr]\n[align=center][img]https://img.alltor.me/img/2018-10/28/nhu40itcvf6dvtj102sh6i8iu.png[/img][/align]\n[hr]\n[spoiler="Mental Hospital: Eastern Bloc"]\n[size=28][align=center][b] [font="Georgia"][color=#245BA3]⋘ Mental Hospital: Eastern Bloc ⋙[/color][/font][/b][/align][/size]\n[hr]\n\n[img=right]https://img.alltor.me/img/2018-10/28/4y7umv30qc4mepxynktmj6hid.png[/img]\n\n[font="Century Gothic"][size=13][b][color=#245BA3][u]➥ Год выпуска:[u][/color][/b] [color=#666666][font="Georgia"][b][color=#EB0005][size=17]08.05.2015[/size][/color][/b][/font][/color]\n[b][color=#245BA3][u]➥ Жанр:[u][/color][/b] [color=green][b][size=17]Хорроры[/size][/b][/color]\n[b][color=#245BA3][u]➥ Версия:[u][/color][/b] [color=#9500EB][font="Georgia"][b][size=17]v2.05.99[/size][/b][/font][/color]\n[b][color=#245BA3][u]➥ Интернет:[/u][/color][/b] [color=#666666][font="Georgia"][color=#EE1B5A][b][size=17]Нет[/size][/b][/color][/font][/color]\n[b][color=#245BA3][u]➥ Разработчик:[/u][/color][/b][color=#404441] [b][size=17]AGaming+[/size][/b][/color]\n[b][color=#245BA3][u]➥ Разрешения экрана:[/u][/color][/b] [color=#666666][color=#EB8100][b][font="Comic Sans MS"][size=17]Любое[/size][/font][/b][/color][/color]\n[b][color=#245BA3][u]➥ Системные требования:[/u][/color][/b] [color=#666666][font="Georgia"][color=#EE1B5A][b][size=17]Android 2.3+[/size][/b][/color][/font][/color]\n[b][color=#245BA3][u]➥ Язык интерфейса:[u][/color][/b] [color=#00EB02][b][size=17]ENG[/size][/b] [/color]\n[b][color=#245BA3][u]➥ Таблэтка:[u][/color][/b] [color=#4D00B8][b][size=17]Не требуется[/size][/b][/color]\n[b][color=#245BA3][u]➥ Тип установщика:[u][/color][/b] [color=#B83000][b][size=17]Apk[/size][/b][/color]\n[b][color=#245BA3][u]➥ Цена в Google Play:[u][/color][/b] [color=#666666][font="Georgia"][b][color=#EB0005][size=17]25р[/size][/color][/b][/font][/color]\n[hr]\n[color=#245BA3][b][u]➥[u][/b][/color]  [img]https://alltor.me/pictures/d3d75ca660feec88e8f8cced13e429a7.png[/img] [img]https://alltor.me/pictures/4b8419beb8cff438f5a76013556a8c5e.png[/img] [img]https://alltor.me/pictures/c61e028d93e8ca640bd6ca232d397fe0.png[/img] [img]https://alltor.me/pictures/3d33242e8a4deebff4d6303219c3e55f.png[/img]\n[url=https://play.google.com/store/apps/details?id=com.agaming.hospital][img]http://img.uz/d/2018/07/5b5f529e71989.png[/img][/url][/align][hr]\n[b] [color=#245BA3]➥ Описание:[/color][/b]\n[color=#404441]Mental Hospital: Eastern Bloc - игра на андроид, в которой вы попадете в заброшенную психиатрическую больницу, и будете блуждать там в полной темноте. Вам захочется поскорее выбраться от туда, но сделать это можно будет только, после того как вы полностью исследуете всю больницу. Но вы еще не знаете что творится за этими зловещими стенами, так что быстрее ищите выход из больницы.\n[spoiler="Порядок установки:"]\n[color=darkred]1) Установить APK\n2) Скопировать папку кэша в [b]SD/ Android/obb /[/b]\nЕсли у вас нет этой папки, создайте ее при помощи любого файлового менеджера\n3) В итоге получится[/color] [b][color=darkred]SD/ Android/obb / [/color][color=red]папка_кэша[/color][color=darkred]/файлы[/color][/b]\n[color=darkred]4) Запустить приложение[/color]\n[/spoiler]\n[/color][/size][/font]\n[hr][align=center]\n[img]https://alltor.me/pictures/2ede6902f233d0863d6537cd65830648.jpg[/img]\n[/align]\n[align=center]\n[thumb]https://img.alltor.me/img/2018-10/28/535d5mxh7slv0w1a0g2p85a06.jpg[/thumb]\n[thumb]https://img.alltor.me/img/2018-10/28/fh2c3r7vlapxuf0fv7fuc802a.jpg[/thumb]\n[thumb]https://img.alltor.me/img/2018-10/28/0wfgoh06euhea63yq9xvdisj4.jpg[/thumb]\n[/align]\n[/spoiler]\n[hr]\n[spoiler="Mental Hospital II"]\n[size=28][align=center][b] [font="Georgia"][color=#245BA3]⋘ Mental Hospital II ⋙[/color][/font][/b][/align][/size]\n[hr]\n\n[img=right]https://img.alltor.me/img/2018-10/28/czm3ugm0zks1vpz76pt8bg3u4.png[/img]\n\n[font="Century Gothic"][size=13][b][color=#245BA3][u]➥ Год выпуска:[u][/color][/b] [color=#666666][font="Georgia"][b][color=#EB0005][size=17]24.02.2016[/size][/color][/b][/font][/color]\n[b][color=#245BA3][u]➥ Жанр:[u][/color][/b] [color=green][b][size=17]Хорроры[/size][/b][/color]\n[b][color=#245BA3][u]➥ Версия:[u][/color][/b] [color=#9500EB][font="Georgia"][b][size=17]v1.01.17[/size][/b][/font][/color]\n[b][color=#245BA3][u]➥ Интернет:[/u][/color][/b] [color=#666666][font="Georgia"][color=#EE1B5A][b][size=17]Нет[/size][/b][/color][/font][/color]\n[b][color=#245BA3][u]➥ Разработчик:[/u][/color][/b][color=#404441] [b][size=17]AGaming+[/size][/b][/color]\n[b][color=#245BA3][u]➥ Разрешения экрана:[/u][/color][/b] [color=#666666][color=#EB8100][b][font="Comic Sans MS"][size=17]Любое[/size][/font][/b][/color][/color]\n[b][color=#245BA3][u]➥ Системные требования:[/u][/color][/b] [color=#666666][font="Georgia"][color=#EE1B5A][b][size=17]Android 4.0+[/size][/b][/color][/font][/color]\n[b][color=#245BA3][u]➥ Язык интерфейса:[u][/color][/b] [color=#00EB02][b][size=17]RUS[/size][/b] [/color]\n[b][color=#245BA3][u]➥ Таблэтка:[u][/color][/b] [color=#4D00B8][b][size=17]Не требуется[/size][/b][/color]\n[b][color=#245BA3][u]➥ Тип установщика:[u][/color][/b] [color=#B83000][b][size=17]Apk[/size][/b][/color]\n[b][color=#245BA3][u]➥ Цена в Google Play:[u][/color][/b] [color=#666666][font="Georgia"][b][color=#EB0005][size=17]Бесплатно[/size][/color][/b][/font][/color]\n[hr]\n[color=#245BA3][b][u]➥[u][/b][/color]  [img]https://alltor.me/pictures/d3d75ca660feec88e8f8cced13e429a7.png[/img] [img]https://alltor.me/pictures/4b8419beb8cff438f5a76013556a8c5e.png[/img] [img]https://alltor.me/pictures/c61e028d93e8ca640bd6ca232d397fe0.png[/img] [img]https://alltor.me/pictures/3d33242e8a4deebff4d6303219c3e55f.png[/img]\n[url=https://play.google.com/store/apps/details?id=com.agaming.mentalhospitallite&amp;hl=en][img]http://img.uz/d/2018/07/5b5f529e71989.png[/img][/url][/align][hr]\n[b] [color=#245BA3]➥ Описание:[/color][/b]\n[color=#404441]Mental Hospital II – вторая часть захватывающего хоррора на андроид, где вам предстоит провести репортера по темным коридорам психиатрической больницы. Наш герой решил снять репортаж про заброшенную больницу и отправился исследовать ее, блуждая по мрачным комнатам и коридорам здания. Исследуйте все помещения и собирайте нужные вам ключи, чтобы открыть все двери и выбраться на свободу. Внимательно и осторожно открывайте все двери и остерегайтесь встречи с призраками и монстрами, которые преследуют героя, как только он попал в здание. Не позволяйте призракам приблизиться к репортеру и навредить ему. Для полного погружения в игру играйте в полной темноте и в наушниках.\n[spoiler="Порядок установки:"]\n[color=darkred]1) Установить APK\n2) Скопировать папку кэша в [b]SD/ Android/obb /[/b]\nЕсли у вас нет этой папки, создайте ее при помощи любого файлового менеджера\n3) В итоге получится[/color] [b][color=darkred]SD/ Android/obb / [/color][color=red]папка_кэша[/color][color=darkred]/файлы[/color][/b]\n[color=darkred]4) Запустить приложение[/color]\n[/spoiler]\n[/color][/size][/font]\n[hr][align=center]\n[img]https://alltor.me/pictures/2ede6902f233d0863d6537cd65830648.jpg[/img]\n[/align]\n[align=center]\n[thumb]https://img.alltor.me/img/2018-10/28/40fvi5vy0wfnmctyr0fhmj0g7.jpg[/thumb]\n[thumb]https://img.alltor.me/img/2018-10/28/kuipetjdy6mtqatdg8piqezpj.jpg[/thumb]\n[thumb]https://img.alltor.me/img/2018-10/28/82t89qhsyxwi8183drjdamk83.jpg[/thumb]\n[/align]\n[/spoiler]\n[hr]\n[spoiler="Mental Hospital III"]\n[size=28][align=center][b] [font="Georgia"][color=#245BA3]⋘ Mental Hospital III ⋙[/color][/font][/b][/align][/size]\n[hr]\n\n[img=right]https://img.alltor.me/img/2018-10/28/yd9lqdizt5nt0vg1tpwyjba03.png[/img]\n\n[font="Century Gothic"][size=13][b][color=#245BA3][u]➥ Год выпуска:[u][/color][/b] [color=#666666][font="Georgia"][b][color=#EB0005][size=17]27.08.2017[/size][/color][/b][/font][/color]\n[b][color=#245BA3][u]➥ Жанр:[u][/color][/b] [color=green][b][size=17]Хорроры[/size][/b][/color]\n[b][color=#245BA3][u]➥ Версия:[u][/color][/b] [color=#9500EB][font="Georgia"][b][size=17]v1.01.02[/size][/b][/font][/color]\n[b][color=#245BA3][u]➥ Интернет:[/u][/color][/b] [color=#666666][font="Georgia"][color=#EE1B5A][b][size=17]Нет[/size][/b][/color][/font][/color]\n[b][color=#245BA3][u]➥ Разработчик:[/u][/color][/b][color=#404441] [b][size=17]AGaming+[/size][/b][/color]\n[b][color=#245BA3][u]➥ Разрешения экрана:[/u][/color][/b] [color=#666666][color=#EB8100][b][font="Comic Sans MS"][size=17]Любое[/size][/font][/b][/color][/color]\n[b][color=#245BA3][u]➥ Системные требования:[/u][/color][/b] [color=#666666][font="Georgia"][color=#EE1B5A][b][size=17]Android 4.2+[/size][/b][/color][/font][/color]\n[b][color=#245BA3][u]➥ Язык интерфейса:[u][/color][/b] [color=#00EB02][b][size=17]RUS[/size][/b] [/color]\n[b][color=#245BA3][u]➥ Таблэтка:[u][/color][/b] [color=#4D00B8][b][size=17]Не требуется[/size][/b][/color]\n[b][color=#245BA3][u]➥ Тип установщика:[u][/color][/b] [color=#B83000][b][size=17]Apk[/size][/b][/color]\n[b][color=#245BA3][u]➥ Цена в Google Play:[u][/color][/b] [color=#666666][font="Georgia"][b][color=#EB0005][size=17]15р[/size][/color][/b][/font][/color]\n[hr]\n[color=#245BA3][b][u]➥[u][/b][/color]  [img]https://alltor.me/pictures/d3d75ca660feec88e8f8cced13e429a7.png[/img] [img]https://alltor.me/pictures/4b8419beb8cff438f5a76013556a8c5e.png[/img] [img]https://alltor.me/pictures/c61e028d93e8ca640bd6ca232d397fe0.png[/img] [img]https://alltor.me/pictures/3d33242e8a4deebff4d6303219c3e55f.png[/img]\n[url=https://play.google.com/store/apps/details?id=com.agaming.mentalhospitaliii][img]http://img.uz/d/2018/07/5b5f529e71989.png[/img][/url][/align][hr]\n[b] [color=#245BA3]➥ Описание:[/color][/b]\n[color=#404441]Mental Hospital III - ужасающий хоррор на Андроид, где вам предстоит исследовать всю психбольницу и найти выход из нее. История началась с того что вам как журналисту предложили снять захват больницы в которой проводятся незаконные опыты над больными. Вы сразу согласились, ведь это казалось так легко, но на деле это было не так. Ваш день не задался с самого начала, проблемы в редакции, ужасная погода и машина не хотела вас слушаться, глохла на каждом повороте, из-за этого вы опоздали. Добравшись до больницы, на месте уже ни кого не было и вы решили сами пробраться вовнутрь, чтобы хоть немножко заснять информации. Эта была плохая идея и теперь вашей задачей будет выбраться от туда живым.\n[spoiler="Порядок установки:"]\n[color=darkred]1) Установить APK\n2) Скопировать папку кэша в [b]SD/ Android/obb /[/b]\nЕсли у вас нет этой папки, создайте ее при помощи любого файлового менеджера\n3) В итоге получится[/color] [b][color=darkred]SD/ Android/obb / [/color][color=red]папка_кэша[/color][color=darkred]/файлы[/color][/b]\n[color=darkred]4) Запустить приложение[/color]\n[/spoiler]\n[/color][/size][/font]\n[hr][align=center]\n[img]https://alltor.me/pictures/2ede6902f233d0863d6537cd65830648.jpg[/img]\n[/align]\n[align=center]\n[thumb]https://img.alltor.me/img/2018-10/28/1j95nih2uxuq8oiwnywyudvre.jpg[/thumb]\n[thumb]https://img.alltor.me/img/2018-10/28/8ad5swv2upf3x7nkr4i6c5j1r.jpg[/thumb]\n[thumb]https://img.alltor.me/img/2018-10/28/8lus4zq43lmo7e0mj20gfkx0t.jpg[/thumb]\n[/align]\n[/spoiler]\n[hr]\n[spoiler="Mental Hospital IV"]\n[size=28][align=center][b] [font="Georgia"][color=#245BA3]⋘ Mental Hospital IV ⋙[/color][/font][/b][/align][/size]\n[hr]\n\n[img=right]https://img.alltor.me/img/2018-10/28/83ga5fa32cgzs3d0muaslc2nm.jpg[/img]\n\n[font="Century Gothic"][size=13][b][color=#245BA3][u]➥ Год выпуска:[u][/color][/b] [color=#666666][font="Georgia"][b][color=#EB0005][size=17]22.03.2016[/size][/color][/b][/font][/color]\n[b][color=#245BA3][u]➥ Жанр:[u][/color][/b] [color=green][b][size=17]Хорроры[/size][/b][/color]\n[b][color=#245BA3][u]➥ Версия:[u][/color][/b] [color=#9500EB][font="Georgia"][b][size=17]v1.07[/size][/b][/font][/color]\n[b][color=#245BA3][u]➥ Интернет:[/u][/color][/b] [color=#666666][font="Georgia"][color=#EE1B5A][b][size=17]Нет[/size][/b][/color][/font][/color]\n[b][color=#245BA3][u]➥ Разработчик:[/u][/color][/b][color=#404441] [b][size=17]AGaming+[/size][/b][/color]\n[b][color=#245BA3][u]➥ Разрешения экрана:[/u][/color][/b] [color=#666666][color=#EB8100][b][font="Comic Sans MS"][size=17]Любое[/size][/font][/b][/color][/color]\n[b][color=#245BA3][u]➥ Системные требования:[/u][/color][/b] [color=#666666][font="Georgia"][color=#EE1B5A][b][size=17]Android 4.0+[/size][/b][/color][/font][/color]\n[b][color=#245BA3][u]➥ Язык интерфейса:[u][/color][/b] [color=#00EB02][b][size=17]RUS[/size][/b] [/color]\n[b][color=#245BA3][u]➥ Таблэтка:[u][/color][/b] [color=#4D00B8][b][size=17]Не требуется[/size][/b][/color]\n[b][color=#245BA3][u]➥ Тип установщика:[u][/color][/b] [color=#B83000][b][size=17]Apk[/size][/b][/color]\n[b][color=#245BA3][u]➥ Цена в Google Play:[u][/color][/b] [color=#666666][font="Georgia"][b][color=#EB0005][size=17]25р[/size][/color][/b][/font][/color]\n[hr]\n[color=#245BA3][b][u]➥[u][/b][/color]  [img]https://alltor.me/pictures/d3d75ca660feec88e8f8cced13e429a7.png[/img] [img]https://alltor.me/pictures/4b8419beb8cff438f5a76013556a8c5e.png[/img] [img]https://alltor.me/pictures/c61e028d93e8ca640bd6ca232d397fe0.png[/img] [img]https://alltor.me/pictures/3d33242e8a4deebff4d6303219c3e55f.png[/img]\n[url=https://play.google.com/store/apps/details?id=com.agaming.mentalhospitaliv][img]http://img.uz/d/2018/07/5b5f529e71989.png[/img][/url][/align][hr]\n[b] [color=#245BA3]➥ Описание:[/color][/b]\n[color=#404441]Mental Hospital IV - И снова всеми любимый ужастик на андроид. Разработчики игры предлагают игроком снова окунутся в таинственную и зловещую атмосферу заброшенных зданий, прогуляться по темным коридорам и разгадать пару загадок. История этой серии игры начинается спустя некоторое время после нашумевших событий третей части этой игры. Полиция как всегда не может найти какие-либо зацепки, газеты предпочитали молчать, а нашему герою не давала покоя история, случившаяся в больнице Святого Петра. Но вскоре появилась не большая надежда разобраться во всем этом. Неизвестный человек, позвонив по телефону, сказал что у него есть важная информация и расскажет при личной встрече. И вы отправляетесь к больнице Святого Петра...\n[spoiler="Порядок установки:"]\n[color=darkred]1) Установить APK\n2) Скопировать папку кэша в [b]SD/ Android/obb /[/b]\nЕсли у вас нет этой папки, создайте ее при помощи любого файлового менеджера\n3) В итоге получится[/color] [b][color=darkred]SD/ Android/obb / [/color][color=red]папка_кэша[/color][color=darkred]/файлы[/color][/b]\n[color=darkred]4) Запустить приложение[/color]\n[/spoiler]\n[/color][/size][/font]\n[hr][align=center]\n[img]https://alltor.me/pictures/2ede6902f233d0863d6537cd65830648.jpg[/img]\n[/align]\n[align=center]\n[thumb]https://img.alltor.me/img/2018-10/28/wi27hzkmxlbyj8pesvxmfgvf6.jpg[/thumb]\n[thumb]https://img.alltor.me/img/2018-10/28/5lsyc2lkshris5646td40ilu6.jpg[/thumb]\n[thumb]https://img.alltor.me/img/2018-10/28/y1cj68ehp4jheu1mb9675y3o3.jpg[/thumb]\n[/align]\n[/spoiler]\n[hr]\n[spoiler="Mental Hospital V"]\n[size=28][align=center][b] [font="Georgia"][color=#245BA3]⋘ Mental Hospital V ⋙[/color][/font][/b][/align][/size]\n[hr]\n\n[img=right]https://img.alltor.me/img/2018-10/28/ex3ihkam7ca0ekov7uxafhfi7.png[/img]\n\n[font="Century Gothic"][size=13][b][color=#245BA3][u]➥ Год выпуска:[u][/color][/b] [color=#666666][font="Georgia"][b][color=#EB0005][size=17]21.11.2016[/size][/color][/b][/font][/color]\n[b][color=#245BA3][u]➥ Жанр:[u][/color][/b] [color=green][b][size=17]Хорроры[/size][/b][/color]\n[b][color=#245BA3][u]➥ Версия:[u][/color][/b] [color=#9500EB][font="Georgia"][b][size=17]v1.04[/size][/b][/font][/color]\n[b][color=#245BA3][u]➥ Интернет:[/u][/color][/b] [color=#666666][font="Georgia"][color=#EE1B5A][b][size=17]Нет[/size][/b][/color][/font][/color]\n[b][color=#245BA3][u]➥ Разработчик:[/u][/color][/b][color=#404441] [b][size=17]AGaming+[/size][/b][/color]\n[b][color=#245BA3][u]➥ Разрешения экрана:[/u][/color][/b] [color=#666666][color=#EB8100][b][font="Comic Sans MS"][size=17]Любое[/size][/font][/b][/color][/color]\n[b][color=#245BA3][u]➥ Системные требования:[/u][/color][/b] [color=#666666][font="Georgia"][color=#EE1B5A][b][size=17]Android 4.2+[/size][/b][/color][/font][/color]\n[b][color=#245BA3][u]➥ Язык интерфейса:[u][/color][/b] [color=#00EB02][b][size=17]RUS[/size][/b] [/color]\n[b][color=#245BA3][u]➥ Таблэтка:[u][/color][/b] [color=#4D00B8][b][size=17]Не требуется[/size][/b][/color]\n[b][color=#245BA3][u]➥ Тип установщика:[u][/color][/b] [color=#B83000][b][size=17]Apk[/size][/b][/color]\n[b][color=#245BA3][u]➥ Цена в Google Play:[u][/color][/b] [color=#666666][font="Georgia"][b][color=#EB0005][size=17]15р[/size][/color][/b][/font][/color]\n[hr]\n[color=#245BA3][b][u]➥[u][/b][/color]  [img]https://alltor.me/pictures/d3d75ca660feec88e8f8cced13e429a7.png[/img] [img]https://alltor.me/pictures/4b8419beb8cff438f5a76013556a8c5e.png[/img] [img]https://alltor.me/pictures/c61e028d93e8ca640bd6ca232d397fe0.png[/img] [img]https://alltor.me/pictures/3d33242e8a4deebff4d6303219c3e55f.png[/img]\n[url=https://play.google.com/store/apps/details?id=com.agaming.mentalhospitalV][img]http://img.uz/d/2018/07/5b5f529e71989.png[/img][/url][/align][hr]\n[b] [color=#245BA3]➥ Описание:[/color][/b]\n[color=#404441]Mental Hospital V – хоррор от первого лица на андроид, где вы будете исследовать психиатрическую лечебницу. Запутанная история этой игры начинается с того что журналист по имени Марк бесследно исчезает в психиатрической больнице, а всю группу людей участвующую в проекте находят мертвую. Для того чтобы найти Марка в больницу приезжает его брат которому выпадет непростая учесть исследовать мрачные и темные помещения здания и раскрыть все тайны. В этой игре вы узнаете, кто такая Элис и сделаете решающий выбор спасти жизнь брата или свою собственную. Найдите выход из этой пугающей и опасной ситуации и сделайте выбор.\n[spoiler="Порядок установки:"]\n[color=darkred]1) Установить APK\n2) Скопировать папку кэша в [b]SD/ Android/obb /[/b]\nЕсли у вас нет этой папки, создайте ее при помощи любого файлового менеджера\n3) В итоге получится[/color] [b][color=darkred]SD/ Android/obb / [/color][color=red]папка_кэша[/color][color=darkred]/файлы[/color][/b]\n[color=darkred]4) Запустить приложение[/color]\n[/spoiler]\n[/color][/size][/font]\n[hr][align=center]\n[img]https://alltor.me/pictures/2ede6902f233d0863d6537cd65830648.jpg[/img]\n[/align]\n[align=center]\n[thumb]https://img.alltor.me/img/2018-10/28/clh1ko7gshg7pu3t6wcn65kmu.jpg[/thumb]\n[thumb]https://img.alltor.me/img/2018-10/28/ipm6jogrv73a49sbfoq1haw4c.jpg[/thumb]\n[thumb]https://img.alltor.me/img/2018-10/28/0z8jbrsq5n1iti4qa5j0mke21.jpg[/thumb]\n[/align]\n[/spoiler]\n[hr]'),
(51, '[hr]\n[align=center][img]https://img.alltor.me/img/2018-10/28/nhu40itcvf6dvtj102sh6i8iu.png[/img][/align]\n[hr]\n[spoiler="Mental Hospital: Eastern Bloc"]\n[size=28][align=center][b] [font="Georgia"][color=#245BA3]⋘ Mental Hospital: Eastern Bloc ⋙[/color][/font][/b][/align][/size]\n[hr]\n\n[img=right]https://img.alltor.me/img/2018-10/28/4y7umv30qc4mepxynktmj6hid.png[/img]\n\n[font="Century Gothic"][size=13][b][color=#245BA3][u]➥ Год выпуска:[u][/color][/b] [color=#666666][font="Georgia"][b][color=#EB0005][size=17]08.05.2015[/size][/color][/b][/font][/color]\n[b][color=#245BA3][u]➥ Жанр:[u][/color][/b] [color=green][b][size=17]Хорроры[/size][/b][/color]\n[b][color=#245BA3][u]➥ Версия:[u][/color][/b] [color=#9500EB][font="Georgia"][b][size=17]v2.05.99[/size][/b][/font][/color]\n[b][color=#245BA3][u]➥ Интернет:[/u][/color][/b] [color=#666666][font="Georgia"][color=#EE1B5A][b][size=17]Нет[/size][/b][/color][/font][/color]\n[b][color=#245BA3][u]➥ Разработчик:[/u][/color][/b][color=#404441] [b][size=17]AGaming+[/size][/b][/color]\n[b][color=#245BA3][u]➥ Разрешения экрана:[/u][/color][/b] [color=#666666][color=#EB8100][b][font="Comic Sans MS"][size=17]Любое[/size][/font][/b][/color][/color]\n[b][color=#245BA3][u]➥ Системные требования:[/u][/color][/b] [color=#666666][font="Georgia"][color=#EE1B5A][b][size=17]Android 2.3+[/size][/b][/color][/font][/color]\n[b][color=#245BA3][u]➥ Язык интерфейса:[u][/color][/b] [color=#00EB02][b][size=17]ENG[/size][/b] [/color]\n[b][color=#245BA3][u]➥ Таблэтка:[u][/color][/b] [color=#4D00B8][b][size=17]Не требуется[/size][/b][/color]\n[b][color=#245BA3][u]➥ Тип установщика:[u][/color][/b] [color=#B83000][b][size=17]Apk[/size][/b][/color]\n[b][color=#245BA3][u]➥ Цена в Google Play:[u][/color][/b] [color=#666666][font="Georgia"][b][color=#EB0005][size=17]25р[/size][/color][/b][/font][/color]\n[hr]\n[color=#245BA3][b][u]➥[u][/b][/color]  [img]https://alltor.me/pictures/d3d75ca660feec88e8f8cced13e429a7.png[/img] [img]https://alltor.me/pictures/4b8419beb8cff438f5a76013556a8c5e.png[/img] [img]https://alltor.me/pictures/c61e028d93e8ca640bd6ca232d397fe0.png[/img] [img]https://alltor.me/pictures/3d33242e8a4deebff4d6303219c3e55f.png[/img]\n[url=https://play.google.com/store/apps/details?id=com.agaming.hospital][img]http://img.uz/d/2018/07/5b5f529e71989.png[/img][/url][/align][hr]\n[b] [color=#245BA3]➥ Описание:[/color][/b]\n[color=#404441]Mental Hospital: Eastern Bloc - игра на андроид, в которой вы попадете в заброшенную психиатрическую больницу, и будете блуждать там в полной темноте. Вам захочется поскорее выбраться от туда, но сделать это можно будет только, после того как вы полностью исследуете всю больницу. Но вы еще не знаете что творится за этими зловещими стенами, так что быстрее ищите выход из больницы.\n[spoiler="Порядок установки:"]\n[color=darkred]1) Установить APK\n2) Скопировать папку кэша в [b]SD/ Android/obb /[/b]\nЕсли у вас нет этой папки, создайте ее при помощи любого файлового менеджера\n3) В итоге получится[/color] [b][color=darkred]SD/ Android/obb / [/color][color=red]папка_кэша[/color][color=darkred]/файлы[/color][/b]\n[color=darkred]4) Запустить приложение[/color]\n[/spoiler]\n[/color][/size][/font]\n[hr][align=center]\n[img]https://alltor.me/pictures/2ede6902f233d0863d6537cd65830648.jpg[/img]\n[/align]\n[align=center]\n[thumb]https://img.alltor.me/img/2018-10/28/535d5mxh7slv0w1a0g2p85a06.jpg[/thumb]\n[thumb]https://img.alltor.me/img/2018-10/28/fh2c3r7vlapxuf0fv7fuc802a.jpg[/thumb]\n[thumb]https://img.alltor.me/img/2018-10/28/0wfgoh06euhea63yq9xvdisj4.jpg[/thumb]\n[/align]\n[/spoiler]\n[hr]\n[spoiler="Mental Hospital II"]\n[size=28][align=center][b] [font="Georgia"][color=#245BA3]⋘ Mental Hospital II ⋙[/color][/font][/b][/align][/size]\n[hr]\n\n[img=right]https://img.alltor.me/img/2018-10/28/czm3ugm0zks1vpz76pt8bg3u4.png[/img]\n\n[font="Century Gothic"][size=13][b][color=#245BA3][u]➥ Год выпуска:[u][/color][/b] [color=#666666][font="Georgia"][b][color=#EB0005][size=17]24.02.2016[/size][/color][/b][/font][/color]\n[b][color=#245BA3][u]➥ Жанр:[u][/color][/b] [color=green][b][size=17]Хорроры[/size][/b][/color]\n[b][color=#245BA3][u]➥ Версия:[u][/color][/b] [color=#9500EB][font="Georgia"][b][size=17]v1.01.17[/size][/b][/font][/color]\n[b][color=#245BA3][u]➥ Интернет:[/u][/color][/b] [color=#666666][font="Georgia"][color=#EE1B5A][b][size=17]Нет[/size][/b][/color][/font][/color]\n[b][color=#245BA3][u]➥ Разработчик:[/u][/color][/b][color=#404441] [b][size=17]AGaming+[/size][/b][/color]\n[b][color=#245BA3][u]➥ Разрешения экрана:[/u][/color][/b] [color=#666666][color=#EB8100][b][font="Comic Sans MS"][size=17]Любое[/size][/font][/b][/color][/color]\n[b][color=#245BA3][u]➥ Системные требования:[/u][/color][/b] [color=#666666][font="Georgia"][color=#EE1B5A][b][size=17]Android 4.0+[/size][/b][/color][/font][/color]\n[b][color=#245BA3][u]➥ Язык интерфейса:[u][/color][/b] [color=#00EB02][b][size=17]RUS[/size][/b] [/color]\n[b][color=#245BA3][u]➥ Таблэтка:[u][/color][/b] [color=#4D00B8][b][size=17]Не требуется[/size][/b][/color]\n[b][color=#245BA3][u]➥ Тип установщика:[u][/color][/b] [color=#B83000][b][size=17]Apk[/size][/b][/color]\n[b][color=#245BA3][u]➥ Цена в Google Play:[u][/color][/b] [color=#666666][font="Georgia"][b][color=#EB0005][size=17]Бесплатно[/size][/color][/b][/font][/color]\n[hr]\n[color=#245BA3][b][u]➥[u][/b][/color]  [img]https://alltor.me/pictures/d3d75ca660feec88e8f8cced13e429a7.png[/img] [img]https://alltor.me/pictures/4b8419beb8cff438f5a76013556a8c5e.png[/img] [img]https://alltor.me/pictures/c61e028d93e8ca640bd6ca232d397fe0.png[/img] [img]https://alltor.me/pictures/3d33242e8a4deebff4d6303219c3e55f.png[/img]\n[url=https://play.google.com/store/apps/details?id=com.agaming.mentalhospitallite&amp;hl=en][img]http://img.uz/d/2018/07/5b5f529e71989.png[/img][/url][/align][hr]\n[b] [color=#245BA3]➥ Описание:[/color][/b]\n[color=#404441]Mental Hospital II – вторая часть захватывающего хоррора на андроид, где вам предстоит провести репортера по темным коридорам психиатрической больницы. Наш герой решил снять репортаж про заброшенную больницу и отправился исследовать ее, блуждая по мрачным комнатам и коридорам здания. Исследуйте все помещения и собирайте нужные вам ключи, чтобы открыть все двери и выбраться на свободу. Внимательно и осторожно открывайте все двери и остерегайтесь встречи с призраками и монстрами, которые преследуют героя, как только он попал в здание. Не позволяйте призракам приблизиться к репортеру и навредить ему. Для полного погружения в игру играйте в полной темноте и в наушниках.\n[spoiler="Порядок установки:"]\n[color=darkred]1) Установить APK\n2) Скопировать папку кэша в [b]SD/ Android/obb /[/b]\nЕсли у вас нет этой папки, создайте ее при помощи любого файлового менеджера\n3) В итоге получится[/color] [b][color=darkred]SD/ Android/obb / [/color][color=red]папка_кэша[/color][color=darkred]/файлы[/color][/b]\n[color=darkred]4) Запустить приложение[/color]\n[/spoiler]\n[/color][/size][/font]\n[hr][align=center]\n[img]https://alltor.me/pictures/2ede6902f233d0863d6537cd65830648.jpg[/img]\n[/align]\n[align=center]\n[thumb]https://img.alltor.me/img/2018-10/28/40fvi5vy0wfnmctyr0fhmj0g7.jpg[/thumb]\n[thumb]https://img.alltor.me/img/2018-10/28/kuipetjdy6mtqatdg8piqezpj.jpg[/thumb]\n[thumb]https://img.alltor.me/img/2018-10/28/82t89qhsyxwi8183drjdamk83.jpg[/thumb]\n[/align]\n[/spoiler]\n[hr]\n[spoiler="Mental Hospital III"]\n[size=28][align=center][b] [font="Georgia"][color=#245BA3]⋘ Mental Hospital III ⋙[/color][/font][/b][/align][/size]\n[hr]\n\n[img=right]https://img.alltor.me/img/2018-10/28/yd9lqdizt5nt0vg1tpwyjba03.png[/img]\n\n[font="Century Gothic"][size=13][b][color=#245BA3][u]➥ Год выпуска:[u][/color][/b] [color=#666666][font="Georgia"][b][color=#EB0005][size=17]27.08.2017[/size][/color][/b][/font][/color]\n[b][color=#245BA3][u]➥ Жанр:[u][/color][/b] [color=green][b][size=17]Хорроры[/size][/b][/color]\n[b][color=#245BA3][u]➥ Версия:[u][/color][/b] [color=#9500EB][font="Georgia"][b][size=17]v1.01.02[/size][/b][/font][/color]\n[b][color=#245BA3][u]➥ Интернет:[/u][/color][/b] [color=#666666][font="Georgia"][color=#EE1B5A][b][size=17]Нет[/size][/b][/color][/font][/color]\n[b][color=#245BA3][u]➥ Разработчик:[/u][/color][/b][color=#404441] [b][size=17]AGaming+[/size][/b][/color]\n[b][color=#245BA3][u]➥ Разрешения экрана:[/u][/color][/b] [color=#666666][color=#EB8100][b][font="Comic Sans MS"][size=17]Любое[/size][/font][/b][/color][/color]\n[b][color=#245BA3][u]➥ Системные требования:[/u][/color][/b] [color=#666666][font="Georgia"][color=#EE1B5A][b][size=17]Android 4.2+[/size][/b][/color][/font][/color]\n[b][color=#245BA3][u]➥ Язык интерфейса:[u][/color][/b] [color=#00EB02][b][size=17]RUS[/size][/b] [/color]\n[b][color=#245BA3][u]➥ Таблэтка:[u][/color][/b] [color=#4D00B8][b][size=17]Не требуется[/size][/b][/color]\n[b][color=#245BA3][u]➥ Тип установщика:[u][/color][/b] [color=#B83000][b][size=17]Apk[/size][/b][/color]\n[b][color=#245BA3][u]➥ Цена в Google Play:[u][/color][/b] [color=#666666][font="Georgia"][b][color=#EB0005][size=17]15р[/size][/color][/b][/font][/color]\n[hr]\n[color=#245BA3][b][u]➥[u][/b][/color]  [img]https://alltor.me/pictures/d3d75ca660feec88e8f8cced13e429a7.png[/img] [img]https://alltor.me/pictures/4b8419beb8cff438f5a76013556a8c5e.png[/img] [img]https://alltor.me/pictures/c61e028d93e8ca640bd6ca232d397fe0.png[/img] [img]https://alltor.me/pictures/3d33242e8a4deebff4d6303219c3e55f.png[/img]\n[url=https://play.google.com/store/apps/details?id=com.agaming.mentalhospitaliii][img]http://img.uz/d/2018/07/5b5f529e71989.png[/img][/url][/align][hr]\n[b] [color=#245BA3]➥ Описание:[/color][/b]\n[color=#404441]Mental Hospital III - ужасающий хоррор на Андроид, где вам предстоит исследовать всю психбольницу и найти выход из нее. История началась с того что вам как журналисту предложили снять захват больницы в которой проводятся незаконные опыты над больными. Вы сразу согласились, ведь это казалось так легко, но на деле это было не так. Ваш день не задался с самого начала, проблемы в редакции, ужасная погода и машина не хотела вас слушаться, глохла на каждом повороте, из-за этого вы опоздали. Добравшись до больницы, на месте уже ни кого не было и вы решили сами пробраться вовнутрь, чтобы хоть немножко заснять информации. Эта была плохая идея и теперь вашей задачей будет выбраться от туда живым.\n[spoiler="Порядок установки:"]\n[color=darkred]1) Установить APK\n2) Скопировать папку кэша в [b]SD/ Android/obb /[/b]\nЕсли у вас нет этой папки, создайте ее при помощи любого файлового менеджера\n3) В итоге получится[/color] [b][color=darkred]SD/ Android/obb / [/color][color=red]папка_кэша[/color][color=darkred]/файлы[/color][/b]\n[color=darkred]4) Запустить приложение[/color]\n[/spoiler]\n[/color][/size][/font]\n[hr][align=center]\n[img]https://alltor.me/pictures/2ede6902f233d0863d6537cd65830648.jpg[/img]\n[/align]\n[align=center]\n[thumb]https://img.alltor.me/img/2018-10/28/1j95nih2uxuq8oiwnywyudvre.jpg[/thumb]\n[thumb]https://img.alltor.me/img/2018-10/28/8ad5swv2upf3x7nkr4i6c5j1r.jpg[/thumb]\n[thumb]https://img.alltor.me/img/2018-10/28/8lus4zq43lmo7e0mj20gfkx0t.jpg[/thumb]\n[/align]\n[/spoiler]\n[hr]\n[spoiler="Mental Hospital IV"]\n[size=28][align=center][b] [font="Georgia"][color=#245BA3]⋘ Mental Hospital IV ⋙[/color][/font][/b][/align][/size]\n[hr]\n\n[img=right]https://img.alltor.me/img/2018-10/28/83ga5fa32cgzs3d0muaslc2nm.jpg[/img]\n\n[font="Century Gothic"][size=13][b][color=#245BA3][u]➥ Год выпуска:[u][/color][/b] [color=#666666][font="Georgia"][b][color=#EB0005][size=17]22.03.2016[/size][/color][/b][/font][/color]\n[b][color=#245BA3][u]➥ Жанр:[u][/color][/b] [color=green][b][size=17]Хорроры[/size][/b][/color]\n[b][color=#245BA3][u]➥ Версия:[u][/color][/b] [color=#9500EB][font="Georgia"][b][size=17]v1.07[/size][/b][/font][/color]\n[b][color=#245BA3][u]➥ Интернет:[/u][/color][/b] [color=#666666][font="Georgia"][color=#EE1B5A][b][size=17]Нет[/size][/b][/color][/font][/color]\n[b][color=#245BA3][u]➥ Разработчик:[/u][/color][/b][color=#404441] [b][size=17]AGaming+[/size][/b][/color]\n[b][color=#245BA3][u]➥ Разрешения экрана:[/u][/color][/b] [color=#666666][color=#EB8100][b][font="Comic Sans MS"][size=17]Любое[/size][/font][/b][/color][/color]\n[b][color=#245BA3][u]➥ Системные требования:[/u][/color][/b] [color=#666666][font="Georgia"][color=#EE1B5A][b][size=17]Android 4.0+[/size][/b][/color][/font][/color]\n[b][color=#245BA3][u]➥ Язык интерфейса:[u][/color][/b] [color=#00EB02][b][size=17]RUS[/size][/b] [/color]\n[b][color=#245BA3][u]➥ Таблэтка:[u][/color][/b] [color=#4D00B8][b][size=17]Не требуется[/size][/b][/color]\n[b][color=#245BA3][u]➥ Тип установщика:[u][/color][/b] [color=#B83000][b][size=17]Apk[/size][/b][/color]\n[b][color=#245BA3][u]➥ Цена в Google Play:[u][/color][/b] [color=#666666][font="Georgia"][b][color=#EB0005][size=17]25р[/size][/color][/b][/font][/color]\n[hr]\n[color=#245BA3][b][u]➥[u][/b][/color]  [img]https://alltor.me/pictures/d3d75ca660feec88e8f8cced13e429a7.png[/img] [img]https://alltor.me/pictures/4b8419beb8cff438f5a76013556a8c5e.png[/img] [img]https://alltor.me/pictures/c61e028d93e8ca640bd6ca232d397fe0.png[/img] [img]https://alltor.me/pictures/3d33242e8a4deebff4d6303219c3e55f.png[/img]\n[url=https://play.google.com/store/apps/details?id=com.agaming.mentalhospitaliv][img]http://img.uz/d/2018/07/5b5f529e71989.png[/img][/url][/align][hr]\n[b] [color=#245BA3]➥ Описание:[/color][/b]\n[color=#404441]Mental Hospital IV - И снова всеми любимый ужастик на андроид. Разработчики игры предлагают игроком снова окунутся в таинственную и зловещую атмосферу заброшенных зданий, прогуляться по темным коридорам и разгадать пару загадок. История этой серии игры начинается спустя некоторое время после нашумевших событий третей части этой игры. Полиция как всегда не может найти какие-либо зацепки, газеты предпочитали молчать, а нашему герою не давала покоя история, случившаяся в больнице Святого Петра. Но вскоре появилась не большая надежда разобраться во всем этом. Неизвестный человек, позвонив по телефону, сказал что у него есть важная информация и расскажет при личной встрече. И вы отправляетесь к больнице Святого Петра...\n[spoiler="Порядок установки:"]\n[color=darkred]1) Установить APK\n2) Скопировать папку кэша в [b]SD/ Android/obb /[/b]\nЕсли у вас нет этой папки, создайте ее при помощи любого файлового менеджера\n3) В итоге получится[/color] [b][color=darkred]SD/ Android/obb / [/color][color=red]папка_кэша[/color][color=darkred]/файлы[/color][/b]\n[color=darkred]4) Запустить приложение[/color]\n[/spoiler]\n[/color][/size][/font]\n[hr][align=center]\n[img]https://alltor.me/pictures/2ede6902f233d0863d6537cd65830648.jpg[/img]\n[/align]\n[align=center]\n[thumb]https://img.alltor.me/img/2018-10/28/wi27hzkmxlbyj8pesvxmfgvf6.jpg[/thumb]\n[thumb]https://img.alltor.me/img/2018-10/28/5lsyc2lkshris5646td40ilu6.jpg[/thumb]\n[thumb]https://img.alltor.me/img/2018-10/28/y1cj68ehp4jheu1mb9675y3o3.jpg[/thumb]\n[/align]\n[/spoiler]\n[hr]\n[spoiler="Mental Hospital V"]\n[size=28][align=center][b] [font="Georgia"][color=#245BA3]⋘ Mental Hospital V ⋙[/color][/font][/b][/align][/size]\n[hr]\n\n[img=right]https://img.alltor.me/img/2018-10/28/ex3ihkam7ca0ekov7uxafhfi7.png[/img]\n\n[font="Century Gothic"][size=13][b][color=#245BA3][u]➥ Год выпуска:[u][/color][/b] [color=#666666][font="Georgia"][b][color=#EB0005][size=17]21.11.2016[/size][/color][/b][/font][/color]\n[b][color=#245BA3][u]➥ Жанр:[u][/color][/b] [color=green][b][size=17]Хорроры[/size][/b][/color]\n[b][color=#245BA3][u]➥ Версия:[u][/color][/b] [color=#9500EB][font="Georgia"][b][size=17]v1.04[/size][/b][/font][/color]\n[b][color=#245BA3][u]➥ Интернет:[/u][/color][/b] [color=#666666][font="Georgia"][color=#EE1B5A][b][size=17]Нет[/size][/b][/color][/font][/color]\n[b][color=#245BA3][u]➥ Разработчик:[/u][/color][/b][color=#404441] [b][size=17]AGaming+[/size][/b][/color]\n[b][color=#245BA3][u]➥ Разрешения экрана:[/u][/color][/b] [color=#666666][color=#EB8100][b][font="Comic Sans MS"][size=17]Любое[/size][/font][/b][/color][/color]\n[b][color=#245BA3][u]➥ Системные требования:[/u][/color][/b] [color=#666666][font="Georgia"][color=#EE1B5A][b][size=17]Android 4.2+[/size][/b][/color][/font][/color]\n[b][color=#245BA3][u]➥ Язык интерфейса:[u][/color][/b] [color=#00EB02][b][size=17]RUS[/size][/b] [/color]\n[b][color=#245BA3][u]➥ Таблэтка:[u][/color][/b] [color=#4D00B8][b][size=17]Не требуется[/size][/b][/color]\n[b][color=#245BA3][u]➥ Тип установщика:[u][/color][/b] [color=#B83000][b][size=17]Apk[/size][/b][/color]\n[b][color=#245BA3][u]➥ Цена в Google Play:[u][/color][/b] [color=#666666][font="Georgia"][b][color=#EB0005][size=17]15р[/size][/color][/b][/font][/color]\n[hr]\n[color=#245BA3][b][u]➥[u][/b][/color]  [img]https://alltor.me/pictures/d3d75ca660feec88e8f8cced13e429a7.png[/img] [img]https://alltor.me/pictures/4b8419beb8cff438f5a76013556a8c5e.png[/img] [img]https://alltor.me/pictures/c61e028d93e8ca640bd6ca232d397fe0.png[/img] [img]https://alltor.me/pictures/3d33242e8a4deebff4d6303219c3e55f.png[/img]\n[url=https://play.google.com/store/apps/details?id=com.agaming.mentalhospitalV][img]http://img.uz/d/2018/07/5b5f529e71989.png[/img][/url][/align][hr]\n[b] [color=#245BA3]➥ Описание:[/color][/b]\n[color=#404441]Mental Hospital V – хоррор от первого лица на андроид, где вы будете исследовать психиатрическую лечебницу. Запутанная история этой игры начинается с того что журналист по имени Марк бесследно исчезает в психиатрической больнице, а всю группу людей участвующую в проекте находят мертвую. Для того чтобы найти Марка в больницу приезжает его брат которому выпадет непростая учесть исследовать мрачные и темные помещения здания и раскрыть все тайны. В этой игре вы узнаете, кто такая Элис и сделаете решающий выбор спасти жизнь брата или свою собственную. Найдите выход из этой пугающей и опасной ситуации и сделайте выбор.\n[spoiler="Порядок установки:"]\n[color=darkred]1) Установить APK\n2) Скопировать папку кэша в [b]SD/ Android/obb /[/b]\nЕсли у вас нет этой папки, создайте ее при помощи любого файлового менеджера\n3) В итоге получится[/color] [b][color=darkred]SD/ Android/obb / [/color][color=red]папка_кэша[/color][color=darkred]/файлы[/color][/b]\n[color=darkred]4) Запустить приложение[/color]\n[/spoiler]\n[/color][/size][/font]\n[hr][align=center]\n[img]https://alltor.me/pictures/2ede6902f233d0863d6537cd65830648.jpg[/img]\n[/align]\n[align=center]\n[thumb]https://img.alltor.me/img/2018-10/28/clh1ko7gshg7pu3t6wcn65kmu.jpg[/thumb]\n[thumb]https://img.alltor.me/img/2018-10/28/ipm6jogrv73a49sbfoq1haw4c.jpg[/thumb]\n[thumb]https://img.alltor.me/img/2018-10/28/0z8jbrsq5n1iti4qa5j0mke21.jpg[/thumb]\n[/align]\n[/spoiler]\n[hr]');
